000
CXUS53 KEAX 010836
CF6IRK
PRELIMINARY LOCAL CLIMATOLOGICAL DATA (WS FORM: F-6)
STATION: KIRKSVILLE MO
MONTH: FEBRUARY
YEAR: 2024
LATITUDE: 40 5 N
LONGITUDE: 92 33 W
TEMPERATURE IN F: :PCPN: SNOW: WIND :SUNSHINE: SKY :PK WND
================================================================================
1 2 3 4 5 6A 6B 7 8 9 10 11 12 13 14 15 16 17 18
12Z AVG MX 2MIN
DY MAX MIN AVG DEP HDD CDD WTR SNW DPTH SPD SPD DIR MIN PSBL S-S WX SPD DR
================================================================================
1 60 42 51 25 14 0 0.00 M M 6.9 12 220 M M 2 19 220
2 44 37 41 14 24 0 0.00 M M 10.7 17 100 M M 6 12 27 110
3 52 33 43 16 22 0 0.00 M M 11.5 18 90 M M 4 1 25 80
4 49 31 40 13 25 0 0.00 M M 10.4 21 30 M M 1 1 24 30
5 56 28 42 15 23 0 0.00 M M 4.5 10 20 M M 0 1 14 60
6 56 23 40 13 25 0 0.00 M M 4.6 12 140 M M 0 8 13 140
7 59 33 46 18 19 0 0.00 M M 11.2 23 140 M M 0 32 140
8 68 44 56 28 9 0 0.00 M M 16.0 33 220 M M 1 54 210
9 61 32 47 19 18 0 0.00 M M 5.8 14 360 M M 0 20 360
10 46 24 35 7 30 0 0.00 M M 6.9 17 340 M M 0 24 350
11 43 23 33 4 32 0 0.00 M M 6.5 15 30 M M 0 22 20
12 49 17 33 4 32 0 0.00 M M 4.3 15 350 M M 0 20 330
13 58 23 41 12 24 0 0.00 M M 6.3 20 30 M M 6 22 20
14 58 27 43 13 22 0 0.00 M M 10.5 18 140 M M 1 25 150
15 52 28 40 10 25 0 0.08 M M 10.4 25 330 M M 4 1 37 250
16 34 20 27 -3 38 0 0.30 M M 13.8 22 30 M M 9 128 29 350
17 26 5 16 -15 49 0 0.00 M M 11.1 22 340 M M 1 31 340
18 45 23 34 3 31 0 0.00 M M 8.1 16 240 M M 0 28 250
19 54 21 38 7 27 0 0.00 M M 6.6 16 190 M M 0 23 210
20 62 28 45 13 20 0 0.00 M M 6.8 15 220 M M 0 20 210
21 72 37 55 23 10 0 0.00 M M 7.4 15 40 M M 0 19 40
22 65 42 54 22 11 0 0.00 M M 9.5 18 30 M M 2 24 320
23 61 28 45 12 20 0 0.00 M M 12.7 26 310 M M 2 42 320
24 48 20 34 1 31 0 0.00 M M 7.3 16 170 M M 0 26 170
25 71 32 52 18 13 0 0.00 M M 6.0 13 260 M M 0 21 240
26 77 32 55 21 10 0 0.00 M M 10.0 24 180 M M 0 33 180
27 76 21 49 15 16 0 T M M 11.6 30 320 M M 1 12 45 330
28 33 13 23 -12 42 0 0.04 M M 11.6 26 310 M M 1 1 37 310
29 53 17 35 0 30 0 0.00 M M 10.9 24 190 M M 0 32 170
================================================================================
SM 1588 784 692 0 0.42 M 259.9 M 41
================================================================================
AV 54.8 27.0 9.0 FASTST M M 1 MAX(MPH)
MISC ----> 33 220 54 210
================================================================================
NOTES:
# LAST OF SEVERAL OCCURRENCES
COLUMN 17 PEAK WIND IN M.P.H.
PRELIMINARY LOCAL CLIMATOLOGICAL DATA (WS FORM: F-6) , PAGE 2
STATION: KIRKSVILLE MO
MONTH: FEBRUARY
YEAR: 2024
LATITUDE: 40 5 N
LONGITUDE: 92 33 W
[TEMPERATURE DATA] [PRECIPITATION DATA] SYMBOLS USED IN COLUMN 16
AVERAGE MONTHLY: 40.9 TOTAL FOR MONTH: 0.42 1 = FOG OR MIST
DPTR FM NORMAL: 10.8 DPTR FM NORMAL: -1.35 2 = FOG REDUCING VISIBILITY
HIGHEST: 77 ON 26 GRTST 24HR 0.30 ON 16-16 TO 1/4 MILE OR LESS
LOWEST: 5 ON 17 3 = THUNDER
SNOW, ICE PELLETS, HAIL 4 = ICE PELLETS
TOTAL MONTH: M 5 = HAIL
GRTST 24HR M ON M 6 = FREEZING RAIN OR DRIZZLE
GRTST DEPTH: M ON M 7 = DUSTSTORM OR SANDSTORM:
VSBY 1/2 MILE OR LESS
8 = SMOKE OR HAZE
[NO. OF DAYS WITH] [WEATHER - DAYS WITH] 9 = BLOWING SNOW
X = TORNADO
MAX 32 OR BELOW: 1 0.01 INCH OR MORE: 3
MAX 90 OR ABOVE: 0 0.10 INCH OR MORE: 1
MIN 32 OR BELOW: 22 0.50 INCH OR MORE: 0
MIN 0 OR BELOW: 0 1.00 INCH OR MORE: 0
[HDD (BASE 65) ]
TOTAL THIS MO. 692 CLEAR (SCALE 0-3) 24
DPTR FM NORMAL -286 PTCLDY (SCALE 4-7) 4
TOTAL FM JUL 1 3811 CLOUDY (SCALE 8-10) 1
DPTR FM NORMAL -690
[CDD (BASE 65) ]
TOTAL THIS MO. 0
DPTR FM NORMAL 0 [PRESSURE DATA]
TOTAL FM JAN 1 0 HIGHEST SLP 30.46 ON 28
DPTR FM NORMAL 0 LOWEST SLP 29.23 ON 27
[REMARKS]
#FINAL-02-24#