000
CXUS53 KEAX 031014
CLSIRK
CLIMATE REPORT
NATIONAL WEATHER SERVICE KANSAS CITY/PLEASANT HILL MO
409 AM CST FRI MAR 03 2023
...................................
...THE KIRKSVILLE MO CLIMATE SUMMARY FOR THE SEASON, FROM
12/1/2022 TO 2/28/2023...
CLIMATE NORMAL PERIOD: 1991 TO 2020
CLIMATE RECORD PERIOD: 9999 TO 9999
WEATHER OBSERVED NORMAL DEPART LAST YEAR`S
VALUE DATE(S) VALUE FROM VALUE DATE(S)
NORMAL
................................................................
TEMPERATURE (F)
HIGHEST 66 12/29 63 3 74 12/15
LOWEST -11 12/22 -5 -6 -8 01/21
12/23
AVG. MAXIMUM 41.4 37.7 3.7 40.7
AVG. MINIMUM 21.5 19.9 1.6 17.6
MEAN 31.5 28.8 2.7 29.2
DAYS MAX >= 90 0 0.0 0.0 0
DAYS MAX <= 32 21 31.8 -10.8 24
DAYS MIN <= 32 76 78.6 -2.6 80
DAYS MIN <= 0 6 6.6 -0.6 11
PRECIPITATION (INCHES)
TOTALS 7.30 5.04 2.26 3.23
DAILY AVG. 0.08 0.06 0.02 0.04
DAYS >= .01 23 23.6 -0.6 16
DAYS >= .10 12 10.9 1.1 8
DAYS >= .50 6 3.0 3.0 3
DAYS >= 1.00 3 1.0 2.0 0
GREATEST
24 HR. TOTAL 1.38 02/08 TO 02/09
DEGREE DAYS
HEATING TOTAL 2975 3260 -285 3199
COOLING TOTAL 0 0 0 0
................................................................
WIND (MPH)
AVERAGE WIND SPEED 9.7
HIGHEST WIND SPEED/DIRECTION 35/210 DATE 02/27
HIGHEST GUST SPEED/DIRECTION 55/200 DATE 01/16
SKY COVER
POSSIBLE SUNSHINE (PERCENT) MM
AVERAGE SKY COVER 0.46
NUMBER OF DAYS FAIR 41
NUMBER OF DAYS PC 21
NUMBER OF DAYS CLOUDY 28
AVERAGE RH (PERCENT) 71
WEATHER CONDITIONS. NUMBER OF DAYS WITH
THUNDERSTORM 2 MIXED PRECIP 0
HEAVY RAIN 4 RAIN 9
LIGHT RAIN 14 FREEZING RAIN 0
LT FREEZING RAIN 2 HAIL 0
HEAVY SNOW 1 SNOW 3
LIGHT SNOW 16 SLEET 0
FOG 46 FOG W/VIS <= 1/4 MILE 7
HAZE 19
- INDICATES NEGATIVE NUMBERS.
R INDICATES RECORD WAS SET OR TIED.
MM INDICATES DATA IS MISSING.
T INDICATES TRACE AMOUNT.
$$