000
CXHW53 PHFO 181250
CF6ITO
PRELIMINARY LOCAL CLIMATOLOGICAL DATA (WS FORM: F-6)
STATION: HILO HI
MONTH: APRIL
YEAR: 2024
LATITUDE: 19 43 N
LONGITUDE: 155 4 W
TEMPERATURE IN F: :PCPN: SNOW: WIND :SUNSHINE: SKY :PK WND
================================================================================
1 2 3 4 5 6A 6B 7 8 9 10 11 12 13 14 15 16 17 18
12Z AVG MX 2MIN
DY MAX MIN AVG DEP HDD CDD WTR SNW DPTH SPD SPD DIR MIN PSBL S-S WX SPD DR
================================================================================
1 81 64 73 1 0 8 0.64 M M 5.1 17 80 M M 8 1 22 90
2 80 66 73 1 0 8 0.69 M M 7.6 20 90 M M 8 1 26 110
3 78 65 72 0 0 7 1.45 M M 8.1 21 90 M M 9 1 29 90
4 75 64 70 -2 0 5 0.85 M M 7.9 21 80 M M 9 1 27 80
5 82 63 73 1 0 8 1.34 M M 6.4 15 70 M M 8 1 21 50
6 79 65 72 0 0 7 0.14 M M 9.8 30 70 M M 8 1 46 70
7 77 62 70 -2 0 5 0.46 M M 6.6 20 50 M M 8 1 25 60
8 73 64 69 -3 0 4 1.00 M M 6.0 13 250 M M 9 1 15 250
9 78 63 71 -1 0 6 0.26 M M 6.7 14 270 M M 10 18 17 250
10 79 63 71 -1 0 6 0.53 M M 6.7 14 250 M M 7 1 21 110
11 76 68 72 0 0 7 1.10 M M 4.6 14 120 M M 10 1 20 110
12 75 68 72 0 0 7 0.04 M M 5.0 13 120 M M 8 17 110
13 81 66 74 2 0 9 0.00 M M 6.3 17 120 M M 7 26 100
14 83 67 75 3 0 10 T M M 8.5 18 140 M M 3 27 140
15 82 69 76 4 0 11 0.09 M M 4.9 13 350 M M 6 1 18 20
16 80 69 75 3 0 10 0.28 M M 5.0 14 20 M M 9 1 20 20
17 80 68 74 2 0 9 0.00 M M 5.0 10 30 M M 9 21 350
================================================================================
SM 1339 1114 0 127 8.87 M 110.2 M 136
================================================================================
AV 78.8 65.5 6.5 FASTST M M 8 MAX(MPH)
MISC ----> 30 70 46 70
================================================================================
NOTES:
# LAST OF SEVERAL OCCURRENCES
COLUMN 17 PEAK WIND IN M.P.H.
PRELIMINARY LOCAL CLIMATOLOGICAL DATA (WS FORM: F-6) , PAGE 2
STATION: HILO HI
MONTH: APRIL
YEAR: 2024
LATITUDE: 19 43 N
LONGITUDE: 155 4 W
[TEMPERATURE DATA] [PRECIPITATION DATA] SYMBOLS USED IN COLUMN 16
AVERAGE MONTHLY: 72.1 TOTAL FOR MONTH: 8.87 1 = FOG OR MIST
DPTR FM NORMAL: 0.1 DPTR FM NORMAL: 3.12 2 = FOG REDUCING VISIBILITY
HIGHEST: 83 ON 14 GRTST 24HR 2.03 ON 2- 3 TO 1/4 MILE OR LESS
LOWEST: 62 ON 7 3 = THUNDER
SNOW, ICE PELLETS, HAIL 4 = ICE PELLETS
TOTAL MONTH: M 5 = HAIL
GRTST 24HR M ON M 6 = FREEZING RAIN OR DRIZZLE
GRTST DEPTH: M ON M 7 = DUSTSTORM OR SANDSTORM:
VSBY 1/2 MILE OR LESS
8 = SMOKE OR HAZE
[NO. OF DAYS WITH] [WEATHER - DAYS WITH] 9 = BLOWING SNOW
X = TORNADO
MAX 32 OR BELOW: 0 0.01 INCH OR MORE: 14
MAX 90 OR ABOVE: 0 0.10 INCH OR MORE: 12
MIN 32 OR BELOW: 0 0.50 INCH OR MORE: 8
MIN 0 OR BELOW: 0 1.00 INCH OR MORE: 4
[HDD (BASE 65) ]
TOTAL THIS MO. 0 CLEAR (SCALE 0-3) 1
DPTR FM NORMAL 0 PTCLDY (SCALE 4-7) 9
TOTAL FM JUL 1 0 CLOUDY (SCALE 8-10) 7
DPTR FM NORMAL 0
[CDD (BASE 65) ]
TOTAL THIS MO. 127
DPTR FM NORMAL 5 [PRESSURE DATA]
TOTAL FM JAN 1 781 HIGHEST SLP M ON M
DPTR FM NORMAL 74 LOWEST SLP 29.84 ON 15
[REMARKS]