000
CXHW53 PHFO 011250
CF6ITO
PRELIMINARY LOCAL CLIMATOLOGICAL DATA (WS FORM: F-6)
STATION: HILO HI
MONTH: AUGUST
YEAR: 2021
LATITUDE: 19 43 N
LONGITUDE: 155 4 W
TEMPERATURE IN F: :PCPN: SNOW: WIND :SUNSHINE: SKY :PK WND
================================================================================
1 2 3 4 5 6A 6B 7 8 9 10 11 12 13 14 15 16 17 18
12Z AVG MX 2MIN
DY MAX MIN AVG DEP HDD CDD WTR SNW DPTH SPD SPD DIR MIN PSBL S-S WX SPD DR
================================================================================
1 85 72 79 2 0 14 0.05 M M 7.3 18 60 M M 8 1 23 50
2 82 70 76 -1 0 11 0.54 M M 6.6 20 60 M M 9 18 23 70
3 84 70 77 0 0 12 0.53 M M 7.9 17 80 M M 9 18 23 90
4 83 70 77 0 0 12 0.93 M M 7.7 21 80 M M 9 18 26 80
5 85 70 78 1 0 13 0.15 M M 7.1 17 60 M M 8 18 23 70
6 84 73 79 2 0 14 0.56 M M 7.1 17 70 M M 10 1 22 60
7 84 73 79 2 0 14 T M M 7.2 14 30 M M 8 18 30
8 84 70 77 0 0 12 0.01 M M 6.8 16 50 M M 8 18 60
9 85 69 77 0 0 12 0.29 M M 6.4 14 50 M M 7 1 19 360
10 85 73 79 2 0 14 0.88 M M 4.9 13 40 M M 9 18 16 30
11 85 72 79 2 0 14 0.68 M M 6.4 15 70 M M 9 1 19 80
12 85 70 78 1 0 13 0.14 M M 6.5 15 40 M M 7 1 19 40
13 85 72 79 2 0 14 0.18 M M 5.8 13 30 M M 7 18 15 40
14 85 71 78 1 0 13 0.12 M M 7.4 13 60 M M 6 1 15 60
15 84 70 77 0 0 12 0.05 M M 6.2 14 60 M M 7 1 17 40
16 86 68 77 0 0 12 0.00 M M 6.7 16 100 M M 6 19 120
17 87 67 77 0 0 12 0.00 M M 6.3 15 80 M M 3 21 110
18 85 70 78 1 0 13 0.06 M M 5.8 12 100 M M 6 18 16 220
19 87 71 79 2 0 14 0.04 M M 6.6 17 90 M M 6 1 19 90
20 86 71 79 2 0 14 0.01 M M 7.4 16 40 M M 7 1 19 50
21 87 73 80 3 0 15 0.09 M M 8.2 17 10 M M 7 1 22 30
22 86 74 80 3 0 15 0.29 M M 9.2 22 10 M M 7 1 32 360
23 85 73 79 2 0 14 0.24 M M 7.8 20 120 M M 6 18 25 120
24 85 73 79 2 0 14 0.16 M M 6.7 16 60 M M 9 1 20 70
25 83 69 76 -1 0 11 0.14 M M 6.9 15 60 M M 9 18 19 70
26 84 69 77 0 0 12 0.34 M M 6.4 16 90 M M 8 1 20 160
27 83 70 77 0 0 12 0.70 M M 5.6 13 270 M M 9 1 14 270
28 85 68 77 0 0 12 0.16 M M 6.7 13 40 M M 4 1 17 30
29 86 68 77 0 0 12 T M M 6.1 14 30 M M 6 1 19 40
30 85 68 77 0 0 12 0.00 M M 5.8 12 40 M M 5 16 30
31 86 68 77 0 0 12 0.00 M M 6.7 14 80 M M 4 17 80
================================================================================
SM 2631 2185 0 400 7.34 M 210.2 M 223
================================================================================
AV 84.9 70.5 6.8 FASTST M M 7 MAX(MPH)
MISC ----> 22 10 32 360
================================================================================
NOTES:
# LAST OF SEVERAL OCCURRENCES
COLUMN 17 PEAK WIND IN M.P.H.
PRELIMINARY LOCAL CLIMATOLOGICAL DATA (WS FORM: F-6) , PAGE 2
STATION: HILO HI
MONTH: AUGUST
YEAR: 2021
LATITUDE: 19 43 N
LONGITUDE: 155 4 W
[TEMPERATURE DATA] [PRECIPITATION DATA] SYMBOLS USED IN COLUMN 16
AVERAGE MONTHLY: 77.7 TOTAL FOR MONTH: 7.34 1 = FOG OR MIST
DPTR FM NORMAL: 1.1 DPTR FM NORMAL: -3.96 2 = FOG REDUCING VISIBILITY
HIGHEST: 87 ON 21,19 GRTST 24HR 1.21 ON 3- 4 TO 1/4 MILE OR LESS
LOWEST: 67 ON 17 3 = THUNDER
SNOW, ICE PELLETS, HAIL 4 = ICE PELLETS
TOTAL MONTH: M 5 = HAIL
GRTST 24HR M ON M 6 = FREEZING RAIN OR DRIZZLE
GRTST DEPTH: M ON M 7 = DUSTSTORM OR SANDSTORM:
VSBY 1/2 MILE OR LESS
8 = SMOKE OR HAZE
[NO. OF DAYS WITH] [WEATHER - DAYS WITH] 9 = BLOWING SNOW
X = TORNADO
MAX 32 OR BELOW: 0 0.01 INCH OR MORE: 25
MAX 90 OR ABOVE: 0 0.10 INCH OR MORE: 18
MIN 32 OR BELOW: 0 0.50 INCH OR MORE: 7
MIN 0 OR BELOW: 0 1.00 INCH OR MORE: 0
[HDD (BASE 65) ]
TOTAL THIS MO. 0 CLEAR (SCALE 0-3) 0
DPTR FM NORMAL 0 PTCLDY (SCALE 4-7) 19
TOTAL FM JUL 1 0 CLOUDY (SCALE 8-10) 12
DPTR FM NORMAL 0
[CDD (BASE 65) ]
TOTAL THIS MO. 400
DPTR FM NORMAL 39 [PRESSURE DATA]
TOTAL FM JAN 1 2463 HIGHEST SLP 30.17 ON 6
DPTR FM NORMAL 352 LOWEST SLP 29.83 ON 22
[REMARKS]
#FINAL-08-21#