000
CXUS53 KIWX 011528
CF6IWX
PRELIMINARY LOCAL CLIMATOLOGICAL DATA (WS FORM: F-6)
STATION: NORTH WEBSTER WFO
MONTH: FEBRUARY
YEAR: 2022
LATITUDE: 41 21 N
LONGITUDE: 85 42 W
TEMPERATURE IN F: :PCPN: SNOW: WIND :SUNSHINE: SKY :PK WND
================================================================================
1 2 3 4 5 6A 6B 7 8 9 10 11 12 13 14 15 16 17 18
12Z AVG MX 2MIN
DY MAX MIN AVG DEP HDD CDD WTR SNW DPTH SPD SPD DIR MIN PSBL S-S WX SPD DR
================================================================================
1 48 25 37 12 28 0 0.20 0.0 1 M M M M M M M M
2 39 20 30 5 35 0 0.88 9.7 T M M M M M M 12 M M
3 20 13 17 -8 48 0 0.22 4.4 10 M M M M M M 9 M M
4 20 4 12 -13 53 0 0.01 0.3 10 M M M M M M M M
5 19 4 12 -14 53 0 0.01 0.2 10 M M M M M M M M
6 31 13 22 -4 43 0 0.00 0.0 9 M M M M M M M M
7 26 15 21 -5 44 0 T 0.2 8 M M M M M M 6 M M
8 34 7 21 -5 44 0 T T 8 M M M M M M M M
9 40 32 36 10 29 0 T T 7 M M M M M M M M
10 34 26 30 3 35 0 0.01 T 6 M M M M M M M M
11 38 27 33 6 32 0 0.39 T 6 M M M M M M 4 M M
12 30 14 22 -5 43 0 0.02 0.5 5 M M M M M M M M
13 18 6 12 -15 53 0 0.01 0.2 5 M M M M M M M M
14 20 7 14 -14 51 0 0.00 0.0 5 M M M M M M M M
15 35 8 22 -6 43 0 0.00 0.0 5 M M M M M M M M
16 51 34 43 15 22 0 0.24 0.0 3 M M M M M M M M
17 47 20 34 6 31 0 1.73 3.2 0 M M M M M M 146 M M
18 29 14 22 -7 43 0 T 0.2 3 M M M M M M M M
19 30 11 21 -8 44 0 T 0.1 2 M M M M M M M M
20 45 12 29 0 36 0 0.00 0.0 2 M M M M M M M M
21 55 37 46 16 19 0 0.00 0.0 T M M M M M M M M
22 56 26 41 11 24 0 0.19 0.0 0 M M M M M M 6 M M
23 26 21 24 -6 41 0 T T 0 M M M M M M M M
24 27 20 24 -6 41 0 0.08 0.7 0 M M M M M M M M
25 29 15 22 -9 43 0 0.03 0.2 1 M M M M M M M M
26 30 16 23 -8 42 0 T 0.1 T M M M M M M M M
27 43 23 33 1 32 0 0.00 0.0 T M M M M M M M M
28 46 21 34 2 31 0 0.00 0.0 0 M M M M M M M M
================================================================================
SM 966 491 1083 0 4.02 20.0 M M M
================================================================================
AV 34.5 17.5 M FASTST M M M MAX(MPH)
MISC ----> M M M M
================================================================================
NOTES:
# LAST OF SEVERAL OCCURRENCES
COLUMN 17 PEAK WIND IN M.P.H.
PRELIMINARY LOCAL CLIMATOLOGICAL DATA (WS FORM: F-6) , PAGE 2
STATION: NORTH WEBSTER WFO
MONTH: FEBRUARY
YEAR: 2022
LATITUDE: 41 21 N
LONGITUDE: 85 42 W
[TEMPERATURE DATA] [PRECIPITATION DATA] SYMBOLS USED IN COLUMN 16
AVERAGE MONTHLY: 26.0 TOTAL FOR MONTH: 4.02 1 = FOG OR MIST
DPTR FM NORMAL: -2.0 DPTR FM NORMAL: 1.71 2 = FOG REDUCING VISIBILITY
HIGHEST: 56 ON 22 GRTST 24HR 1.73 ON 17-17 TO 1/4 MILE OR LESS
LOWEST: 4 ON 5, 4 3 = THUNDER
SNOW, ICE PELLETS, HAIL 4 = ICE PELLETS
TOTAL MONTH: 20.0 INCHES 5 = HAIL
GRTST 24HR 9.7 ON 2- 2 6 = FREEZING RAIN OR DRIZZLE
GRTST DEPTH: 10 ON 3, 5 7 = DUSTSTORM OR SANDSTORM:
VSBY 1/2 MILE OR LESS
8 = SMOKE OR HAZE
[NO. OF DAYS WITH] [WEATHER - DAYS WITH] 9 = BLOWING SNOW
X = TORNADO
MAX 32 OR BELOW: 14 0.01 INCH OR MORE: 14
MAX 90 OR ABOVE: 0 0.10 INCH OR MORE: 7
MIN 32 OR BELOW: 26 0.50 INCH OR MORE: 2
MIN 0 OR BELOW: 0 1.00 INCH OR MORE: 1
[HDD (BASE 65) ]
TOTAL THIS MO. 1083 CLEAR (SCALE 0-3) 0
DPTR FM NORMAL 46 PTCLDY (SCALE 4-7) 0
TOTAL FM JUL 1 4350 CLOUDY (SCALE 8-10) 28
DPTR FM NORMAL -269
[CDD (BASE 65) ]
TOTAL THIS MO. 0
DPTR FM NORMAL 0 [PRESSURE DATA]
TOTAL FM JAN 1 0 HIGHEST SLP M ON M
DPTR FM NORMAL 0 LOWEST SLP M ON M
[REMARKS]
#FINAL-02-22#
QC OF PRECIPITATION DATA.