000
CXUS55 KRIW 011859
CF6JAC
PRELIMINARY LOCAL CLIMATOLOGICAL DATA (WS FORM: F-6)
STATION: JACKSON WY
MONTH: MARCH
YEAR: 2024
LATITUDE: 43 35 N
LONGITUDE: 110 44 W
TEMPERATURE IN F: :PCPN: SNOW: WIND :SUNSHINE: SKY :PK WND
================================================================================
1 2 3 4 5 6A 6B 7 8 9 10 11 12 13 14 15 16 17 18
12Z AVG MX 2MIN
DY MAX MIN AVG DEP HDD CDD WTR SNW DPTH SPD SPD DIR MIN PSBL S-S WX SPD DR
================================================================================
1 36 28 32 10 33 0 M M M 12.6 30 200 M M 10 12 35 200
2 M M M M M M M M M M M M M M M M M
3 M M M M M M M M M M M M M M M M M
4 M M M M M M M M M M M M M M M M M
5 M M M M M M M M M 12.0 17 230 M M 9 M M
6 M M M M M M M M M 14.9 21 170 M M 9 1 35 250
7 35 6 21 -3 44 0 M M M 8.0 13 20 M M 4 1 M M
8 26 -5 11 -14 54 0 M M M 4.9 10 20 M M 0 M M
9 27 -8 10 -15 55 0 M M M 4.7 9 200 M M 0 M M
10 41 2 22 -3 43 0 M M M 8.6 17 200 M M 0 M M
11 40 14 27 1 38 0 M M M 8.9 18 200 M M 6 M M
12 37 27 32 6 33 0 M M M 10.2 20 190 M M 8 1 M M
13 35 16 26 0 39 0 M M M 8.2 23 30 M M 7 1 18 300
14 40 23 32 5 33 0 M M M 16.4 22 30 M M 5 25 20
15 40 14 27 0 38 0 M M M 13.1 23 20 M M 0 31 30
16 47 19 33 5 32 0 M M M 9.6 25 20 M M 1 M M
17 46 21 34 6 31 0 M M M 9.0 18 10 M M 2 M M
18 44 15 30 2 35 0 M M M 5.3 9 30 M M 0 M M
19 45 15 30 2 35 0 M M M 4.7 13 20 M M 0 M M
20 46 15 31 2 34 0 M M M 5.8 13 250 M M 2 M M
21 43 26 35 6 30 0 M M M 10.0 23 280 M M 7 36 230
22 45 24 35 5 30 0 M M M 5.3 12 230 M M 5 M M
23 42 26 34 4 31 0 M M M 6.7 16 210 M M 9 1 M M
24 35 19 27 -3 38 0 M M M 10.2 22 30 M M 8 1 M M
25 36 9 23 -7 42 0 M M M 5.6 15 230 M M 6 1 M M
26 35 10 23 -8 42 0 M M M 6.9 16 200 M M 7 18 M M
27 35 16 26 -5 39 0 M M M 10.5 21 200 M M 9 1 24 230
28 35 21 28 -3 37 0 M M M 12.6 20 200 M M 8 18 31 190
29 40 12 26 -6 39 0 M M M 7.0 15 20 M M 4 M M
30 36 18 27 -5 38 0 M M M 5.3 12 30 M M 7 1 M M
31 39 28 34 2 31 0 M M M 7.4 13 20 M M 10 1 M M
================================================================================
SM 1006 411 974 0 M M 244.4 M 143
================================================================================
AV 38.7 15.8 8.7 FASTST M M 5 MAX(MPH)
MISC ----> 30 200 36 230
================================================================================
NOTES:
# LAST OF SEVERAL OCCURRENCES
COLUMN 17 PEAK WIND IN M.P.H.
PRELIMINARY LOCAL CLIMATOLOGICAL DATA (WS FORM: F-6) , PAGE 2
STATION: JACKSON WY
MONTH: MARCH
YEAR: 2024
LATITUDE: 43 35 N
LONGITUDE: 110 44 W
[TEMPERATURE DATA] [PRECIPITATION DATA] SYMBOLS USED IN COLUMN 16
AVERAGE MONTHLY: 27.3 TOTAL FOR MONTH: M 1 = FOG OR MIST
DPTR FM NORMAL: -0.1 DPTR FM NORMAL: M 2 = FOG REDUCING VISIBILITY
HIGHEST: 47 ON 16 GRTST 24HR 0.03 ON 6- 7 TO 1/4 MILE OR LESS
LOWEST: -8 ON 9 3 = THUNDER
SNOW, ICE PELLETS, HAIL 4 = ICE PELLETS
TOTAL MONTH: M 5 = HAIL
GRTST 24HR M ON M 6 = FREEZING RAIN OR DRIZZLE
GRTST DEPTH: M ON M 7 = DUSTSTORM OR SANDSTORM:
VSBY 1/2 MILE OR LESS
8 = SMOKE OR HAZE
[NO. OF DAYS WITH] [WEATHER - DAYS WITH] 9 = BLOWING SNOW
X = TORNADO
MAX 32 OR BELOW: 2 0.01 INCH OR MORE: 0
MAX 90 OR ABOVE: 0 0.10 INCH OR MORE: 0
MIN 32 OR BELOW: 26 0.50 INCH OR MORE: 0
MIN 0 OR BELOW: 2 1.00 INCH OR MORE: 0
[HDD (BASE 65) ]
TOTAL THIS MO. 974 CLEAR (SCALE 0-3) 9
DPTR FM NORMAL -193 PTCLDY (SCALE 4-7) 12
TOTAL FM JUL 1 7181 CLOUDY (SCALE 8-10) 10
DPTR FM NORMAL -1110
[CDD (BASE 65) ]
TOTAL THIS MO. 0
DPTR FM NORMAL 0 [PRESSURE DATA]
TOTAL FM JAN 1 0 HIGHEST SLP 30.67 ON 9
DPTR FM NORMAL 0 LOWEST SLP 29.46 ON 24
[REMARKS]
#FINAL-03-24#