000
CXUS54 KJAN 012216
CF6JAN
PRELIMINARY LOCAL CLIMATOLOGICAL DATA (WS FORM: F-6)
STATION: JACKSON
MONTH: JULY
YEAR: 2023
LATITUDE: 32 19 N
LONGITUDE: 90 5 W
TEMPERATURE IN F: :PCPN: SNOW: WIND :SUNSHINE: SKY :PK WND
================================================================================
1 2 3 4 5 6A 6B 7 8 9 10 11 12 13 14 15 16 17 18
12Z AVG MX 2MIN
DY MAX MIN AVG DEP HDD CDD WTR SNW DPTH SPD SPD DIR MIN PSBL S-S WX SPD DR
================================================================================
1 97 75 86 4 0 21 0.00 0.0 0 4.7 12 220 M M 2 18 17 260
2 95 77 86 4 0 21 0.00 0.0 0 7.2 15 170 M M 3 18 20 170
3 93 76 85 3 0 20 0.00 0.0 0 6.5 20 20 M M 5 8 25 10
4 96 74 85 3 0 20 0.82 0.0 0 7.4 17 90 M M 5 13 24 100
5 93 74 84 2 0 19 0.20 0.0 0 5.0 18 20 M M 5 13 24 10
6 93 74 84 2 0 19 0.13 0.0 0 4.8 24 10 M M 3 13 33 20
7 91 74 83 1 0 18 0.00 0.0 0 3.0 12 260 M M 4 18 250
8 94 75 85 3 0 20 0.20 0.0 0 5.9 24 270 M M 2 13 35 280
9 88 75 82 0 0 17 0.38 0.0 0 5.7 31 300 M M 6 138 43 300
10 89 73 81 -1 0 16 T 0.0 0 4.3 10 350 M M 6 13 360
11 91 73 82 0 0 17 T 0.0 0 3.8 20 270 M M 6 3 26 260
12 93 74 84 2 0 19 0.04 0.0 0 5.8 16 140 M M 5 3 22 140
13 92 78 85 3 0 20 0.00 0.0 0 6.3 15 230 M M 6 20 220
14 94 78 86 4 0 21 0.00 0.0 0 5.2 12 310 M M 4 19 310
15 94 74 84 2 0 19 0.54 0.0 0 7.0 25 350 M M 4 13 36 340
16 94 73 84 2 0 19 T 0.0 0 3.3 14 200 M M 3 3 18 210
17 96 74 85 3 0 20 0.00 0.0 0 3.3 10 160 M M 0 14 180
18 97 75 86 4 0 21 0.00 0.0 0 4.3 12 160 M M 1 17 210
19 98 80 89 7 0 24 0.00 0.0 0 5.8 13 230 M M 2 18 270
20 94 80 87 5 0 22 0.00 0.0 0 5.6 14 220 M M 3 19 240
21 97 78 88 6 0 23 0.00 0.0 0 3.8 14 270 M M 1 19 270
22 92 76 84 2 0 19 0.00 0.0 0 6.2 15 360 M M 5 20 350
23 90 70 80 -2 0 15 0.00 0.0 0 6.0 17 30 M M 1 23 30
24 95 67 81 -1 0 16 0.00 0.0 0 3.5 13 340 M M 1 18 330
25 97 71 84 2 0 19 0.00 0.0 0 3.5 9 180 M M 1 13 200
26 98 72 85 3 0 20 0.00 0.0 0 3.9 12 140 M M 1 14 10
27 100 72 86 4 0 21 0.00 0.0 0 2.0 10 170 M M 1 18 18 160
28 101 74 88 6 0 23 T 0.0 0 2.6 38 40 M M 4 13 54 30
29 99 76 88 6 0 23 0.00 0.0 0 3.7 18 350 M M 2 3 23 350
30 100 75 88 6 0 23 0.02 0.0 0 4.3 13 310 M M 1 3 19 260
31 99 74 87 5 0 22 0.00 0.0 0 3.7 13 10 M M 2 17 340
================================================================================
SM 2940 2311 0 617 2.33 0.0 148.1 M 95
================================================================================
AV 94.8 74.5 4.8 FASTST M M 3 MAX(MPH)
MISC ----> 38 40 54 30
================================================================================
NOTES:
# LAST OF SEVERAL OCCURRENCES
COLUMN 17 PEAK WIND IN M.P.H.
PRELIMINARY LOCAL CLIMATOLOGICAL DATA (WS FORM: F-6) , PAGE 2
STATION: JACKSON
MONTH: JULY
YEAR: 2023
LATITUDE: 32 19 N
LONGITUDE: 90 5 W
[TEMPERATURE DATA] [PRECIPITATION DATA] SYMBOLS USED IN COLUMN 16
AVERAGE MONTHLY: 84.7 TOTAL FOR MONTH: 2.33 1 = FOG OR MIST
DPTR FM NORMAL: 2.6 DPTR FM NORMAL: -2.69 2 = FOG REDUCING VISIBILITY
HIGHEST: 101 ON 28 GRTST 24HR 0.82 ON 4- 4 TO 1/4 MILE OR LESS
LOWEST: 67 ON 24 3 = THUNDER
SNOW, ICE PELLETS, HAIL 4 = ICE PELLETS
TOTAL MONTH: 0.0 INCH 5 = HAIL
GRTST 24HR 0.0 6 = FREEZING RAIN OR DRIZZLE
GRTST DEPTH: 0 7 = DUSTSTORM OR SANDSTORM:
VSBY 1/2 MILE OR LESS
8 = SMOKE OR HAZE
[NO. OF DAYS WITH] [WEATHER - DAYS WITH] 9 = BLOWING SNOW
X = TORNADO
MAX 32 OR BELOW: 0 0.01 INCH OR MORE: 8
MAX 90 OR ABOVE: 29 0.10 INCH OR MORE: 6
MIN 32 OR BELOW: 0 0.50 INCH OR MORE: 2
MIN 0 OR BELOW: 0 1.00 INCH OR MORE: 0
[HDD (BASE 65) ]
TOTAL THIS MO. 0 CLEAR (SCALE 0-3) 17
DPTR FM NORMAL 0 PTCLDY (SCALE 4-7) 14
TOTAL FM JUL 1 0 CLOUDY (SCALE 8-10) 0
DPTR FM NORMAL 0
[CDD (BASE 65) ]
TOTAL THIS MO. 617
DPTR FM NORMAL 85 [PRESSURE DATA]
TOTAL FM JAN 1 1642 HIGHEST SLP 30.18 ON 25
DPTR FM NORMAL 276 LOWEST SLP 29.85 ON 13
[REMARKS]
#FINAL-07-23#