000
CXUS54 KSJT 011000
CF6JCT
PRELIMINARY LOCAL CLIMATOLOGICAL DATA (WS FORM: F-6)
STATION: JUNCTION
MONTH: SEPTEMBER
YEAR: 2023
LATITUDE: 30 18 N
LONGITUDE: 99 28 W
TEMPERATURE IN F: :PCPN: SNOW: WIND :SUNSHINE: SKY :PK WND
================================================================================
1 2 3 4 5 6A 6B 7 8 9 10 11 12 13 14 15 16 17 18
12Z AVG MX 2MIN
DY MAX MIN AVG DEP HDD CDD WTR SNW DPTH SPD SPD DIR MIN PSBL S-S WX SPD DR
================================================================================
1 102 70 86 6 0 21 0.00 0.0 M 4.0 14 180 M M 1 20 220
2 101 68 85 5 0 20 0.00 M M 4.0 12 130 M M 1 8 17 130
3 101 73 87 7 0 22 0.00 M M 5.5 15 170 M M 0 23 130
4 101 73 87 7 0 22 0.00 0.0 0 8.4 20 160 M M 0 28 160
5 103 77 90 11 0 25 0.00 0.0 0 8.8 21 180 M M 0 31 170
6 103 77 90 11 0 25 0.00 0.0 0 5.6 15 160 M M 1 22 170
7 104 76 90 11 0 25 0.00 M M 3.7 14 180 M M 1 8 20 220
8 106 70 88 9 0 23 0.00 0.0 0 4.5 18 210 M M 0 26 210
9 104 75 90 12 0 25 T M M 5.5 30 70 M M 1 3 42 50
10 101 67 84 6 0 19 0.00 0.0 0 6.3 22 170 M M 1 3 33 190
11 97 71 84 6 0 19 T 0.0 0 8.5 22 10 M M 1 30 20
12 81 66 74 -4 0 9 0.71 0.0 0 7.5 33 10 M M 6 13 45 300
13 80 69 75 -2 0 10 0.08 0.0 0 5.5 13 50 M M 7 13 15 50
14 97 69 83 6 0 18 0.63 0.0 0 5.9 24 60 M M 3 13 31 50
15 85 68 77 0 0 12 0.55 0.0 0 4.7 17 310 M M 3 13 25 310
16 79 66 73 -3 0 8 0.25 0.0 0 4.6 20 350 M M 3 13 29 340
17 90 63 77 1 0 12 0.00 0.0 0 2.7 12 20 M M 2 17 10
18 93 64 79 3 0 14 0.00 0.0 0 4.3 13 210 M M 1 19 200
19 94 69 82 6 0 17 0.00 0.0 0 7.7 15 170 M M 0 25 190
20 98 71 85 9 0 20 0.00 0.0 0 7.2 16 190 M M 0 25 210
21 97 71 84 9 0 19 0.00 0.0 0 5.2 16 160 M M 0 20 140
22 98 73 86 11 0 21 0.00 0.0 0 6.8 16 200 M M 0 23 200
23 101 75 88 13 0 23 0.00 0.0 0 7.2 16 190 M M 0 27 210
24 103 73 88 14 0 23 0.44 0.0 0 7.0 22 80 M M 1 13 30 210
25 87 70 79 5 0 14 2.19 0.0 0 7.0 22 120 M M 4 13 35 270
26 92 68 80 6 0 15 0.00 0.0 0 1.6 9 150 M M 1 1 14 80
27 91 67 79 5 0 14 T 0.0 0 2.8 23 60 M M 1 13 30 60
28 93 65 79 6 0 14 0.00 0.0 0 3.9 15 150 M M 1 22 140
29 92 69 81 8 0 16 0.00 0.0 0 5.2 20 160 M M 0 29 150
30 92 70 81 8 0 16 0.00 0.0 0 7.0 16 160 M M 3 23 170
================================================================================
SM 2866 2103 0 541 4.85 0.0 168.6 M 43
================================================================================
AV 95.5 70.1 5.6 FASTST M M 1 MAX(MPH)
MISC ----> 33 10 45 300
================================================================================
NOTES:
# LAST OF SEVERAL OCCURRENCES
COLUMN 17 PEAK WIND IN M.P.H.
PRELIMINARY LOCAL CLIMATOLOGICAL DATA (WS FORM: F-6) , PAGE 2
STATION: JUNCTION
MONTH: SEPTEMBER
YEAR: 2023
LATITUDE: 30 18 N
LONGITUDE: 99 28 W
[TEMPERATURE DATA] [PRECIPITATION DATA] SYMBOLS USED IN COLUMN 16
AVERAGE MONTHLY: 82.8 TOTAL FOR MONTH: 4.85 1 = FOG OR MIST
DPTR FM NORMAL: 6.2 DPTR FM NORMAL: 2.44 2 = FOG REDUCING VISIBILITY
HIGHEST: 106 ON 8 GRTST 24HR 2.63 ON 24-25 TO 1/4 MILE OR LESS
LOWEST: 63 ON 17 3 = THUNDER
SNOW, ICE PELLETS, HAIL 4 = ICE PELLETS
TOTAL MONTH: 0.0 INCH 5 = HAIL
GRTST 24HR 0.0 6 = FREEZING RAIN OR DRIZZLE
GRTST DEPTH: 0 7 = DUSTSTORM OR SANDSTORM:
VSBY 1/2 MILE OR LESS
8 = SMOKE OR HAZE
[NO. OF DAYS WITH] [WEATHER - DAYS WITH] 9 = BLOWING SNOW
X = TORNADO
MAX 32 OR BELOW: 0 0.01 INCH OR MORE: 7
MAX 90 OR ABOVE: 25 0.10 INCH OR MORE: 6
MIN 32 OR BELOW: 0 0.50 INCH OR MORE: 4
MIN 0 OR BELOW: 0 1.00 INCH OR MORE: 1
[HDD (BASE 65) ]
TOTAL THIS MO. 0 CLEAR (SCALE 0-3) 27
DPTR FM NORMAL -3 PTCLDY (SCALE 4-7) 3
TOTAL FM JUL 1 0 CLOUDY (SCALE 8-10) 0
DPTR FM NORMAL 0
[CDD (BASE 65) ]
TOTAL THIS MO. 541
DPTR FM NORMAL 190 [PRESSURE DATA]
TOTAL FM JAN 1 3191 HIGHEST SLP 30.11 ON 16
DPTR FM NORMAL 731 LOWEST SLP 29.66 ON 4
[REMARKS]
#FINAL-09-23#