000
CXUS55 KGGW 010810
CF6JDN
PRELIMINARY LOCAL CLIMATOLOGICAL DATA (WS FORM: F-6)
STATION: JORDAN ASOS MT
MONTH: MAY
YEAR: 2022
LATITUDE: 47 19 N
LONGITUDE: 106 50 W
TEMPERATURE IN F: :PCPN: SNOW: WIND :SUNSHINE: SKY :PK WND
================================================================================
1 2 3 4 5 6A 6B 7 8 9 10 11 12 13 14 15 16 17 18
12Z AVG MX 2MIN
DY MAX MIN AVG DEP HDD CDD WTR SNW DPTH SPD SPD DIR MIN PSBL S-S WX SPD DR
================================================================================
1 64 39 52 4 13 0 0.00 M M 9.4 18 120 M M 0 27 110
2 66 36 51 2 14 0 0.00 M M 13.8 26 140 M M 0 38 150
3 64 44 54 5 11 0 0.00 M M 10.8 24 110 M M 0 32 120
4 75 39 57 8 8 0 0.00 M M 2.2 10 210 M M 0 12 220
5 82 43 63 13 2 0 0.00 M M 9.0 20 160 M M 0 30 190
6 80 55 68 18 0 3 0.00 M M 11.8 38 240 M M 0 64 230
7 68 42 55 5 10 0 0.00 M M 12.1 36 280 M M 0 48 280
8 63 38 51 0 14 0 0.00 M M 6.3 23 230 M M 0 29 240
9 63 41 52 1 13 0 0.00 M M 13.5 28 220 M M 0 38 290
10 68 32 50 -2 15 0 0.00 M M 9.0 23 240 M M 0 35 230
11 67 40 54 2 11 0 0.00 M M 7.2 20 90 M M 0 28 90
12 52 49 51 -1 14 0 0.41 M M 13.2 26 330 M M 0 33 330
13 66 43 55 3 10 0 0.32 M M 18.0 32 330 M M 0 52 310
14 68 41 55 2 10 0 0.00 M M 14.4 26 270 M M 0 36 280
15 74 44 59 6 6 0 0.00 M M 8.8 21 270 M M 0 28 260
16 79 51 65 11 0 0 0.00 M M 4.0 14 10 M M 0 17 340
17 77 48 63 9 2 0 0.00 M M 11.1 22 310 M M 0 31 320
18 71 47 59 5 6 0 0.00 M M 11.2 29 290 M M 0 42 290
19 63 37 50 -5 15 0 0.11 M M 25.7 41 290 M M 0 62 290
20 51 36 44 -11 21 0 0.09 M M 16.7 31 320 M M 0 42 320
21 52 31 42 -13 23 0 0.00 M M 6.6 21 340 M M 0 26 350
22 65 27 46 -10 19 0 0.00 M M 3.5 16 150 M M 0 25 160
23 72 33 53 -3 12 0 0.00 M M 3.9 20 320 M M 0 26 260
24 74 34 54 -2 11 0 0.00 M M 4.9 18 260 M M 0 28 260
25 77 37 57 0 8 0 0.00 M M 7.3 25 230 M M 0 33 240
26 82 46 64 7 1 0 0.00 M M 7.3 20 280 M M 0 27 270
27 82 52 67 10 0 2 0.00 M M 10.0 29 300 M M 0 47 270
28 67 53 60 2 5 0 0.17 M M 5.8 21 330 M M 0 25 330
29 77 51 64 6 1 0 0.00 M M 10.8 21 360 M M 0 27 360
30 70 51 61 3 4 0 0.00 M M 16.1 29 10 M M 0 42 10
31 71 40 56 -3 9 0 0.00 M M 14.6 25 340 M M 0 37 320
================================================================================
SM 2150 1300 288 5 1.10 M 319.0 M 0
================================================================================
AV 69.4 41.9 10.3 FASTST M M 0 MAX(MPH)
MISC ----> 41 290 64 230
================================================================================
NOTES:
# LAST OF SEVERAL OCCURRENCES
COLUMN 17 PEAK WIND IN M.P.H.
PRELIMINARY LOCAL CLIMATOLOGICAL DATA (WS FORM: F-6) , PAGE 2
STATION: JORDAN ASOS MT
MONTH: MAY
YEAR: 2022
LATITUDE: 47 19 N
LONGITUDE: 106 50 W
[TEMPERATURE DATA] [PRECIPITATION DATA] SYMBOLS USED IN COLUMN 16
AVERAGE MONTHLY: 55.6 TOTAL FOR MONTH: 1.10 1 = FOG OR MIST
DPTR FM NORMAL: 2.1 DPTR FM NORMAL: -0.90 2 = FOG REDUCING VISIBILITY
HIGHEST: 82 ON 27,26 GRTST 24HR 0.62 ON 12-13 TO 1/4 MILE OR LESS
LOWEST: 27 ON 22 3 = THUNDER
SNOW, ICE PELLETS, HAIL 4 = ICE PELLETS
TOTAL MONTH: M 5 = HAIL
GRTST 24HR M ON M 6 = FREEZING RAIN OR DRIZZLE
GRTST DEPTH: M ON M 7 = DUSTSTORM OR SANDSTORM:
VSBY 1/2 MILE OR LESS
8 = SMOKE OR HAZE
[NO. OF DAYS WITH] [WEATHER - DAYS WITH] 9 = BLOWING SNOW
X = TORNADO
MAX 32 OR BELOW: 0 0.01 INCH OR MORE: 5
MAX 90 OR ABOVE: 0 0.10 INCH OR MORE: 4
MIN 32 OR BELOW: 3 0.50 INCH OR MORE: 0
MIN 0 OR BELOW: 0 1.00 INCH OR MORE: 0
[HDD (BASE 65) ]
TOTAL THIS MO. 288 CLEAR (SCALE 0-3) 31
DPTR FM NORMAL -75 PTCLDY (SCALE 4-7) 0
TOTAL FM JUL 1 7071 CLOUDY (SCALE 8-10) 0
DPTR FM NORMAL -858
[CDD (BASE 65) ]
TOTAL THIS MO. 5
DPTR FM NORMAL -3 [PRESSURE DATA]
TOTAL FM JAN 1 5 HIGHEST SLP M ON M
DPTR FM NORMAL -3 LOWEST SLP 29.32 ON 7
[REMARKS]
#FINAL-05-22#