000
CXUS55 KGGW 010810
CF6JDN
PRELIMINARY LOCAL CLIMATOLOGICAL DATA (WS FORM: F-6)
STATION: JORDAN ASOS MT
MONTH: OCTOBER
YEAR: 2021
LATITUDE: 47 19 N
LONGITUDE: 106 50 W
TEMPERATURE IN F: :PCPN: SNOW: WIND :SUNSHINE: SKY :PK WND
================================================================================
1 2 3 4 5 6A 6B 7 8 9 10 11 12 13 14 15 16 17 18
12Z AVG MX 2MIN
DY MAX MIN AVG DEP HDD CDD WTR SNW DPTH SPD SPD DIR MIN PSBL S-S WX SPD DR
================================================================================
1 79 34 57 5 8 0 0.00 M M 5.7 17 340 M M 0 23 320
2 79 40 60 9 5 0 0.00 M M 5.5 15 220 M M 0 24 170
3 83 39 61 10 4 0 0.00 M M 3.5 16 270 M M 0 21 280
4 90 39 65 15 0 0 0.00 M M 5.1 17 180 M M 0 23 180
5 91 41 66 16 0 1 0.00 M M 6.6 21 250 M M 0 28 250
6 83 54 69 20 0 4 0.00 M M 6.2 21 350 M M 0 26 350
7 68 45 57 8 8 0 0.00 M M 8.1 14 10 M M 0 19 350
8 65 39 52 4 13 0 0.01 M M 4.0 12 80 M M 0 17 90
9 65 42 54 6 11 0 0.19 M M 7.3 14 290 M M 0 17 10
10 69 34 52 4 13 0 0.00 M M 13.0 28 330 M M 0 40 330
11 48 34 41 -6 24 0 0.02 M M 7.9 23 320 M M 0 31 310
12 39 34 37 -9 28 0 0.24 M M 7.4 17 50 M M 0 22 50
13 41 33 37 -9 28 0 0.07 M M 5.5 15 320 M M 0 19 320
14 50 30 40 -6 25 0 0.00 M M 11.1 25 280 M M 0 33 280
15 60 31 46 1 19 0 0.00 M M 9.3 22 270 M M 0 30 260
16 73 31 52 8 13 0 0.00 M M 5.8 16 260 M M 0 24 250
17 78 35 57 13 8 0 0.00 M M 6.8 21 190 M M 0 27 180
18 75 36 56 12 9 0 0.00 M M 11.5 26 360 M M 0 34 360
19 48 23 36 -7 29 0 0.00 M M 7.8 18 360 M M 0 23 350
20 52 17 35 -7 30 0 0.00 M M 6.4 17 160 M M 0 23 180
21 66 26 46 4 19 0 0.00 M M 3.1 15 220 M M 0 20 230
22 66 26 46 4 19 0 0.00 M M 7.5 20 90 M M 0 28 90
23 60 38 49 8 16 0 0.00 M M 6.9 16 100 M M 0 23 90
24 66 27 47 6 18 0 0.00 M M 8.1 23 130 M M 0 34 140
25 63 44 54 14 11 0 0.00 M M 11.8 22 130 M M 0 26 120
26 59 36 48 8 17 0 0.02 M M 9.0 20 300 M M 0 25 310
27 64 28 46 7 19 0 0.00 M M 13.9 36 290 M M 0 55 300
28 62 34 48 9 17 0 0.00 M M 8.9 18 280 M M 0 24 300
29 77 45 61 23 4 0 0.01 M M 17.7 32 340 M M 0 41 340
30 45 21 33 -5 32 0 0.01 M M 12.3 21 350 M M 0 27 340
31 46 14 30 -7 35 0 0.00 M M 7.6 15 350 M M 0 20 340
================================================================================
SM 2010 1050 482 5 0.57 M 251.3 M 0
================================================================================
AV 64.8 33.9 8.1 FASTST M M 0 MAX(MPH)
MISC ----> 36 290 55 300
================================================================================
NOTES:
# LAST OF SEVERAL OCCURRENCES
COLUMN 17 PEAK WIND IN M.P.H.
PRELIMINARY LOCAL CLIMATOLOGICAL DATA (WS FORM: F-6) , PAGE 2
STATION: JORDAN ASOS MT
MONTH: OCTOBER
YEAR: 2021
LATITUDE: 47 19 N
LONGITUDE: 106 50 W
[TEMPERATURE DATA] [PRECIPITATION DATA] SYMBOLS USED IN COLUMN 16
AVERAGE MONTHLY: 49.4 TOTAL FOR MONTH: 0.57 1 = FOG OR MIST
DPTR FM NORMAL: 4.9 DPTR FM NORMAL: -0.47 2 = FOG REDUCING VISIBILITY
HIGHEST: 91 ON 5 GRTST 24HR 0.25 ON 11-12 TO 1/4 MILE OR LESS
LOWEST: 14 ON 31 3 = THUNDER
SNOW, ICE PELLETS, HAIL 4 = ICE PELLETS
TOTAL MONTH: M 5 = HAIL
GRTST 24HR M ON M 6 = FREEZING RAIN OR DRIZZLE
GRTST DEPTH: M ON M 7 = DUSTSTORM OR SANDSTORM:
VSBY 1/2 MILE OR LESS
8 = SMOKE OR HAZE
[NO. OF DAYS WITH] [WEATHER - DAYS WITH] 9 = BLOWING SNOW
X = TORNADO
MAX 32 OR BELOW: 0 0.01 INCH OR MORE: 8
MAX 90 OR ABOVE: 2 0.10 INCH OR MORE: 2
MIN 32 OR BELOW: 11 0.50 INCH OR MORE: 0
MIN 0 OR BELOW: 0 1.00 INCH OR MORE: 0
[HDD (BASE 65) ]
TOTAL THIS MO. 482 CLEAR (SCALE 0-3) 31
DPTR FM NORMAL -155 PTCLDY (SCALE 4-7) 0
TOTAL FM JUL 1 631 CLOUDY (SCALE 8-10) 0
DPTR FM NORMAL -290
[CDD (BASE 65) ]
TOTAL THIS MO. 5
DPTR FM NORMAL 3 [PRESSURE DATA]
TOTAL FM JAN 1 911 HIGHEST SLP M ON M
DPTR FM NORMAL 420 LOWEST SLP 29.45 ON 25
[REMARKS]
#FINAL-10-21#