000
CXUS55 KGGW 010810
CF6JDN
PRELIMINARY LOCAL CLIMATOLOGICAL DATA (WS FORM: F-6)
STATION: JORDAN ASOS MT
MONTH: OCTOBER
YEAR: 2023
LATITUDE: 47 19 N
LONGITUDE: 106 50 W
TEMPERATURE IN F: :PCPN: SNOW: WIND :SUNSHINE: SKY :PK WND
================================================================================
1 2 3 4 5 6A 6B 7 8 9 10 11 12 13 14 15 16 17 18
12Z AVG MX 2MIN
DY MAX MIN AVG DEP HDD CDD WTR SNW DPTH SPD SPD DIR MIN PSBL S-S WX SPD DR
================================================================================
1 54 49 52 0 13 0 0.03 M M 13.3 21 20 M M 0 35 310
2 60 47 54 3 11 0 0.00 M M 6.2 12 190 M M 0 M M
3 59 44 52 1 13 0 0.10 M M 10.6 25 320 M M 0 33 330
4 64 41 53 3 12 0 0.00 M M 11.4 31 310 M M 0 44 310
5 59 38 49 -1 16 0 0.00 M M 14.0 24 340 M M 0 36 320
6 56 23 40 -9 25 0 0.00 M M 5.3 10 330 M M 0 M M
7 77 32 55 6 10 0 0.00 M M 5.6 14 310 M M 0 21 290
8 77 35 56 8 9 0 0.00 M M 5.0 10 140 M M 0 M M
9 78 38 58 10 7 0 0.00 M M 3.9 8 140 M M 0 M M
10 81 42 62 14 3 0 0.00 M M 7.8 16 130 M M 0 21 140
11 59 42 51 4 14 0 0.05 M M 6.3 12 80 M M 0 M M
12 51 44 48 2 17 0 0.05 M M 10.9 18 60 M M 0 22 60
13 51 32 42 -4 23 0 0.00 M M 3.5 13 100 M M 0 17 110
14 57 29 43 -3 22 0 0.00 M M 7.6 17 140 M M 0 24 140
15 70 29 50 5 15 0 0.00 M M 3.3 9 200 M M 0 M M
16 75 35 55 11 10 0 0.00 M M 2.7 8 120 M M 0 M M
17 72 43 58 14 7 0 0.10 M M 12.3 46 310 M M 0 70 300
18 66 40 53 9 12 0 0.00 M M 7.9 22 320 M M 0 32 320
19 82 46 64 21 1 0 0.00 M M 7.9 14 270 M M 0 M M
20 75 45 60 18 5 0 0.00 M M 8.3 14 30 M M 0 M M
21 64 34 49 7 16 0 0.00 M M 5.2 12 140 M M 0 17 120
22 63 32 48 6 17 0 0.00 M M 5.3 12 350 M M 0 M M
23 46 38 42 1 23 0 0.34 M M 9.3 16 350 M M 0 M M
24 46 25 36 -5 29 0 0.21 M M 11.2 18 340 M M 0 25 340
25 24 13 19 -21 46 0 0.70 M M 12.9 20 350 M M 0 25 350
26 19 2 11 -29 54 0 0.16 M M 10.2 18 340 M M 0 22 330
27 17 -5 6 -33 59 0 0.00 M M 8.1 12 260 M M 0 14 260
28 27 -4 12 -27 53 0 0.00 M M 9.2 16 270 M M 0 21 300
29 30 9 20 -18 45 0 0.02 M M 11.3 23 310 M M 0 28 310
30 31 -1 15 -23 50 0 0.01 M M 6.9 20 340 M M 0 24 350
31 38 -1 19 -18 46 0 0.01 M M 3.0 9 290 M M 0 13 270
================================================================================
SM 1728 916 683 0 1.78 M 246.5 M 0
================================================================================
AV 55.7 29.5 8.0 FASTST M M 0 MAX(MPH)
MISC ----> 46 310 70 300
================================================================================
NOTES:
# LAST OF SEVERAL OCCURRENCES
COLUMN 17 PEAK WIND IN M.P.H.
PRELIMINARY LOCAL CLIMATOLOGICAL DATA (WS FORM: F-6) , PAGE 2
STATION: JORDAN ASOS MT
MONTH: OCTOBER
YEAR: 2023
LATITUDE: 47 19 N
LONGITUDE: 106 50 W
[TEMPERATURE DATA] [PRECIPITATION DATA] SYMBOLS USED IN COLUMN 16
AVERAGE MONTHLY: 42.6 TOTAL FOR MONTH: 1.78 1 = FOG OR MIST
DPTR FM NORMAL: -1.9 DPTR FM NORMAL: 0.74 2 = FOG REDUCING VISIBILITY
HIGHEST: 82 ON 19 GRTST 24HR 0.70 ON 25-25 TO 1/4 MILE OR LESS
LOWEST: -5 ON 27 3 = THUNDER
SNOW, ICE PELLETS, HAIL 4 = ICE PELLETS
TOTAL MONTH: M 5 = HAIL
GRTST 24HR M ON M 6 = FREEZING RAIN OR DRIZZLE
GRTST DEPTH: M ON M 7 = DUSTSTORM OR SANDSTORM:
VSBY 1/2 MILE OR LESS
8 = SMOKE OR HAZE
[NO. OF DAYS WITH] [WEATHER - DAYS WITH] 9 = BLOWING SNOW
X = TORNADO
MAX 32 OR BELOW: 6 0.01 INCH OR MORE: 12
MAX 90 OR ABOVE: 0 0.10 INCH OR MORE: 6
MIN 32 OR BELOW: 14 0.50 INCH OR MORE: 1
MIN 0 OR BELOW: 4 1.00 INCH OR MORE: 0
[HDD (BASE 65) ]
TOTAL THIS MO. 683 CLEAR (SCALE 0-3) 31
DPTR FM NORMAL 46 PTCLDY (SCALE 4-7) 0
TOTAL FM JUL 1 768 CLOUDY (SCALE 8-10) 0
DPTR FM NORMAL -153
[CDD (BASE 65) ]
TOTAL THIS MO. 0
DPTR FM NORMAL -2 [PRESSURE DATA]
TOTAL FM JAN 1 654 HIGHEST SLP M ON M
DPTR FM NORMAL 163 LOWEST SLP 29.41 ON 10
[REMARKS]
#FINAL-10-23#