000
CXUS55 KGGW 010810
CF6JDN
PRELIMINARY LOCAL CLIMATOLOGICAL DATA (WS FORM: F-6)
STATION: JORDAN ASOS MT
MONTH: JUNE
YEAR: 2022
LATITUDE: 47 19 N
LONGITUDE: 106 50 W
TEMPERATURE IN F: :PCPN: SNOW: WIND :SUNSHINE: SKY :PK WND
================================================================================
1 2 3 4 5 6A 6B 7 8 9 10 11 12 13 14 15 16 17 18
12Z AVG MX 2MIN
DY MAX MIN AVG DEP HDD CDD WTR SNW DPTH SPD SPD DIR MIN PSBL S-S WX SPD DR
================================================================================
1 76 36 56 -3 9 0 0.00 M M 6.8 20 330 M M 0 28 330
2 77 37 57 -2 8 0 0.00 M M 5.8 18 330 M M 0 26 330
3 80 36 58 -2 7 0 0.00 M M 8.1 20 130 M M 0 27 130
4 80 55 68 8 0 3 0.00 M M 12.5 22 130 M M 0 35 140
5 69 58 64 4 1 0 0.31 M M 12.3 22 90 M M 0 31 80
6 59 53 56 -4 9 0 0.07 M M 8.7 17 60 M M 0 23 70
7 68 48 58 -3 7 0 0.00 M M 9.9 25 320 M M 0 32 330
8 77 41 59 -2 6 0 0.00 M M 6.6 16 120 M M 0 27 80
9 86 58 72 11 0 7 0.00 M M 8.1 20 310 M M 0 29 310
10 93 54 74 12 0 9 0.00 M M 9.9 31 270 M M 0 42 270
11 87 58 73 11 0 8 0.00 M M 9.1 24 290 M M 0 31 300
12 81 53 67 5 0 2 0.00 M M 8.2 20 170 M M 0 28 170
13 81 54 68 6 0 3 0.00 M M 11.5 25 290 M M 0 34 270
14 69 45 57 -6 8 0 0.00 M M 17.8 35 260 M M 0 48 260
15 68 51 60 -3 5 0 0.08 M M 24.3 39 270 M M 0 67 270
16 86 50 68 5 0 3 0.00 M M 11.0 17 100 M M 0 28 80
17 102 62 82 19 0 17 0.00 M M 16.4 25 150 M M 0 38 150
18 96 72 84 20 0 19 0.00 M M 11.2 22 330 M M 0 46 350
19 74 61 68 4 0 3 0.38 M M 13.6 28 350 M M 0 40 350
20 81 54 68 4 0 3 0.00 M M 9.5 18 290 M M 0 23 250
21 82 53 68 3 0 3 0.00 M M 12.6 22 300 M M 0 36 300
22 93 51 72 7 0 7 0.00 M M 10.0 20 240 M M 0 32 250
23 96 53 75 10 0 10 0.08 M M 8.5 18 10 M M 0 35 320
24 71 55 63 -3 2 0 0.01 M M 10.7 22 300 M M 0 40 310
25 77 47 62 -4 3 0 0.00 M M 16.4 26 300 M M 0 51 10
26 84 42 63 -3 2 0 0.00 M M 6.0 13 220 M M 0 21 200
27 93 48 71 5 0 6 0.00 M M 4.6 10 30 M M 0 18 180
28 96 63 80 13 0 15 0.07 M M 9.0 29 280 M M 0 41 70
29 95 60 78 11 0 13 0.00 M M 12.0 27 310 M M 0 40 260
30 85 52 69 2 0 4 0.00 M M 10.4 17 350 M M 0 25 310
================================================================================
SM 2462 1560 67 135 1.00 M 321.4 M 0
================================================================================
AV 82.1 52.0 10.7 FASTST M M 0 MAX(MPH)
MISC ----> 39 270 67 270
================================================================================
NOTES:
# LAST OF SEVERAL OCCURRENCES
COLUMN 17 PEAK WIND IN M.P.H.
PRELIMINARY LOCAL CLIMATOLOGICAL DATA (WS FORM: F-6) , PAGE 2
STATION: JORDAN ASOS MT
MONTH: JUNE
YEAR: 2022
LATITUDE: 47 19 N
LONGITUDE: 106 50 W
[TEMPERATURE DATA] [PRECIPITATION DATA] SYMBOLS USED IN COLUMN 16
AVERAGE MONTHLY: 67.0 TOTAL FOR MONTH: 1.00 1 = FOG OR MIST
DPTR FM NORMAL: 3.9 DPTR FM NORMAL: -1.53 2 = FOG REDUCING VISIBILITY
HIGHEST: 102 ON 17 GRTST 24HR 0.38 ON 19-19 TO 1/4 MILE OR LESS
LOWEST: 36 ON 3, 1 3 = THUNDER
SNOW, ICE PELLETS, HAIL 4 = ICE PELLETS
TOTAL MONTH: M 5 = HAIL
GRTST 24HR M ON M 6 = FREEZING RAIN OR DRIZZLE
GRTST DEPTH: M ON M 7 = DUSTSTORM OR SANDSTORM:
VSBY 1/2 MILE OR LESS
8 = SMOKE OR HAZE
[NO. OF DAYS WITH] [WEATHER - DAYS WITH] 9 = BLOWING SNOW
X = TORNADO
MAX 32 OR BELOW: 0 0.01 INCH OR MORE: 7
MAX 90 OR ABOVE: 8 0.10 INCH OR MORE: 2
MIN 32 OR BELOW: 0 0.50 INCH OR MORE: 0
MIN 0 OR BELOW: 0 1.00 INCH OR MORE: 0
[HDD (BASE 65) ]
TOTAL THIS MO. 67 CLEAR (SCALE 0-3) 30
DPTR FM NORMAL -46 PTCLDY (SCALE 4-7) 0
TOTAL FM JUL 1 7138 CLOUDY (SCALE 8-10) 0
DPTR FM NORMAL -905
[CDD (BASE 65) ]
TOTAL THIS MO. 135
DPTR FM NORMAL 80 [PRESSURE DATA]
TOTAL FM JAN 1 140 HIGHEST SLP M ON M
DPTR FM NORMAL 77 LOWEST SLP 29.43 ON 13
[REMARKS]
#FINAL-06-22#