000
CXUS51 KOKX 010702
CF6JFK
PRELIMINARY LOCAL CLIMATOLOGICAL DATA (WS FORM: F-6)
STATION: KENNEDY NY
MONTH: MAY
YEAR: 2020
LATITUDE: 40 39 N
LONGITUDE: 73 47 W
TEMPERATURE IN F: :PCPN: SNOW: WIND :SUNSHINE: SKY :PK WND
================================================================================
1 2 3 4 5 6A 6B 7 8 9 10 11 12 13 14 15 16 17 18
12Z AVG MX 2MIN
DY MAX MIN AVG DEP HDD CDD WTR SNW DPTH SPD SPD DIR MIN PSBL S-S WX SPD DR
================================================================================
1 62 51 57 1 8 0 0.22 M 0 8.8 25 320 M M 8 1 32 310
2 74 50 62 6 3 0 0.00 0.0 0 14.3 29 330 M M 4 35 330
3 73 53 63 6 2 0 0.11 0.0 0 10.8 18 220 M M 7 1 21 230
4 71 49 60 3 5 0 0.01 0.0 0 15.6 36 310 M M 7 43 310
5 63 47 55 -2 10 0 0.00 0.0 0 12.5 25 310 M M 7 32 290
6 55 44 50 -8 15 0 0.02 0.0 0 8.7 21 100 M M 9 27 90
7 66 44 55 -3 10 0 0.00 0.0 0 12.7 25 190 M M 5 33 240
8 59 39 49 -9 16 0 0.32 0.0 0 10.4 32 320 M M 9 1 40 320
9 49 34 42 -16 23 0 0.03 T 0 22.2 35 310 M M 6 1 44 310
10 64 39 52 -7 13 0 0.00 0.0 0 18.7 28 230 M M 4 35 270
11 61 45 53 -6 12 0 0.03 0.0 0 13.0 36 270 M M 6 52 260
12 61 43 52 -7 13 0 0.00 0.0 0 17.6 30 310 M M 4 35 290
13 62 41 52 -8 13 0 0.00 0.0 0 10.6 24 190 M M 1 29 180
14 61 40 51 -9 14 0 T 0.0 0 9.5 24 190 M M 5 1 29 190
15 78 55 67 7 0 2 0.03 0.0 0 10.2 22 190 M M 7 1 26 190
16 76 55 66 5 0 1 0.02 0.0 0 11.5 22 340 M M 8 26 320
17 64 52 58 -3 7 0 0.00 0.0 0 9.0 15 150 M M 8 20 130
18 69 53 61 0 4 0 0.00 0.0 0 10.6 22 120 M M 8 26 120
19 70 50 60 -2 5 0 0.00 0.0 0 17.5 29 100 M M 7 36 50
20 63 45 54 -8 11 0 0.00 0.0 0 13.4 23 110 M M 8 28 100
21 61 42 52 -10 13 0 0.00 0.0 0 7.0 13 150 M M 3 17 150
22 73 52 63 1 2 0 0.01 0.0 0 5.5 16 170 M M 6 12 21 160
23 70 54 62 -1 3 0 0.52 0.0 0 7.9 23 40 M M 10 123 30 60
24 65 51 58 -5 7 0 0.00 0.0 0 11.2 22 40 M M 8 25 30
25 66 49 58 -5 7 0 T 0.0 0 5.9 12 180 M M 8 12 14 30
26 69 57 63 -1 2 0 0.00 0.0 0 5.1 12 140 M M 7 12 16 170
27 72 57 65 1 0 0 0.00 0.0 0 5.6 14 140 M M 9 12 17 150
28 73 60 67 3 0 2 0.01 0.0 0 10.7 22 170 M M 10 128 26 180
29 73 61 67 2 0 2 0.00 0.0 0 14.9 29 180 M M 9 128 35 190
30 83 61 72 7 0 7 T 0.0 0 11.1 25 330 M M 6 1 31 330
31 73 56 65 0 0 0 0.00 0.0 0 16.0 28 320 M M 2 34 320
================================================================================
SM 2079 1529 218 14 1.33 T 358.5 M 206
================================================================================
AV 67.1 49.3 11.6 FASTST M M 7 MAX(MPH)
MISC ----> # 36 310 # 52 260
================================================================================
NOTES:
# LAST OF SEVERAL OCCURRENCES
COLUMN 17 PEAK WIND IN M.P.H.
PRELIMINARY LOCAL CLIMATOLOGICAL DATA (WS FORM: F-6) , PAGE 2
STATION: KENNEDY NY
MONTH: MAY
YEAR: 2020
LATITUDE: 40 39 N
LONGITUDE: 73 47 W
[TEMPERATURE DATA] [PRECIPITATION DATA] SYMBOLS USED IN COLUMN 16
AVERAGE MONTHLY: 58.2 TOTAL FOR MONTH: 1.33 1 = FOG OR MIST
DPTR FM NORMAL: -2.4 DPTR FM NORMAL: -2.61 2 = FOG REDUCING VISIBILITY
HIGHEST: 83 ON 30 GRTST 24HR 0.52 ON 23-23 TO 1/4 MILE OR LESS
LOWEST: 34 ON 9 3 = THUNDER
SNOW, ICE PELLETS, HAIL 4 = ICE PELLETS
TOTAL MONTH: T 5 = HAIL
GRTST 24HR T ON 9- 9 6 = FREEZING RAIN OR DRIZZLE
GRTST DEPTH: 0 7 = DUSTSTORM OR SANDSTORM:
VSBY 1/2 MILE OR LESS
8 = SMOKE OR HAZE
[NO. OF DAYS WITH] [WEATHER - DAYS WITH] 9 = BLOWING SNOW
X = TORNADO
MAX 32 OR BELOW: 0 0.01 INCH OR MORE: 12
MAX 90 OR ABOVE: 0 0.10 INCH OR MORE: 4
MIN 32 OR BELOW: 0 0.50 INCH OR MORE: 1
MIN 0 OR BELOW: 0 1.00 INCH OR MORE: 0
[HDD (BASE 65) ]
TOTAL THIS MO. 218 CLEAR (SCALE 0-3) 3
DPTR FM NORMAL 51 PTCLDY (SCALE 4-7) 21
TOTAL FM JUL 1 4480 CLOUDY (SCALE 8-10) 7
DPTR FM NORMAL -338
[CDD (BASE 65) ]
TOTAL THIS MO. 14
DPTR FM NORMAL -18 [PRESSURE DATA]
TOTAL FM JAN 1 14 HIGHEST SLP M ON M
DPTR FM NORMAL -21 LOWEST SLP 29.58 ON 8
[REMARKS]
#FINAL-05-20#