000
CXUS51 KOKX 030026
CLSJFK
CLIMATE REPORT
NATIONAL WEATHER SERVICE NEW YORK NY
807 PM EDT TUE JUN 2 2020
...................................
...THE KENNEDY NY CLIMATE SUMMARY FOR THE SEASON, FROM
3/1/2020 TO 5/31/2020...
CLIMATE NORMAL PERIOD 1981 TO 2010
CLIMATE RECORD PERIOD 1948 TO 2020
WEATHER OBSERVED NORMAL DEPART LAST YEAR`S
VALUE DATE(S) VALUE FROM VALUE
NORMAL
.............................................................
TEMPERATURE (F)
RECORD
HIGH 99 05/29/1969
LOW 7 03/19/1967
HIGHEST 83 05/30 MM MM
LOWEST 25 03/01 MM MM
AVG. MAXIMUM 59.0 58.8 0.2
AVG. MINIMUM 43.2 43.5 -0.3
MEAN 51.1 51.2 -0.1
DAYS MAX >= 90 0 0.2 -0.2
DAYS MAX <= 32 0 0.8 -0.8
DAYS MIN <= 32 3 11.8 -8.8
DAYS MIN <= 0 0 0.0 0.0
PRECIPITATION (INCHES)
RECORD
MAXIMUM 20.40 1984
MINIMUM 6.34 2016
TOTALS 8.38 11.59 -3.21 15.20
DAILY AVG. 0.09 0.13 -0.04
DAYS >= .01 37 33.9 3.1
DAYS >= .10 18 20.6 -2.6
DAYS >= .50 5 7.8 -2.8
DAYS >= 1.00 3 3.1 -0.1
GREATEST
24 HR. TOTAL 1.28 MM
STORM TOTAL MM
(MM/DD(HH)) MM
SNOWFALL (INCHES)
RECORDS
TOTAL 16.5 2018
24 HR TOTAL 9.0 03/13/1993 TO 03/13/1993
TOTALS T 4.3 -4.3
LIQUID EQUIV MM 0.40 MM
SINCE 7/1 3.8 23.8 -20.0
LIQUID 7/1 0.38
DAYS >= TRACE 4 2.6 1.4
DAYS >= 1.0 0 1.2 -1.2
GREATEST
SNOW DEPTH 0 MM
24 HR TOTAL T MM
STORM TOTAL MM
(MM/DD(HH)) MM
DEGREE_DAYS
HEATING TOTAL 1270 1307 -37
SINCE 7/1 4480 4818 -338
COOLING TOTAL 14 35 -21
SINCE 1/1 14 35 -21
..............................................................
WIND (MPH)
AVERAGE WIND SPEED 12.8
HIGHEST WIND SPEED/DIRECTION 43/170 DATE 04/13
HIGHEST GUST SPEED/DIRECTION 53/170 DATE 04/13
SKY COVER
POSSIBLE SUNSHINE (PERCENT) MM
AVERAGE SKY COVER 0.70
NUMBER OF DAYS FAIR 11
NUMBER OF DAYS PC 44
NUMBER OF DAYS CLOUDY 37
AVERAGE RH (PERCENT) 67
WEATHER CONDITIONS. NUMBER OF DAYS WITH
0
16
0
1
1
2
10
HAZE 4
- INDICATES NEGATIVE NUMBERS.
R INDICATES RECORD WAS SET OR TIED.
MM INDICATES DATA IS MISSING.
T INDICATES TRACE AMOUNT.
$$