000
CXUS53 KJKL 011540
CLMJKL
CLIMATE REPORT
NATIONAL WEATHER SERVICE JACKSON KY
1140 AM EDT TUE AUG 01 2023
...................................
...THE JACKSON KY CLIMATE SUMMARY FOR THE MONTH OF JULY 2023...
CLIMATE NORMAL PERIOD 1991 TO 2020
CLIMATE RECORD PERIOD 1981 TO 2023
WEATHER OBSERVED NORMAL DEPART LAST YEAR`S
VALUE DATE(S) VALUE FROM VALUE DATE(S)
NORMAL
................................................................
TEMPERATURE (F)
RECORD
HIGH 101 07/08/1988
LOW 52 07/30/2014
07/07/1983
01/03/2000
HIGHEST 92 07/27 93 -1 93 07/23
07/28
LOWEST 62 07/10 57 5 63 07/11
07/11
AVG. MAXIMUM 85.2 85.0 0.2 85.4
AVG. MINIMUM 67.4 66.5 0.9 69.1
MEAN 76.3 75.7 0.6 77.2
DAYS MAX >= 90 5 5.3 -0.3 4
DAYS MAX <= 32 0 0.0 0.0 0
DAYS MIN <= 32 0 0.0 0.0 0
DAYS MIN <= 0 0 0.0 0.0 0
PRECIPITATION (INCHES)
RECORD
MAXIMUM 14.86 2022
MINIMUM 1.77 1995
TOTALS 5.87 5.10 0.77 14.86
DAILY AVG. 0.19 0.16 0.03 0.48
DAYS >= .01 14 12.6 1.4 20
DAYS >= .10 9 9.0 0.0 18
DAYS >= .50 5 3.9 1.1 9
DAYS >= 1.00 2 1.2 0.8 4
GREATEST
24 HR. TOTAL 1.59 07/18 TO 07/18 4.94
SNOWFALL (INCHES)
RECORDS
TOTAL MM MM
TOTALS 0.0 0.0 0.0 0.0
SINCE 7/1 0.0 0.0 0.0 MM
SNOWDEPTH AVG. 0 0
DAYS >= 1.0 0 0.0 0.0 0
GREATEST
SNOW DEPTH 0 0
24 HR TOTAL 0.0 0.0
DEGREE DAYS
HEATING TOTAL 0 0 0 0
SINCE 7/1 0 0 0 MM
COOLING TOTAL 355 334 21 391
SINCE 1/1 619 728 -109 MM
................................................................
WIND (MPH)
AVERAGE WIND SPEED 1.4
HIGHEST WIND SPEED/DIRECTION 29/290 DATE 07/18
HIGHEST GUST SPEED/DIRECTION 55/280 DATE 07/18
SKY COVER
POSSIBLE SUNSHINE (PERCENT) MM
AVERAGE SKY COVER 0.30
NUMBER OF DAYS FAIR 19
NUMBER OF DAYS PC 11
NUMBER OF DAYS CLOUDY 1
AVERAGE RH (PERCENT) 77
WEATHER CONDITIONS. NUMBER OF DAYS WITH
THUNDERSTORM 15 MIXED PRECIP 0
HEAVY RAIN 9 RAIN 8
LIGHT RAIN 20 FREEZING RAIN 0
LT FREEZING RAIN 0 HAIL 0
HEAVY SNOW 0 SNOW 0
LIGHT SNOW 0 SLEET 0
FOG 19 FOG W/VIS <= 1/4 MILE 12
HAZE 4
- INDICATES NEGATIVE NUMBERS.
R INDICATES RECORD WAS SET OR TIED.
MM INDICATES DATA IS MISSING.
T INDICATES TRACE AMOUNT.
$$
TAB