000
CXHW50 PHFO 011250
CF6JRF
PRELIMINARY LOCAL CLIMATOLOGICAL DATA (WS FORM: F-6)
STATION: KALAELOA ARPT/OAHU HI
MONTH: NOVEMBER
YEAR: 2020
LATITUDE: 21 19 N
LONGITUDE: 158 4 W
TEMPERATURE IN F: :PCPN: SNOW: WIND :SUNSHINE: SKY :PK WND
================================================================================
1 2 3 4 5 6A 6B 7 8 9 10 11 12 13 14 15 16 17 18
12Z AVG MX 2MIN
DY MAX MIN AVG DEP HDD CDD WTR SNW DPTH SPD SPD DIR MIN PSBL S-S WX SPD DR
================================================================================
1 84 68 76 -2 0 11 0.00 0.0 M 4.8 12 160 M M M 14 160
2 86 68 77 -1 0 12 0.00 0.0 M 5.2 14 120 M M M 20 120
3 89 69 79 1 0 14 T 0.0 M 4.9 12 130 M M M 16 80
4 86 75 81 3 0 16 0.11 0.0 M 6.1 13 150 M M M 1 18 140
5 86 73 80 2 0 15 0.12 0.0 M 5.1 14 150 M M M 1 16 150
6 87 71 79 1 0 14 0.00 0.0 M 4.0 13 120 M M M 19 130
7 88 73 81 3 0 16 T 0.0 M 4.8 10 70 M M M 18 90
8 89 70 80 3 0 15 0.00 0.0 M 6.3 13 120 M M M 22 110
9 86 71 79 2 0 14 T 0.0 M 5.7 13 50 M M M 22 120
10 89 70 80 3 0 15 0.00 0.0 M 7.5 16 80 M M M 28 110
11 87 74 81 4 0 16 T 0.0 M 7.3 20 60 M M M 31 80
12 87 73 80 3 0 15 T 0.0 M 7.8 17 80 M M M 26 80
13 88 73 81 4 0 16 T 0.0 M 7.0 15 80 M M M 23 90
14 87 70 79 2 0 14 T 0.0 M 5.1 15 130 M M M 24 110
15 87 69 78 2 0 13 T 0.0 M 4.3 14 300 M M M 17 300
16 88 70 79 3 0 14 0.00 0.0 M 5.2 12 90 M M M 19 90
17 89 69 79 3 0 14 0.00 0.0 M 4.3 12 90 M M M 18 90
18 85 70 78 2 0 13 0.03 0.0 M 5.5 13 50 M M M 18 21 70
19 86 68 77 1 0 12 T 0.0 M 4.8 14 70 M M M 24 70
20 86 69 78 2 0 13 T 0.0 M 6.0 15 70 M M M 24 80
21 88 75 82 6 0 17 0.00 0.0 M 9.2 17 80 M M M 29 80
22 85 76 81 5 0 16 0.00 0.0 M 9.4 17 70 M M M 31 70
23 87 75 81 5 0 16 0.00 0.0 M 7.4 15 70 M M M 24 50
24 87 74 81 5 0 16 T 0.0 M 7.4 16 70 M M M 26 50
25 88 73 81 6 0 16 0.00 0.0 M 6.2 14 80 M M M 23 80
26 85 71 78 3 0 13 0.00 0.0 M 5.5 13 70 M M M 20 40
27 85 67 76 1 0 11 0.01 0.0 M 5.4 14 70 M M M 25 50
28 85 66 76 1 0 11 T 0.0 M 4.3 13 80 M M M 20 50
29 85 68 77 2 0 12 T 0.0 M 5.6 12 60 M M M 19 60
30 83 65 74 -1 0 9 0.08 0.0 M 4.9 13 150 M M M 18 150
================================================================================
SM 2598 2123 0 419 0.35 0.0 177.0 M M
================================================================================
AV 86.6 70.8 5.9 FASTST M M 0 MAX(MPH)
MISC ----> # 20 60 # 31 80
================================================================================
NOTES:
# LAST OF SEVERAL OCCURRENCES
COLUMN 17 PEAK WIND IN M.P.H.
PRELIMINARY LOCAL CLIMATOLOGICAL DATA (WS FORM: F-6) , PAGE 2
STATION: KALAELOA ARPT/OAHU HI
MONTH: NOVEMBER
YEAR: 2020
LATITUDE: 21 19 N
LONGITUDE: 158 4 W
[TEMPERATURE DATA] [PRECIPITATION DATA] SYMBOLS USED IN COLUMN 16
AVERAGE MONTHLY: 78.7 TOTAL FOR MONTH: 0.35 1 = FOG OR MIST
DPTR FM NORMAL: 2.2 DPTR FM NORMAL: -1.32 2 = FOG REDUCING VISIBILITY
HIGHEST: 89 ON 17,10 GRTST 24HR 0.12 ON 5- 5 TO 1/4 MILE OR LESS
LOWEST: 65 ON 30 3 = THUNDER
SNOW, ICE PELLETS, HAIL 4 = ICE PELLETS
TOTAL MONTH: 0.0 INCH 5 = HAIL
GRTST 24HR 0.0 6 = FREEZING RAIN OR DRIZZLE
GRTST DEPTH: M ON M 7 = DUSTSTORM OR SANDSTORM:
VSBY 1/2 MILE OR LESS
8 = SMOKE OR HAZE
[NO. OF DAYS WITH] [WEATHER - DAYS WITH] 9 = BLOWING SNOW
X = TORNADO
MAX 32 OR BELOW: 0 0.01 INCH OR MORE: 5
MAX 90 OR ABOVE: 0 0.10 INCH OR MORE: 2
MIN 32 OR BELOW: 0 0.50 INCH OR MORE: 0
MIN 0 OR BELOW: 0 1.00 INCH OR MORE: 0
[HDD (BASE 65) ]
TOTAL THIS MO. 0 CLEAR (SCALE 0-3) 0
DPTR FM NORMAL 0 PTCLDY (SCALE 4-7) 0
TOTAL FM JUL 1 0 CLOUDY (SCALE 8-10) 0
DPTR FM NORMAL 0
[CDD (BASE 65) ]
TOTAL THIS MO. 419
DPTR FM NORMAL 74 [PRESSURE DATA]
TOTAL FM JAN 1 2626 HIGHEST SLP 30.21 ON 12
DPTR FM NORMAL -1362 LOWEST SLP 29.95 ON 7
[REMARKS]
#FINAL-11-20#