000
CXUS51 KCTP 190800
CF6JST
PRELIMINARY LOCAL CLIMATOLOGICAL DATA (WS FORM: F-6)
STATION: JOHNSTOWN
MONTH: APRIL
YEAR: 2024
LATITUDE: 40 18 N
LONGITUDE: 78 50 W
TEMPERATURE IN F: :PCPN: SNOW: WIND :SUNSHINE: SKY :PK WND
================================================================================
1 2 3 4 5 6A 6B 7 8 9 10 11 12 13 14 15 16 17 18
12Z AVG MX 2MIN
DY MAX MIN AVG DEP HDD CDD WTR SNW DPTH SPD SPD DIR MIN PSBL S-S WX SPD DR
================================================================================
1 61 44 53 11 12 0 0.89 M M 6.6 14 130 M M 9 123 23 110
2 51 44 48 6 17 0 2.68 M M 7.9 24 310 M M 10 13 35 320
3 44 35 40 -3 25 0 1.37 M M 7.3 23 280 M M 9 1 30 280
4 40 33 37 -6 28 0 0.22 M M 9.1 18 300 M M 10 128 25 260
5 35 30 33 -11 32 0 0.14 M M 14.5 28 290 M M 10 1 39 310
6 47 31 39 -5 26 0 T M M 13.8 21 300 M M 8 1 30 290
7 56 31 44 -1 21 0 0.00 M M 5.7 15 320 M M 0 22 310
8 65 42 54 9 11 0 T M M 6.2 15 170 M M 4 21 170
9 71 47 59 14 6 0 0.00 M M 6.5 13 250 M M 3 23 250
10 63 53 58 12 7 0 0.06 M M 5.6 12 230 M M 10 1 15 230
11 66 56 61 15 4 0 1.00 M M 13.5 23 160 M M 9 1 38 160
12 60 41 51 4 14 0 0.91 M M 19.3 32 250 M M 10 1 49 300
13 53 37 45 -2 20 0 0.03 M M 20.5 33 290 M M 6 1 55 290
14 76 45 61 13 4 0 0.30 M M 14.2 31 260 M M 2 13 50 270
15 69 48 59 11 6 0 0.07 M M 9.8 20 310 M M 4 13 26 330
16 73 43 58 10 7 0 0.00 M M 5.5 12 310 M M 0 17 300
17 70 53 62 13 3 0 0.83 M M 7.3 36 300 M M 6 13 53 310
18 63 53 58 9 7 0 0.00 M M 8.2 18 280 M M 6 26 290
================================================================================
SM 1063 766 250 0 8.50 M 181.5 M 116
================================================================================
AV 59.1 42.6 10.1 FASTST M M 6 MAX(MPH)
MISC ----> 36 300 55 290
================================================================================
NOTES:
# LAST OF SEVERAL OCCURRENCES
COLUMN 17 PEAK WIND IN M.P.H.
PRELIMINARY LOCAL CLIMATOLOGICAL DATA (WS FORM: F-6) , PAGE 2
STATION: JOHNSTOWN
MONTH: APRIL
YEAR: 2024
LATITUDE: 40 18 N
LONGITUDE: 78 50 W
[TEMPERATURE DATA] [PRECIPITATION DATA] SYMBOLS USED IN COLUMN 16
AVERAGE MONTHLY: 50.8 TOTAL FOR MONTH: 8.50 1 = FOG OR MIST
DPTR FM NORMAL: 5.2 DPTR FM NORMAL: 6.40 2 = FOG REDUCING VISIBILITY
HIGHEST: 76 ON 14 GRTST 24HR 2.68 ON 2- 2 TO 1/4 MILE OR LESS
LOWEST: 30 ON 5 3 = THUNDER
SNOW, ICE PELLETS, HAIL 4 = ICE PELLETS
TOTAL MONTH: M 5 = HAIL
GRTST 24HR M ON M 6 = FREEZING RAIN OR DRIZZLE
GRTST DEPTH: M ON M 7 = DUSTSTORM OR SANDSTORM:
VSBY 1/2 MILE OR LESS
8 = SMOKE OR HAZE
[NO. OF DAYS WITH] [WEATHER - DAYS WITH] 9 = BLOWING SNOW
X = TORNADO
MAX 32 OR BELOW: 0 0.01 INCH OR MORE: 12
MAX 90 OR ABOVE: 0 0.10 INCH OR MORE: 9
MIN 32 OR BELOW: 3 0.50 INCH OR MORE: 6
MIN 0 OR BELOW: 0 1.00 INCH OR MORE: 3
[HDD (BASE 65) ]
TOTAL THIS MO. 250 CLEAR (SCALE 0-3) 4
DPTR FM NORMAL -100 PTCLDY (SCALE 4-7) 6
TOTAL FM JUL 1 4974 CLOUDY (SCALE 8-10) 8
DPTR FM NORMAL -897
[CDD (BASE 65) ]
TOTAL THIS MO. 0
DPTR FM NORMAL 0 [PRESSURE DATA]
TOTAL FM JAN 1 0 HIGHEST SLP M ON M
DPTR FM NORMAL 0 LOWEST SLP 29.20 ON 11
[REMARKS]