934
CXUS51 KCTP 010724
CLSJST
CLIMATE REPORT
NATIONAL WEATHER SERVICE STATE COLLEGE PA
324 AM EDT TUE SEP 01 2020
...................................
...THE JOHNSTOWN CLIMATE SUMMARY FOR THE SEASON, FROM
6/1/2020 TO 8/31/2020...
CLIMATE NORMAL PERIOD 1981 TO 2010
CLIMATE RECORD PERIOD 1892 TO 2020
WEATHER OBSERVED NORMAL DEPART LAST YEAR`S
VALUE DATE(S) VALUE FROM VALUE DATE(S)
NORMAL
................................................................
TEMPERATURE (F)
RECORD
HIGH 104 07/09/1936
LOW 32 08/31/1894
HIGHEST 90 07/06 87 07/21
07/07
07/20
LOWEST 39 06/01 39 06/04
AVG. MAXIMUM 79.6 76.2 3.4 76.8
AVG. MINIMUM 61.7 58.4 3.3 60.2
MEAN 70.6 67.3 3.3 68.5
DAYS MAX >= 90 2 MM MM 0
DAYS MAX <= 32 0 MM MM 0
DAYS MIN <= 32 0 MM MM 0
DAYS MIN <= 0 0 MM MM 0
PRECIPITATION (INCHES)
RECORD
MAXIMUM 26.89 1980
MINIMUM 6.25 1894
TOTALS 13.09 11.71 1.38 12.66
DAILY AVG. 0.14 0.13 0.01 0.14
DAYS >= .01 35 MM MM 41
DAYS >= .10 18 MM MM 31
DAYS >= .50 11 MM MM 10
DAYS >= 1.00 6 MM MM 2
GREATEST
24 HR. TOTAL 2.23 MM 1.29
DEGREE DAYS
HEATING TOTAL 37 121 -84 83
SINCE 7/1 3 43 -40 18
COOLING TOTAL 582 336 246 433
SINCE 1/1 607 360 247 467
FREEZE DATES
RECORD
EARLIEST 08/31/1894
LATEST 05/27/1915
EARLIEST MM
LATEST 05/09
................................................................
WIND (MPH)
AVERAGE WIND SPEED 7.0
RESULTANT WIND SPEED/DIRECTION 3/250
HIGHEST WIND SPEED/DIRECTION 39/190 DATE 07/05
HIGHEST GUST SPEED/DIRECTION 50/180 DATE 07/05
SKY COVER
POSSIBLE SUNSHINE (PERCENT) MM
AVERAGE SKY COVER 0.37
NUMBER OF DAYS FAIR 48
NUMBER OF DAYS PC 38
NUMBER OF DAYS CLOUDY 6
WEATHER CONDITIONS. NUMBER OF DAYS WITH
THUNDERSTORM 26 MIXED PRECIP 0
HEAVY RAIN 13 RAIN 21
LIGHT RAIN 43 FREEZING RAIN 0
LT FREEZING RAIN 0 HAIL 0
HEAVY SNOW 0 SNOW 0
LIGHT SNOW 0 SLEET 0
FOG 44 FOG W/VIS <= 1/4 MILE 14
HAZE 8
- INDICATES NEGATIVE NUMBERS.
R INDICATES RECORD WAS SET OR TIED.
MM INDICATES DATA IS MISSING.
T INDICATES TRACE AMOUNT.
$$