000
CXUS54 KFWD 072154
CF6JWY
PRELIMINARY LOCAL CLIMATOLOGICAL DATA (WS FORM: F-6)
STATION: WAXAHACHIE
MONTH: AUGUST
YEAR: 2022
LATITUDE: 32 27 N
LONGITUDE: 96 54 W
TEMPERATURE IN F: :PCPN: SNOW: WIND :SUNSHINE: SKY :PK WND
================================================================================
1 2 3 4 5 6A 6B 7 8 9 10 11 12 13 14 15 16 17 18
12Z AVG MX 2MIN
DY MAX MIN AVG DEP HDD CDD WTR SNW DPTH SPD SPD DIR MIN PSBL S-S WX SPD DR
================================================================================
1 100 76 88 4 0 23 0.00 M M 6.5 12 180 M M 7 16 180
2 102 79 91 6 0 26 0.00 M M 10.3 16 210 M M 5 24 230
3 103 78 91 6 0 26 0.00 M M 11.3 18 190 M M 7 26 190
4 101 77 89 4 0 24 0.00 M M 8.0 17 200 M M 6 23 200
5 103 79 91 6 0 26 0.00 M M 7.6 14 170 M M 8 22 140
6 99 75 87 2 0 22 0.00 M M 6.6 12 160 M M 7 18 150
7 99 75 87 2 0 22 0.00 M M 8.0 15 170 M M 7 22 170
8 102 78 90 5 0 25 0.00 M M 6.3 12 200 M M 8 22 220
9 102 76 89 4 0 24 0.09 M M 3.7 12 40 M M 4 22 140
10 99 74 87 3 0 22 0.00 M M 3.5 14 20 M M 1 22 180
11 99 71 85 1 0 20 0.00 M M 2.9 13 50 M M 2 17 20
12 97 75 86 2 0 21 0.00 M M 4.1 12 40 M M 3 16 40
13 99 76 88 4 0 23 0.00 M M 3.6 7 100 M M 3 M M
14 98 72 85 1 0 20 0.00 M M 3.6 10 140 M M 5 20 140
15 100 75 88 4 0 23 0.00 M M 4.1 12 190 M M 5 17 180
16 101 76 89 5 0 24 0.00 M M 3.8 8 180 M M 2 17 180
17 105 72 89 5 0 24 1.04 M M 7.6 22 200 M M 3 33 200
18 86 71 79 -5 0 14 0.00 M M 3.2 8 340 M M 4 1 M M
19 93 73 83 -1 0 18 0.00 M M 2.1 7 180 M M 6 1 21 170
20 91 73 82 -2 0 17 0.00 M M 6.3 13 210 M M 4 1 22 160
21 90 74 82 -2 0 17 0.46 M M 5.5 13 210 M M 6 20 180
22 77 70 74 -10 0 9 3.20 M M 1.9 12 330 M M 9 18 330
23 82 72 77 -6 0 12 0.08 M M 4.7 9 360 M M 9 M M
24 87 73 80 -3 0 15 0.13 M M 4.0 9 30 M M 8 M M
25 91 70 81 -2 0 16 0.00 M M 3.1 9 60 M M 3 M M
26 92 71 82 -1 0 17 0.00 M M 2.8 10 10 M M 3 M M
27 95 73 84 1 0 19 0.00 M M 3.1 8 170 M M 2 M M
28 96 76 86 4 0 21 0.00 M M 8.5 15 190 M M 1 22 190
29 93 75 84 2 0 19 0.00 M M 5.9 10 170 M M 4 M M
30 89 74 82 0 0 17 0.00 M M 3.9 10 190 M M 6 M M
31 91 72 82 0 0 17 0.00 M M 3.7 12 240 M M 4 1 16 190
================================================================================
SM 2962 2301 0 623 5.00 M 160.5 M 152
================================================================================
AV 95.5 74.2 5.2 FASTST M M 5 MAX(MPH)
MISC ----> 22 200 33 200
================================================================================
NOTES:
# LAST OF SEVERAL OCCURRENCES
COLUMN 17 PEAK WIND IN M.P.H.
PRELIMINARY LOCAL CLIMATOLOGICAL DATA (WS FORM: F-6) , PAGE 2
STATION: WAXAHACHIE
MONTH: AUGUST
YEAR: 2022
LATITUDE: 32 27 N
LONGITUDE: 96 54 W
[TEMPERATURE DATA] [PRECIPITATION DATA] SYMBOLS USED IN COLUMN 16
AVERAGE MONTHLY: 84.9 TOTAL FOR MONTH: 5.00 1 = FOG OR MIST
DPTR FM NORMAL: 1.1 DPTR FM NORMAL: 2.66 2 = FOG REDUCING VISIBILITY
HIGHEST: 105 ON 17 GRTST 24HR 3.20 ON 22-22 TO 1/4 MILE OR LESS
LOWEST: 70 ON 22,25 3 = THUNDER
SNOW, ICE PELLETS, HAIL 4 = ICE PELLETS
TOTAL MONTH: M 5 = HAIL
GRTST 24HR M ON M 6 = FREEZING RAIN OR DRIZZLE
GRTST DEPTH: M ON M 7 = DUSTSTORM OR SANDSTORM:
VSBY 1/2 MILE OR LESS
8 = SMOKE OR HAZE
[NO. OF DAYS WITH] [WEATHER - DAYS WITH] 9 = BLOWING SNOW
X = TORNADO
MAX 32 OR BELOW: 0 0.01 INCH OR MORE: 6
MAX 90 OR ABOVE: 26 0.10 INCH OR MORE: 4
MIN 32 OR BELOW: 0 0.50 INCH OR MORE: 2
MIN 0 OR BELOW: 0 1.00 INCH OR MORE: 2
[HDD (BASE 65) ]
TOTAL THIS MO. 0 CLEAR (SCALE 0-3) 10
DPTR FM NORMAL 0 PTCLDY (SCALE 4-7) 18
TOTAL FM JUL 1 0 CLOUDY (SCALE 8-10) 3
DPTR FM NORMAL 0
[CDD (BASE 65) ]
TOTAL THIS MO. 623
DPTR FM NORMAL 40 [PRESSURE DATA]
TOTAL FM JAN 1 2503 HIGHEST SLP M ON M
DPTR FM NORMAL 566 LOWEST SLP M ON M
[REMARKS]
#FINAL-08-22#