000
CXUS54 KFWD 072139
CF6JWY
PRELIMINARY LOCAL CLIMATOLOGICAL DATA (WS FORM: F-6)
STATION: WAXAHACHIE
MONTH: APRIL
YEAR: 2022
LATITUDE: 32 27 N
LONGITUDE: 96 54 W
TEMPERATURE IN F: :PCPN: SNOW: WIND :SUNSHINE: SKY :PK WND
================================================================================
1 2 3 4 5 6A 6B 7 8 9 10 11 12 13 14 15 16 17 18
12Z AVG MX 2MIN
DY MAX MIN AVG DEP HDD CDD WTR SNW DPTH SPD SPD DIR MIN PSBL S-S WX SPD DR
================================================================================
1 74 43 59 -1 6 0 0.00 M M 4.9 12 140 M M 0 18 130
2 76 49 63 3 2 0 0.08 M M 5.2 15 350 M M 1 25 360
3 82 54 68 8 0 3 0.00 M M 8.1 20 190 M M 0 24 190
4 78 56 67 6 0 2 0.81 M M 8.6 16 360 M M 7 1 30 360
5 92 55 74 13 0 9 0.00 M M 7.5 15 180 M M 3 12 26 230
6 74 54 64 3 1 0 0.00 M M 15.1 23 350 M M 0 38 360
7 69 46 58 -4 7 0 0.00 M M 12.0 29 310 M M 3 45 320
8 68 44 56 -6 9 0 0.00 M M 10.8 24 320 M M 1 36 310
9 85 42 64 2 1 0 0.00 M M 8.7 17 190 M M 0 26 170
10 82 60 71 9 0 6 0.00 M M 17.3 24 190 M M 3 36 190
11 84 69 77 14 0 12 0.01 M M 14.1 28 200 M M 6 32 200
12 82 61 72 9 0 7 0.14 M M 12.7 24 190 M M 7 31 190
13 81 57 69 6 0 4 0.30 M M 14.2 23 210 M M 4 31 170
14 74 46 60 -4 5 0 0.00 M M 4.3 9 110 M M 0 M M
15 81 54 68 4 0 3 0.00 M M 8.3 15 190 M M 5 25 190
16 83 57 70 6 0 5 0.00 M M 9.1 14 350 M M 9 1 20 180
17 77 57 67 3 0 2 0.00 M M 4.8 10 330 M M 6 16 320
18 72 49 61 -4 4 0 0.00 M M 6.5 13 10 M M 2 18 10
19 73 50 62 -3 3 0 0.00 M M 8.1 17 170 M M 4 30 170
20 87 64 76 11 0 11 0.00 M M 16.9 25 200 M M 7 1 36 190
21 82 70 76 10 0 11 0.00 M M 11.4 15 160 M M 9 25 160
22 84 69 77 11 0 12 0.00 M M 13.2 20 170 M M 6 29 170
23 83 67 75 9 0 10 0.00 M M 16.4 22 190 M M 9 29 170
24 83 61 72 6 0 7 0.02 M M 10.6 18 180 M M 9 26 170
25 66 58 62 -5 3 0 1.19 M M 8.4 15 360 M M 7 24 50
26 72 49 61 -6 4 0 0.00 M M 4.6 8 90 M M 1 20 80
27 77 50 64 -3 1 0 0.00 M M 4.3 10 180 M M 5 M M
28 81 59 70 2 0 5 0.00 M M 8.5 15 170 M M 5 23 180
29 81 67 74 6 0 9 0.00 M M 13.7 24 170 M M 8 31 170
30 83 60 72 4 0 7 0.00 M M 10.5 17 190 M M 4 28 190
================================================================================
SM 2366 1677 46 125 2.55 M 298.8 M 131
================================================================================
AV 78.9 55.9 10.0 FASTST M M 4 MAX(MPH)
MISC ----> 29 310 45 320
================================================================================
NOTES:
# LAST OF SEVERAL OCCURRENCES
COLUMN 17 PEAK WIND IN M.P.H.
PRELIMINARY LOCAL CLIMATOLOGICAL DATA (WS FORM: F-6) , PAGE 2
STATION: WAXAHACHIE
MONTH: APRIL
YEAR: 2022
LATITUDE: 32 27 N
LONGITUDE: 96 54 W
[TEMPERATURE DATA] [PRECIPITATION DATA] SYMBOLS USED IN COLUMN 16
AVERAGE MONTHLY: 67.4 TOTAL FOR MONTH: 2.55 1 = FOG OR MIST
DPTR FM NORMAL: 3.5 DPTR FM NORMAL: -0.79 2 = FOG REDUCING VISIBILITY
HIGHEST: 92 ON 5 GRTST 24HR 1.19 ON 25-25 TO 1/4 MILE OR LESS
LOWEST: 42 ON 9 3 = THUNDER
SNOW, ICE PELLETS, HAIL 4 = ICE PELLETS
TOTAL MONTH: M 5 = HAIL
GRTST 24HR M ON M 6 = FREEZING RAIN OR DRIZZLE
GRTST DEPTH: M ON M 7 = DUSTSTORM OR SANDSTORM:
VSBY 1/2 MILE OR LESS
8 = SMOKE OR HAZE
[NO. OF DAYS WITH] [WEATHER - DAYS WITH] 9 = BLOWING SNOW
X = TORNADO
MAX 32 OR BELOW: 0 0.01 INCH OR MORE: 7
MAX 90 OR ABOVE: 1 0.10 INCH OR MORE: 4
MIN 32 OR BELOW: 0 0.50 INCH OR MORE: 2
MIN 0 OR BELOW: 0 1.00 INCH OR MORE: 1
[HDD (BASE 65) ]
TOTAL THIS MO. 46 CLEAR (SCALE 0-3) 12
DPTR FM NORMAL -59 PTCLDY (SCALE 4-7) 14
TOTAL FM JUL 1 1814 CLOUDY (SCALE 8-10) 4
DPTR FM NORMAL -708
[CDD (BASE 65) ]
TOTAL THIS MO. 125
DPTR FM NORMAL 51 [PRESSURE DATA]
TOTAL FM JAN 1 153 HIGHEST SLP M ON M
DPTR FM NORMAL 62 LOWEST SLP M ON M
[REMARKS]
#FINAL-04-22#