000
CXUS53 KGRR 011010
CF6JXN
PRELIMINARY LOCAL CLIMATOLOGICAL DATA (WS FORM: F-6)
STATION: JACKSON
MONTH: FEBRUARY
YEAR: 2022
LATITUDE: 42 16 N
LONGITUDE: 84 28 W
TEMPERATURE IN F: :PCPN: SNOW: WIND :SUNSHINE: SKY :PK WND
================================================================================
1 2 3 4 5 6A 6B 7 8 9 10 11 12 13 14 15 16 17 18
12Z AVG MX 2MIN
DY MAX MIN AVG DEP HDD CDD WTR SNW DPTH SPD SPD DIR MIN PSBL S-S WX SPD DR
================================================================================
1 47 20 34 10 31 0 0.05 M M 11.3 21 180 M M 5 18 32 180
2 41 20 31 7 34 0 0.72 M M 7.3 15 360 M M 10 12 23 10
3 20 11 16 -8 49 0 T M M 10.3 18 20 M M 9 18 31 360
4 18 2 10 -14 55 0 T M M 4.1 13 350 M M 3 1 18 10
5 22 10 16 -8 49 0 T M M 5.8 18 170 M M 6 18 25 170
6 32 14 23 -1 42 0 0.00 M M 12.4 20 190 M M 0 27 200
7 29 22 26 1 39 0 T M M 10.3 18 200 M M 8 18 25 210
8 32 18 25 0 40 0 T M M 9.3 17 150 M M 6 18 22 140
9 40 31 36 11 29 0 T M M 13.3 21 190 M M 5 1 29 190
10 34 26 30 5 35 0 0.01 M M 11.1 21 190 M M 10 1 29 190
11 36 27 32 7 33 0 0.10 M M 14.5 25 230 M M 9 1 41 250
12 33 16 25 -1 40 0 T M M 8.9 20 270 M M 10 1 30 270
13 19 6 13 -13 52 0 T M M 4.5 12 210 M M 9 18 14 200
14 20 2 11 -15 54 0 0.00 M M 4.8 14 220 M M 8 19 230
15 27 10 19 -7 46 0 0.00 M M 7.4 18 100 M M 2 26 110
16 51 25 38 11 27 0 0.04 M M 17.0 28 180 M M 5 42 190
17 49 20 35 8 30 0 1.04 M M 10.4 20 180 M M 10 126 31 190
18 29 14 22 -5 43 0 T M M 14.5 36 210 M M 6 18 60 200
19 29 9 19 -8 46 0 0.01 M M 13.9 31 220 M M 6 18 49 250
20 46 11 29 1 36 0 0.00 M M 15.2 30 190 M M 1 47 210
21 49 28 39 11 26 0 0.00 M M 6.8 13 80 M M 1 17 80
22 53 28 41 13 24 0 0.17 M M 11.9 29 260 M M 10 1 46 250
23 28 19 24 -5 41 0 T M M 10.9 21 270 M M 10 32 270
24 29 17 23 -6 42 0 0.01 M M 11.1 18 80 M M 10 18 27 70
25 26 16 21 -8 44 0 0.05 M M 6.5 15 40 M M 9 18 20 40
26 29 16 23 -7 42 0 T M M 12.1 22 230 M M 5 1 31 260
27 40 23 32 2 33 0 0.00 M M 13.0 23 230 M M 0 37 230
28 38 20 29 -1 36 0 0.00 M M 9.1 18 150 M M 4 27 160
================================================================================
SM 946 481 1098 0 2.20 M 287.7 M 177
================================================================================
AV 33.8 17.2 10.3 FASTST M M 6 MAX(MPH)
MISC ----> 36 210 60 200
================================================================================
NOTES:
# LAST OF SEVERAL OCCURRENCES
COLUMN 17 PEAK WIND IN M.P.H.
PRELIMINARY LOCAL CLIMATOLOGICAL DATA (WS FORM: F-6) , PAGE 2
STATION: JACKSON
MONTH: FEBRUARY
YEAR: 2022
LATITUDE: 42 16 N
LONGITUDE: 84 28 W
[TEMPERATURE DATA] [PRECIPITATION DATA] SYMBOLS USED IN COLUMN 16
AVERAGE MONTHLY: 25.5 TOTAL FOR MONTH: 2.20 1 = FOG OR MIST
DPTR FM NORMAL: -1.1 DPTR FM NORMAL: 0.68 2 = FOG REDUCING VISIBILITY
HIGHEST: 53 ON 22 GRTST 24HR 1.08 ON 16-17 TO 1/4 MILE OR LESS
LOWEST: 2 ON 14, 4 3 = THUNDER
SNOW, ICE PELLETS, HAIL 4 = ICE PELLETS
TOTAL MONTH: M 5 = HAIL
GRTST 24HR M ON M 6 = FREEZING RAIN OR DRIZZLE
GRTST DEPTH: M ON M 7 = DUSTSTORM OR SANDSTORM:
VSBY 1/2 MILE OR LESS
8 = SMOKE OR HAZE
[NO. OF DAYS WITH] [WEATHER - DAYS WITH] 9 = BLOWING SNOW
X = TORNADO
MAX 32 OR BELOW: 15 0.01 INCH OR MORE: 10
MAX 90 OR ABOVE: 0 0.10 INCH OR MORE: 4
MIN 32 OR BELOW: 28 0.50 INCH OR MORE: 2
MIN 0 OR BELOW: 0 1.00 INCH OR MORE: 1
[HDD (BASE 65) ]
TOTAL THIS MO. 1098 CLEAR (SCALE 0-3) 6
DPTR FM NORMAL 22 PTCLDY (SCALE 4-7) 11
TOTAL FM JUL 1 4561 CLOUDY (SCALE 8-10) 11
DPTR FM NORMAL -210
[CDD (BASE 65) ]
TOTAL THIS MO. 0
DPTR FM NORMAL 0 [PRESSURE DATA]
TOTAL FM JAN 1 0 HIGHEST SLP 30.57 ON 15
DPTR FM NORMAL 0 LOWEST SLP 29.53 ON 11
[REMARKS]
#FINAL-02-22#