000
CXUS53 KGID 011427
CF6JYR
PRELIMINARY LOCAL CLIMATOLOGICAL DATA (WS FORM: F-6)
STATION: YORK
MONTH: FEBRUARY
YEAR: 2021
LATITUDE: 40 54 N
LONGITUDE: 97 37 W
TEMPERATURE IN F: :PCPN: SNOW: WIND :SUNSHINE: SKY :PK WND
================================================================================
1 2 3 4 5 6A 6B 7 8 9 10 11 12 13 14 15 16 17 18
12Z AVG MX 2MIN
DY MAX MIN AVG DEP HDD CDD WTR SNW DPTH SPD SPD DIR MIN PSBL S-S WX SPD DR
================================================================================
1 27 9 18 M 47 0 T M M 0.0 9 M M M 10 2 M M
2 32 19 26 M 39 0 T M M 0.0 M M M M 10 12 M M
3 45 18 32 M 33 0 T M M 5.5 15 180 M M 3 12 21 310
4 36 18 27 M 38 0 M M M 17.4 28 330 M M 3 1 39 350
5 27 10 19 M 46 0 0.00 M M 4.2 14 280 M M 4 18 300
6 18 -2 8 M 57 0 M M M 8.5 24 10 M M 7 128 31 10
7 5 1 3 M 62 0 M M M 10.7 16 110 M M 9 18 22 110
8 1 -17 -8 M 73 0 0.00 M M 7.0 13 30 M M 4 18 30
9 5 -22 -8 M 73 0 0.00 M M 0.9 8 310 M M 2 M M
10 10 -4 3 M 62 0 0.00 M M 5.7 12 20 M M 4 M M
11 7 -4 2 M 63 0 T M M 9.7 16 20 M M 5 8 M M
12 0 -6 -3 M 68 0 M M M 11.2 20 20 M M 6 8 24 20
13 1 -8 -3 M 68 0 M M M 5.3 17 10 M M 5 24 10
14 -2 -17 -9 M 74 0 M M M 15.5 23 10 M M 8 8 27 10
15 -9 -26 -17 M 82 0 0.00 M M 3.9 9 70 M M 2 M M
16 M -31 M M M M M M M 0.0 M M M M 0 M M
17 M M M M M M M M M M M M M M 0 M M
18 M M M M M M M M M M M M M M 0 M M
19 M M M M M M M M M M M M M M 0 M M
20 M M M M M M M M M M M M M M 0 M M
21 M M M M M M M M M M M M M M 0 M M
22 M M M M M M M M M M M M M M 0 M M
23 M M M M M M M M M M M M M M 0 M M
24 M M M M M M M M M M M M M M 0 M M
25 M M M M M M M M M M M M M M 0 M M
26 M M M M M M M M M M M M M M 0 M M
27 M M M M M M M M M M M M M M 0 M M
28 M M M M M M M M M M M M M M 0 M M
================================================================================
SM M M M M M M M M M
================================================================================
AV M M 6.6 FASTST M M M MAX(MPH)
MISC ----> M M M M
================================================================================
NOTES:
# LAST OF SEVERAL OCCURRENCES
COLUMN 17 PEAK WIND IN M.P.H.
PRELIMINARY LOCAL CLIMATOLOGICAL DATA (WS FORM: F-6) , PAGE 2
STATION: YORK
MONTH: FEBRUARY
YEAR: 2021
LATITUDE: 40 54 N
LONGITUDE: 97 37 W
[TEMPERATURE DATA] [PRECIPITATION DATA] SYMBOLS USED IN COLUMN 16
AVERAGE MONTHLY: M TOTAL FOR MONTH: M 1 = FOG OR MIST
DPTR FM NORMAL: M DPTR FM NORMAL: M 2 = FOG REDUCING VISIBILITY
HIGHEST: M ON M GRTST 24HR M ON M TO 1/4 MILE OR LESS
LOWEST: M ON M 3 = THUNDER
SNOW, ICE PELLETS, HAIL 4 = ICE PELLETS
TOTAL MONTH: M 5 = HAIL
GRTST 24HR M ON M 6 = FREEZING RAIN OR DRIZZLE
GRTST DEPTH: M ON M 7 = DUSTSTORM OR SANDSTORM:
VSBY 1/2 MILE OR LESS
8 = SMOKE OR HAZE
[NO. OF DAYS WITH] [WEATHER - DAYS WITH] 9 = BLOWING SNOW
X = TORNADO
MAX 32 OR BELOW: M 0.01 INCH OR MORE: M
MAX 90 OR ABOVE: M 0.10 INCH OR MORE: M
MIN 32 OR BELOW: M 0.50 INCH OR MORE: M
MIN 0 OR BELOW: M 1.00 INCH OR MORE: M
[HDD (BASE 65) ]
TOTAL THIS MO. M CLEAR (SCALE 0-3) M
DPTR FM NORMAL M PTCLDY (SCALE 4-7) M
TOTAL FM JUL 1 M CLOUDY (SCALE 8-10) M
DPTR FM NORMAL M
[CDD (BASE 65) ]
TOTAL THIS MO. M
DPTR FM NORMAL M [PRESSURE DATA]
TOTAL FM JAN 1 M HIGHEST SLP M ON M
DPTR FM NORMAL M LOWEST SLP M ON M
[REMARKS]
#FINAL-02-21#