000
CXHW53 PHFO 011250
CF6KOA
PRELIMINARY LOCAL CLIMATOLOGICAL DATA (WS FORM: F-6)
STATION: KONA HI
MONTH: MAY
YEAR: 2023
LATITUDE: 19 38 N
LONGITUDE: 156 0 W
TEMPERATURE IN F: :PCPN: SNOW: WIND :SUNSHINE: SKY :PK WND
================================================================================
1 2 3 4 5 6A 6B 7 8 9 10 11 12 13 14 15 16 17 18
12Z AVG MX 2MIN
DY MAX MIN AVG DEP HDD CDD WTR SNW DPTH SPD SPD DIR MIN PSBL S-S WX SPD DR
================================================================================
1 84 71 78 0 0 13 0.00 M M 7.7 16 180 M M 4 19 190
2 85 72 79 1 0 14 0.00 M M 8.0 16 240 M M 2 19 310
3 85 73 79 1 0 14 0.00 M M 8.8 15 230 M M 3 19 240
4 85 75 80 2 0 15 0.00 M M 7.6 22 50 M M 6 26 60
5 85 73 79 1 0 14 0.00 M M 8.4 16 240 M M 4 19 230
6 85 73 79 1 0 14 0.00 M M 7.1 16 240 M M 5 19 230
7 85 72 79 1 0 14 T M M 8.6 17 120 M M 5 20 190
8 85 71 78 0 0 13 0.00 M M 8.0 14 130 M M 3 17 230
9 86 73 80 2 0 15 T M M 8.4 25 40 M M 5 28 30
10 84 73 79 1 0 14 0.00 M M 8.3 16 180 M M 7 19 180
11 85 72 79 1 0 14 0.01 M M 8.8 17 150 M M 4 20 150
12 84 73 79 1 0 14 0.00 M M 9.4 14 130 M M 5 16 240
13 86 73 80 2 0 15 0.00 M M 9.6 17 150 M M 5 20 140
14 87 72 80 2 0 15 0.00 M M 9.2 21 320 M M 2 26 330
15 85 74 80 2 0 15 0.00 M M 9.3 18 10 M M 4 22 120
16 85 72 79 1 0 14 0.00 M M 7.8 15 260 M M 2 17 260
17 85 73 79 1 0 14 0.00 M M 8.1 15 250 M M 2 17 230
18 84 74 79 1 0 14 0.04 M M 6.6 12 330 M M 7 14 250
19 85 74 80 2 0 15 0.02 M M 9.5 32 270 M M 6 38 260
20 84 74 79 1 0 14 0.00 M M 8.0 13 250 M M 5 16 320
21 87 75 81 2 0 16 0.01 M M 7.7 21 360 M M 8 26 360
22 83 73 78 -1 0 13 0.13 M M 8.9 18 130 M M 8 18 20 130
23 82 72 77 -2 0 12 0.03 M M 8.2 15 140 M M 9 1 17 160
24 85 73 79 0 0 14 0.00 M M 8.5 16 180 M M 6 21 180
25 82 73 78 -1 0 13 0.28 M M 7.4 17 20 M M 6 1 24 70
26 84 71 78 -1 0 13 0.00 M M 7.6 14 240 M M 5 17 190
27 84 70 77 -2 0 12 0.00 M M 7.9 14 240 M M 2 16 230
28 83 72 78 -1 0 13 0.00 M M 9.5 16 270 M M 5 18 280
29 85 74 80 1 0 15 0.21 M M 8.7 15 20 M M 5 8 20 240
30 85 74 80 1 0 15 T M M 7.5 20 20 M M 7 22 20
31 85 73 79 0 0 14 0.00 M M 8.1 15 190 M M 4 19 210
================================================================================
SM 2624 2257 0 434 0.73 M 257.2 M 151
================================================================================
AV 84.6 72.8 8.3 FASTST M M 5 MAX(MPH)
MISC ----> 32 270 38 260
================================================================================
NOTES:
# LAST OF SEVERAL OCCURRENCES
COLUMN 17 PEAK WIND IN M.P.H.
PRELIMINARY LOCAL CLIMATOLOGICAL DATA (WS FORM: F-6) , PAGE 2
STATION: KONA HI
MONTH: MAY
YEAR: 2023
LATITUDE: 19 38 N
LONGITUDE: 156 0 W
[TEMPERATURE DATA] [PRECIPITATION DATA] SYMBOLS USED IN COLUMN 16
AVERAGE MONTHLY: 78.7 TOTAL FOR MONTH: 0.73 1 = FOG OR MIST
DPTR FM NORMAL: 0.4 DPTR FM NORMAL: 0.09 2 = FOG REDUCING VISIBILITY
HIGHEST: 87 ON 21,14 GRTST 24HR 0.28 ON 25-25 TO 1/4 MILE OR LESS
LOWEST: 70 ON 27 3 = THUNDER
SNOW, ICE PELLETS, HAIL 4 = ICE PELLETS
TOTAL MONTH: M 5 = HAIL
GRTST 24HR M ON M 6 = FREEZING RAIN OR DRIZZLE
GRTST DEPTH: M ON M 7 = DUSTSTORM OR SANDSTORM:
VSBY 1/2 MILE OR LESS
8 = SMOKE OR HAZE
[NO. OF DAYS WITH] [WEATHER - DAYS WITH] 9 = BLOWING SNOW
X = TORNADO
MAX 32 OR BELOW: 0 0.01 INCH OR MORE: 8
MAX 90 OR ABOVE: 0 0.10 INCH OR MORE: 3
MIN 32 OR BELOW: 0 0.50 INCH OR MORE: 0
MIN 0 OR BELOW: 0 1.00 INCH OR MORE: 0
[HDD (BASE 65) ]
TOTAL THIS MO. 0 CLEAR (SCALE 0-3) 6
DPTR FM NORMAL 0 PTCLDY (SCALE 4-7) 23
TOTAL FM JUL 1 0 CLOUDY (SCALE 8-10) 2
DPTR FM NORMAL 0
[CDD (BASE 65) ]
TOTAL THIS MO. 434
DPTR FM NORMAL 22 [PRESSURE DATA]
TOTAL FM JAN 1 1868 HIGHEST SLP 30.13 ON 31
DPTR FM NORMAL 163 LOWEST SLP 29.88 ON 4
[REMARKS]
#FINAL-05-23#