000
CXUS55 KPUB 011210
CF6LAA
PRELIMINARY LOCAL CLIMATOLOGICAL DATA (WS FORM: F-6)
STATION: LAMAR CO
MONTH: AUGUST
YEAR: 2023
LATITUDE: 38 4 N
LONGITUDE: 102 41 W
TEMPERATURE IN F: :PCPN: SNOW: WIND :SUNSHINE: SKY :PK WND
================================================================================
1 2 3 4 5 6A 6B 7 8 9 10 11 12 13 14 15 16 17 18
12Z AVG MX 2MIN
DY MAX MIN AVG DEP HDD CDD WTR SNW DPTH SPD SPD DIR MIN PSBL S-S WX SPD DR
================================================================================
1 94 68 81 2 0 16 0.01 M M 7.2 29 230 M M 2 3 42 230
2 97 63 80 1 0 15 0.00 M M 5.3 14 160 M M 0 20 170
3 94 63 79 1 0 14 0.46 M M 6.8 32 30 M M 2 13 45 20
4 93 63 78 0 0 13 0.01 M M 6.6 31 180 M M 1 3 47 190
5 90 62 76 -2 0 11 0.04 M M 6.9 21 80 M M 3 13 32 70
6 84 59 72 -6 0 7 0.02 M M 6.0 17 20 M M 6 3 26 20
7 92 60 76 -2 0 11 T M M 10.6 31 50 M M 2 42 40
8 91 62 77 -1 0 12 0.00 M M 12.7 26 60 M M 2 39 60
9 86 62 74 -4 0 9 0.06 M M 6.0 25 70 M M 3 3 37 50
10 98 59 79 1 0 14 0.00 M M 5.3 18 220 M M 0 26 200
11 98 60 79 2 0 14 0.00 M M 7.6 18 40 M M 0 23 50
12 87 62 75 -2 0 10 0.14 M M 6.0 16 200 M M 3 1 24 10
13 85 58 72 -5 0 7 T M M 10.0 28 40 M M 3 12 39 40
14 83 59 71 -6 0 6 0.00 M M 4.7 12 40 M M 6 17 270
15 94 50 72 -5 0 7 0.00 M M 3.9 14 140 M M 0 19 130
16 105 53 79 2 0 14 0.00 M M 5.3 14 210 M M 0 1 22 220
17 93 64 79 3 0 14 0.00 M M 9.2 18 140 M M 0 26 90
18 108 65 87 11 0 22 0.00 M M 10.7 22 190 M M 0 31 190
19 105 63 84 8 0 19 0.00 M M 9.4 21 180 M M 0 29 100
20 101 60 81 5 0 16 0.00 M M 11.7 24 180 M M 0 35 200
21 102 63 83 7 0 18 0.00 M M 14.5 26 190 M M 0 37 170
22 101 63 82 6 0 17 0.00 M M 12.3 24 190 M M 0 33 170
23 101 70 86 11 0 21 0.00 M M 12.6 24 190 M M 0 34 200
24 100 64 82 7 0 17 0.00 M M 13.5 25 210 M M 0 34 180
25 99 63 81 6 0 16 0.16 M M 11.3 32 20 M M 2 13 45 20
26 81 61 71 -4 0 6 T M M 4.5 13 350 M M 7 1 16 360
27 88 58 73 -2 0 8 0.00 M M 7.3 15 110 M M 0 138 23 120
28 91 59 75 1 0 10 0.08 M M 4.5 24 320 M M 1 3 32 330
29 90 56 73 -1 0 8 0.01 M M 6.7 15 30 M M 2 3 22 40
30 94 48 71 -3 0 6 0.00 M M 8.8 18 150 M M 0 28 180
31 99 58 79 5 0 14 0.00 M M 9.0 21 170 M M 0 30 170
================================================================================
SM 2924 1878 0 392 0.99 M 256.9 M 45
================================================================================
AV 94.3 60.6 8.3 FASTST M M 1 MAX(MPH)
MISC ----> # 32 30 47 190
================================================================================
NOTES:
# LAST OF SEVERAL OCCURRENCES
COLUMN 17 PEAK WIND IN M.P.H.
PRELIMINARY LOCAL CLIMATOLOGICAL DATA (WS FORM: F-6) , PAGE 2
STATION: LAMAR CO
MONTH: AUGUST
YEAR: 2023
LATITUDE: 38 4 N
LONGITUDE: 102 41 W
[TEMPERATURE DATA] [PRECIPITATION DATA] SYMBOLS USED IN COLUMN 16
AVERAGE MONTHLY: 77.5 TOTAL FOR MONTH: 0.99 1 = FOG OR MIST
DPTR FM NORMAL: 1.0 DPTR FM NORMAL: -1.23 2 = FOG REDUCING VISIBILITY
HIGHEST: 108 ON 18 GRTST 24HR 0.46 ON 3- 3 TO 1/4 MILE OR LESS
LOWEST: 48 ON 30 3 = THUNDER
SNOW, ICE PELLETS, HAIL 4 = ICE PELLETS
TOTAL MONTH: M 5 = HAIL
GRTST 24HR M ON M 6 = FREEZING RAIN OR DRIZZLE
GRTST DEPTH: M ON M 7 = DUSTSTORM OR SANDSTORM:
VSBY 1/2 MILE OR LESS
8 = SMOKE OR HAZE
[NO. OF DAYS WITH] [WEATHER - DAYS WITH] 9 = BLOWING SNOW
X = TORNADO
MAX 32 OR BELOW: 0 0.01 INCH OR MORE: 10
MAX 90 OR ABOVE: 24 0.10 INCH OR MORE: 3
MIN 32 OR BELOW: 0 0.50 INCH OR MORE: 0
MIN 0 OR BELOW: 0 1.00 INCH OR MORE: 0
[HDD (BASE 65) ]
TOTAL THIS MO. 0 CLEAR (SCALE 0-3) 28
DPTR FM NORMAL -2 PTCLDY (SCALE 4-7) 3
TOTAL FM JUL 1 0 CLOUDY (SCALE 8-10) 0
DPTR FM NORMAL -1
[CDD (BASE 65) ]
TOTAL THIS MO. 392
DPTR FM NORMAL 34 [PRESSURE DATA]
TOTAL FM JAN 1 984 HIGHEST SLP 30.29 ON 14
DPTR FM NORMAL -162 LOWEST SLP 29.64 ON 18
[REMARKS]
#FINAL-08-23#