000
CXUS53 KGRR 010910
CF6LAN
PRELIMINARY LOCAL CLIMATOLOGICAL DATA (WS FORM: F-6)
STATION: LANSING
MONTH: OCTOBER
YEAR: 2022
LATITUDE: 42 46 N
LONGITUDE: 84 36 W
TEMPERATURE IN F: :PCPN: SNOW: WIND :SUNSHINE: SKY :PK WND
================================================================================
1 2 3 4 5 6A 6B 7 8 9 10 11 12 13 14 15 16 17 18
12Z AVG MX 2MIN
DY MAX MIN AVG DEP HDD CDD WTR SNW DPTH SPD SPD DIR MIN PSBL S-S WX SPD DR
================================================================================
1 70 42 56 -1 9 0 0.00 0.0 0 7.6 21 30 M M 1 12 30 30
2 65 41 53 -3 12 0 0.00 0.0 0 10.1 21 50 M M 3 28 40
3 68 36 52 -4 13 0 0.00 0.0 0 1.0 8 120 M M 1 12 11 120
4 73 38 56 1 9 0 0.00 0.0 0 1.9 9 270 M M 0 13 260
5 76 44 60 5 5 0 0.00 0.0 0 2.7 12 250 M M 1 18 16 270
6 72 46 59 4 6 0 0.05 0.0 0 7.6 21 340 M M 6 1 32 350
7 52 35 44 -10 21 0 0.00 0.0 0 9.0 17 360 M M 8 29 340
8 54 33 44 -10 21 0 0.00 0.0 0 11.4 25 250 M M 5 33 260
9 67 40 54 1 11 0 T 0.0 0 8.4 21 260 M M 4 26 260
10 69 39 54 1 11 0 0.00 0.0 0 3.2 8 170 M M 2 12 170
11 76 45 61 8 4 0 0.34 0.0 0 9.5 24 220 M M 4 1 34 210
12 71 45 58 6 7 0 0.18 0.0 0 12.8 31 210 M M 9 1 43 230
13 55 39 47 -5 18 0 0.07 0.0 0 12.0 33 240 M M 6 1 43 270
14 56 39 48 -4 17 0 0.00 0.0 0 10.8 24 220 M M 8 31 210
15 53 39 46 -5 19 0 0.09 0.0 0 10.6 25 250 M M 5 1 33 230
16 56 42 49 -2 16 0 0.04 0.0 0 8.7 20 250 M M 9 25 240
17 49 37 43 -7 22 0 0.21 0.0 0 13.4 21 300 M M 9 1 32 330
18 42 38 40 -10 25 0 0.06 0.0 0 16.5 25 300 M M 10 1 38 290
19 47 35 41 -9 24 0 0.05 0.0 0 13.6 25 260 M M 10 33 270
20 51 35 43 -6 22 0 0.01 T 0 8.4 17 240 M M 4 21 220
21 69 35 52 3 13 0 0.00 0.0 0 11.0 21 200 M M 0 30 200
22 76 51 64 15 1 0 0.00 0.0 0 11.8 21 180 M M 0 31 210
23 76 53 65 17 0 0 0.00 0.0 0 10.3 23 140 M M 1 34 140
24 78 58 68 20 0 3 0.00 0.0 0 11.5 21 180 M M 0 27 160
25 72 54 63 15 2 0 0.09 0.0 0 10.4 24 170 M M 4 1 34 150
26 61 41 51 4 14 0 0.36 0.0 0 10.9 21 320 M M 10 1 31 310
27 54 31 43 -4 22 0 0.00 0.0 0 3.1 9 50 M M 1 14 350
28 60 35 48 2 17 0 0.00 0.0 0 3.6 9 100 M M 0 14 140
29 64 29 47 1 18 0 0.00 0.0 0 2.2 9 130 M M 2 12 12 120
30 61 35 48 2 17 0 0.00 0.0 0 2.6 9 170 M M 0 18 11 170
31 59 50 55 10 10 0 0.29 0.0 0 2.1 8 130 M M 10 12 9 130
================================================================================
SM 1952 1260 406 3 1.84 T 258.7 M 133
================================================================================
AV 63.0 40.6 8.3 FASTST M M 4 MAX(MPH)
MISC ----> 33 240 # 43 230
================================================================================
NOTES:
# LAST OF SEVERAL OCCURRENCES
COLUMN 17 PEAK WIND IN M.P.H.
PRELIMINARY LOCAL CLIMATOLOGICAL DATA (WS FORM: F-6) , PAGE 2
STATION: LANSING
MONTH: OCTOBER
YEAR: 2022
LATITUDE: 42 46 N
LONGITUDE: 84 36 W
[TEMPERATURE DATA] [PRECIPITATION DATA] SYMBOLS USED IN COLUMN 16
AVERAGE MONTHLY: 51.8 TOTAL FOR MONTH: 1.84 1 = FOG OR MIST
DPTR FM NORMAL: 1.0 DPTR FM NORMAL: -1.32 2 = FOG REDUCING VISIBILITY
HIGHEST: 78 ON 24 GRTST 24HR 0.52 ON 11-12 TO 1/4 MILE OR LESS
LOWEST: 29 ON 29 3 = THUNDER
SNOW, ICE PELLETS, HAIL 4 = ICE PELLETS
TOTAL MONTH: T 5 = HAIL
GRTST 24HR T ON 20-20 6 = FREEZING RAIN OR DRIZZLE
GRTST DEPTH: 0 7 = DUSTSTORM OR SANDSTORM:
VSBY 1/2 MILE OR LESS
8 = SMOKE OR HAZE
[NO. OF DAYS WITH] [WEATHER - DAYS WITH] 9 = BLOWING SNOW
X = TORNADO
MAX 32 OR BELOW: 0 0.01 INCH OR MORE: 13
MAX 90 OR ABOVE: 0 0.10 INCH OR MORE: 5
MIN 32 OR BELOW: 2 0.50 INCH OR MORE: 0
MIN 0 OR BELOW: 0 1.00 INCH OR MORE: 0
[HDD (BASE 65) ]
TOTAL THIS MO. 406 CLEAR (SCALE 0-3) 14
DPTR FM NORMAL -40 PTCLDY (SCALE 4-7) 10
TOTAL FM JUL 1 518 CLOUDY (SCALE 8-10) 7
DPTR FM NORMAL -99
[CDD (BASE 65) ]
TOTAL THIS MO. 3
DPTR FM NORMAL -5 [PRESSURE DATA]
TOTAL FM JAN 1 918 HIGHEST SLP 30.51 ON 28
DPTR FM NORMAL 261 LOWEST SLP 29.55 ON 26
[REMARKS]
#FINAL-10-22#