000
CXUS55 KCYS 011610
CF6LAR
PRELIMINARY LOCAL CLIMATOLOGICAL DATA (WS FORM: F-6)
STATION: LARAMIE WYOMING AIRPORT
MONTH: SEPTEMBER
YEAR: 2023
LATITUDE: 41 18 N
LONGITUDE: 105 40 W
TEMPERATURE IN F: :PCPN: SNOW: WIND :SUNSHINE: SKY :PK WND
================================================================================
1 2 3 4 5 6A 6B 7 8 9 10 11 12 13 14 15 16 17 18
12Z AVG MX 2MIN
DY MAX MIN AVG DEP HDD CDD WTR SNW DPTH SPD SPD DIR MIN PSBL S-S WX SPD DR
================================================================================
1 87 49 68 9 0 3 T M M 10.6 37 240 M M 2 3 48 240
2 81 48 65 6 0 0 T M M 8.4 22 250 M M 2 3 28 260
3 80 50 65 6 0 0 0.01 M M 8.7 31 150 M M 2 13 50 140
4 76 49 63 5 2 0 T M M 18.9 43 250 M M 2 58 240
5 68 45 57 -1 8 0 0.00 M M 12.1 23 160 M M 3 32 150
6 80 40 60 2 5 0 0.00 M M 10.3 23 160 M M 0 35 270
7 78 44 61 3 4 0 0.00 M M 12.4 29 260 M M 0 38 310
8 82 39 61 4 4 0 0.00 M M 10.8 23 240 M M 0 32 220
9 78 41 60 3 5 0 T M M 9.3 21 130 M M 1 29 330
10 67 47 57 0 8 0 0.11 M M 10.2 22 140 M M 7 1 30 140
11 66 40 53 -3 12 0 0.00 M M 4.9 17 160 M M 3 12 23 170
12 72 34 53 -3 12 0 0.00 M M 7.0 15 340 M M 0 1 23 320
13 75 37 56 0 9 0 T M M 7.1 26 300 M M 2 32 300
14 55 45 50 -5 15 0 0.15 M M 6.7 17 320 M M 8 13 23 350
15 64 37 51 -4 14 0 0.00 M M 3.9 12 50 M M 2 12 14 60
16 72 33 53 -1 12 0 0.00 M M 6.4 14 350 M M 0 19 350
17 77 34 56 2 9 0 0.00 M M 10.2 18 270 M M 1 34 280
18 75 40 58 4 7 0 0.00 M M 11.5 23 240 M M 2 31 320
19 70 45 58 5 7 0 0.01 M M 10.4 29 220 M M 3 39 220
20 72 40 56 3 9 0 0.03 M M 9.7 25 200 M M 2 3 40 190
21 71 41 56 4 9 0 T M M 11.0 22 110 M M 3 3 30 180
22 70 40 55 3 10 0 T M M 15.4 29 230 M M 2 41 350
23 62 37 50 -2 15 0 0.00 M M 14.3 31 260 M M 0 45 270
24 71 32 52 1 13 0 0.00 M M 9.1 18 330 M M 0 28 330
25 75 31 53 2 12 0 0.00 M M 6.2 15 190 M M 0 17 180
26 79 31 55 5 10 0 0.00 M M 7.2 18 160 M M 0 25 160
27 79 35 57 7 8 0 0.00 M M 8.3 17 160 M M 0 23 230
28 80 39 60 11 5 0 0.00 M M 10.9 24 180 M M 0 40 260
29 76 38 57 8 8 0 0.00 M M 12.2 28 150 M M 0 37 150
30 80 38 59 10 6 0 0.00 M M 12.5 29 150 M M 1 37 150
================================================================================
SM 2218 1199 238 3 0.31 M 296.6 M 48
================================================================================
AV 73.9 40.0 9.9 FASTST M M 2 MAX(MPH)
MISC ----> 43 250 58 240
================================================================================
NOTES:
# LAST OF SEVERAL OCCURRENCES
COLUMN 17 PEAK WIND IN M.P.H.
PRELIMINARY LOCAL CLIMATOLOGICAL DATA (WS FORM: F-6) , PAGE 2
STATION: LARAMIE WYOMING AIRPORT
MONTH: SEPTEMBER
YEAR: 2023
LATITUDE: 41 18 N
LONGITUDE: 105 40 W
[TEMPERATURE DATA] [PRECIPITATION DATA] SYMBOLS USED IN COLUMN 16
AVERAGE MONTHLY: 57.0 TOTAL FOR MONTH: 0.31 1 = FOG OR MIST
DPTR FM NORMAL: 2.7 DPTR FM NORMAL: -0.80 2 = FOG REDUCING VISIBILITY
HIGHEST: 87 ON 1 GRTST 24HR 0.15 ON 13-14 TO 1/4 MILE OR LESS
LOWEST: 31 ON 26,25 3 = THUNDER
SNOW, ICE PELLETS, HAIL 4 = ICE PELLETS
TOTAL MONTH: M 5 = HAIL
GRTST 24HR M ON M 6 = FREEZING RAIN OR DRIZZLE
GRTST DEPTH: M ON M 7 = DUSTSTORM OR SANDSTORM:
VSBY 1/2 MILE OR LESS
8 = SMOKE OR HAZE
[NO. OF DAYS WITH] [WEATHER - DAYS WITH] 9 = BLOWING SNOW
X = TORNADO
MAX 32 OR BELOW: 0 0.01 INCH OR MORE: 5
MAX 90 OR ABOVE: 0 0.10 INCH OR MORE: 2
MIN 32 OR BELOW: 3 0.50 INCH OR MORE: 0
MIN 0 OR BELOW: 0 1.00 INCH OR MORE: 0
[HDD (BASE 65) ]
TOTAL THIS MO. 238 CLEAR (SCALE 0-3) 27
DPTR FM NORMAL -83 PTCLDY (SCALE 4-7) 3
TOTAL FM JUL 1 363 CLOUDY (SCALE 8-10) 0
DPTR FM NORMAL -108
[CDD (BASE 65) ]
TOTAL THIS MO. 3
DPTR FM NORMAL 1 [PRESSURE DATA]
TOTAL FM JAN 1 139 HIGHEST SLP 30.25 ON 25
DPTR FM NORMAL 54 LOWEST SLP 29.59 ON 4
[REMARKS]
#FINAL-09-23#