282
CXUS54 KOUN 011317
CF6LAW
PRELIMINARY LOCAL CLIMATOLOGICAL DATA (WS FORM: F-6)
STATION: LAWTON
MONTH: AUGUST
YEAR: 2020
LATITUDE: 34 34 N
LONGITUDE: 98 25 W
TEMPERATURE IN F: :PCPN: SNOW: WIND :SUNSHINE: SKY :PK WND
================================================================================
1 2 3 4 5 6A 6B 7 8 9 10 11 12 13 14 15 16 17 18
12Z AVG MX 2MIN
DY MAX MIN AVG DEP HDD CDD WTR SNW DPTH SPD SPD DIR MIN PSBL S-S WX SPD DR
================================================================================
1 90 63 77 -9 0 12 0.00 0.0 0 9.0 M M M M 0 M M
2 92 66 79 -7 0 14 0.00 0.0 0 9.3 M M M M 1 M M
3 90 69 80 -6 0 15 T 0.0 0 14.3 M M M M 1 M M
4 88 68 78 -8 0 13 0.01 0.0 0 13.8 M 20 M M 2 M 30
5 87 65 76 -10 0 11 0.12 0.0 0 10.4 30 10 M M 1 36 10
6 92 72 82 -4 0 17 0.00 0.0 0 10.5 16 130 M M 2 1 21 200
7 98 74 86 0 0 21 0.00 0.0 0 12.9 23 170 M M 0 30 170
8 98 77 88 3 0 23 0.00 0.0 0 12.0 20 150 M M 0 26 160
9 99 71 85 0 0 20 0.00 0.0 0 11.7 21 170 M M 0 28 130
10 99 74 87 2 0 22 0.00 0.0 0 12.0 24 360 M M 0 33 320
11 101 72 87 2 0 22 0.08 0.0 0 9.5 29 350 M M 2 3 35 360
12 101 72 87 2 0 22 0.00 0.0 0 8.4 17 130 M M 0 22 160
13 104 78 91 6 0 26 0.00 0.0 0 11.8 21 170 M M 0 28 190
14 102 72 87 2 0 22 0.00 0.0 0 8.1 14 30 M M 0 8 17 20
15 100 76 88 3 0 23 0.00 0.0 0 10.3 18 70 M M 0 23 70
16 99 73 86 2 0 21 0.00 0.0 0 9.7 25 30 M M 1 3 32 40
17 99 69 84 0 0 19 0.00 0.0 0 5.5 21 140 M M 2 28 130
18 97 68 83 -1 0 18 0.00 0.0 0 5.8 14 50 M M 0 20 60
19 94 60 77 -7 0 12 0.00 0.0 0 4.5 13 90 M M 0 17 80
20 93 64 79 -5 0 14 0.04 0.0 0 6.1 14 180 M M 1 8 18 130
21 94 63 79 -5 0 14 T 0.0 0 6.4 20 70 M M 1 27 40
22 96 64 80 -3 0 15 0.00 0.0 0 6.1 16 100 M M 1 19 100
23 97 63 80 -3 0 15 0.00 0.0 0 6.1 14 130 M M 0 18 160
24 97 64 81 -2 0 16 0.00 0.0 0 6.1 15 130 M M 0 20 160
25 96 63 80 -2 0 15 0.00 0.0 0 4.2 14 130 M M 0 8 19 140
26 97 68 83 1 0 18 0.00 0.0 0 7.9 25 110 M M 0 29 130
27 98 68 83 1 0 18 0.00 0.0 0 6.0 29 110 M M 1 36 120
28 108 69 89 7 0 24 0.00 0.0 M 6.1 14 220 M M 0 22 230
29 101 72 87 6 0 22 0.00 0.0 0 11.0 23 20 M M 0 27 10
30 92 69 81 0 0 16 1.74 0.0 0 8.5 30 290 M M 3 138 53 290
31 91 75 83 2 0 18 0.42 0.0 0 9.4 24 210 M M 2 138 32 210
================================================================================
SM 2990 2141 0 558 2.41 0.0 273.4 M 21
================================================================================
AV 96.5 69.1 8.8 FASTST M M 1 MAX(MPH)
MISC ----> # 30 10 # 53 290
================================================================================
NOTES:
# LAST OF SEVERAL OCCURRENCES
COLUMN 17 PEAK WIND IN M.P.H.
PRELIMINARY LOCAL CLIMATOLOGICAL DATA (WS FORM: F-6) , PAGE 2
STATION: LAWTON
MONTH: AUGUST
YEAR: 2020
LATITUDE: 34 34 N
LONGITUDE: 98 25 W
[TEMPERATURE DATA] [PRECIPITATION DATA] SYMBOLS USED IN COLUMN 16
AVERAGE MONTHLY: 82.8 TOTAL FOR MONTH: 2.41 1 = FOG OR MIST
DPTR FM NORMAL: -1.2 DPTR FM NORMAL: -0.32 2 = FOG REDUCING VISIBILITY
HIGHEST: 108 ON 28 GRTST 24HR 1.74 ON 30-30 TO 1/4 MILE OR LESS
LOWEST: 60 ON 19 3 = THUNDER
SNOW, ICE PELLETS, HAIL 4 = ICE PELLETS
TOTAL MONTH: 0.0 INCH 5 = HAIL
GRTST 24HR 0.0 6 = FREEZING RAIN OR DRIZZLE
GRTST DEPTH: 0 7 = DUSTSTORM OR SANDSTORM:
VSBY 1/2 MILE OR LESS
8 = SMOKE OR HAZE
[NO. OF DAYS WITH] [WEATHER - DAYS WITH] 9 = BLOWING SNOW
X = TORNADO
MAX 32 OR BELOW: 0 0.01 INCH OR MORE: 6
MAX 90 OR ABOVE: 29 0.10 INCH OR MORE: 3
MIN 32 OR BELOW: 0 0.50 INCH OR MORE: 1
MIN 0 OR BELOW: 0 1.00 INCH OR MORE: 1
[HDD (BASE 65) ]
TOTAL THIS MO. 0 CLEAR (SCALE 0-3) 31
DPTR FM NORMAL 0 PTCLDY (SCALE 4-7) 0
TOTAL FM JUL 1 0 CLOUDY (SCALE 8-10) 0
DPTR FM NORMAL 0
[CDD (BASE 65) ]
TOTAL THIS MO. 558
DPTR FM NORMAL -31 [PRESSURE DATA]
TOTAL FM JAN 1 1913 HIGHEST SLP 30.13 ON 17
DPTR FM NORMAL -3 LOWEST SLP 29.62 ON 31
[REMARKS]
#FINAL-08-20#