000
CXUS54 KOUN 010700
CF6LAW
PRELIMINARY LOCAL CLIMATOLOGICAL DATA (WS FORM: F-6)
STATION: LAWTON
MONTH: MAY
YEAR: 2020
LATITUDE: 34 34 N
LONGITUDE: 98 25 W
TEMPERATURE IN F: :PCPN: SNOW: WIND :SUNSHINE: SKY :PK WND
================================================================================
1 2 3 4 5 6A 6B 7 8 9 10 11 12 13 14 15 16 17 18
12Z AVG MX 2MIN
DY MAX MIN AVG DEP HDD CDD WTR SNW DPTH SPD SPD DIR MIN PSBL S-S WX SPD DR
================================================================================
1 92 56 74 8 0 9 0.00 0.0 0 12.9 24 190 M M 0 34 180
2 95 63 79 12 0 14 0.00 0.0 0 12.9 24 160 M M 0 31 160
3 88 66 77 10 0 12 0.00 0.0 0 8.6 16 30 M M 1 21 10
4 104 69 87 20 0 22 0.00 0.0 0 14.2 33 10 M M 0 40 30
5 78 51 65 -3 0 0 0.00 0.0 0 13.8 33 10 M M 2 41 20
6 78 47 63 -5 2 0 0.00 0.0 0 5.2 16 40 M M 0 19 80
7 86 53 70 2 0 5 0.03 0.0 0 15.2 30 170 M M 1 3 40 170
8 73 44 59 -9 6 0 0.04 0.0 0 20.0 39 350 M M 3 13 50 360
9 74 38 56 -13 9 0 0.00 0.0 0 5.3 14 130 M M 0 19 120
10 77 48 63 -6 2 0 0.00 0.0 0 7.6 20 50 M M 2 24 60
11 77 51 64 -6 1 0 0.09 0.0 0 12.4 24 120 M M 6 13 31 120
12 61 52 57 -13 8 0 0.65 0.0 0 11.7 18 30 M M 10 13 23 30
13 84 57 71 1 0 6 0.05 0.0 0 12.0 24 140 M M 7 13 31 130
14 89 63 76 5 0 11 0.21 0.0 0 13.4 24 80 M M 2 13 30 180
15 89 60 75 4 0 10 0.83 0.0 0 13.1 39 100 M M 5 13 47 70
16 70 61 66 -5 0 1 0.51 0.0 0 6.1 18 360 M M 6 1 24 10
17 84 59 72 0 0 7 0.00 0.0 0 5.7 18 10 M M 0 22 20
18 86 57 72 0 0 7 0.00 0.0 0 6.9 14 80 M M 0 17 100
19 84 64 74 2 0 9 0.00 0.0 0 10.9 20 80 M M 0 24 80
20 76 61 69 -4 0 4 0.00 0.0 0 10.4 17 70 M M 7 21 120
21 86 67 77 4 0 12 0.00 0.0 0 10.6 21 130 M M 5 13 25 110
22 91 63 77 4 0 12 T 0.0 0 11.1 31 30 M M 3 13 41 30
23 88 65 77 3 0 12 0.17 0.0 0 14.5 29 180 M M 2 138 38 280
24 88 65 77 3 0 12 0.14 0.0 0 12.0 31 140 M M 4 13 41 140
25 71 61 66 -8 0 1 0.01 0.0 0 6.6 15 340 M M 6 22 340
26 79 58 69 -6 0 4 0.00 0.0 0 6.5 15 350 M M 5 20 340
27 85 55 70 -5 0 5 0.00 0.0 0 3.8 13 60 M M 1 1 17 340
28 84 63 74 -1 0 9 0.00 0.0 0 6.8 18 10 M M 5 25 340
29 88 58 73 -3 0 8 0.00 0.0 0 4.2 10 100 M M 0 14 340
30 86 60 73 -3 0 8 0.00 0.0 0 5.7 15 110 M M 0 18 120
31 85 58 72 -4 0 7 0.00 0.0 0 6.4 17 120 M M 0 25 160
================================================================================
SM 2576 1793 28 207 2.73 0.0 306.5 M 83
================================================================================
AV 83.1 57.8 9.9 FASTST M M 3 MAX(MPH)
MISC ----> # 39 350 # 50 360
================================================================================
NOTES:
# LAST OF SEVERAL OCCURRENCES
COLUMN 17 PEAK WIND IN M.P.H.
PRELIMINARY LOCAL CLIMATOLOGICAL DATA (WS FORM: F-6) , PAGE 2
STATION: LAWTON
MONTH: MAY
YEAR: 2020
LATITUDE: 34 34 N
LONGITUDE: 98 25 W
[TEMPERATURE DATA] [PRECIPITATION DATA] SYMBOLS USED IN COLUMN 16
AVERAGE MONTHLY: 70.5 TOTAL FOR MONTH: 2.73 1 = FOG OR MIST
DPTR FM NORMAL: -0.8 DPTR FM NORMAL: -1.46 2 = FOG REDUCING VISIBILITY
HIGHEST: 104 ON 4 GRTST 24HR 0.83 ON 15-15 TO 1/4 MILE OR LESS
LOWEST: 38 ON 9 3 = THUNDER
SNOW, ICE PELLETS, HAIL 4 = ICE PELLETS
TOTAL MONTH: 0.0 INCH 5 = HAIL
GRTST 24HR 0.0 6 = FREEZING RAIN OR DRIZZLE
GRTST DEPTH: 0 7 = DUSTSTORM OR SANDSTORM:
VSBY 1/2 MILE OR LESS
8 = SMOKE OR HAZE
[NO. OF DAYS WITH] [WEATHER - DAYS WITH] 9 = BLOWING SNOW
X = TORNADO
MAX 32 OR BELOW: 0 0.01 INCH OR MORE: 11
MAX 90 OR ABOVE: 4 0.10 INCH OR MORE: 6
MIN 32 OR BELOW: 0 0.50 INCH OR MORE: 3
MIN 0 OR BELOW: 0 1.00 INCH OR MORE: 0
[HDD (BASE 65) ]
TOTAL THIS MO. 28 CLEAR (SCALE 0-3) 19
DPTR FM NORMAL 5 PTCLDY (SCALE 4-7) 11
TOTAL FM JUL 1 3078 CLOUDY (SCALE 8-10) 1
DPTR FM NORMAL -72
[CDD (BASE 65) ]
TOTAL THIS MO. 207
DPTR FM NORMAL -10 [PRESSURE DATA]
TOTAL FM JAN 1 277 HIGHEST SLP M ON M
DPTR FM NORMAL -16 LOWEST SLP 28.77 ON 31
[REMARKS]
#FINAL-05-20#