000
CXUS54 KLUB 031605
CF6LBB
PRELIMINARY LOCAL CLIMATOLOGICAL DATA (WS FORM: F-6)
STATION: LUBBOCK
MONTH: DECEMBER
YEAR: 2021
LATITUDE: 33 39 N
LONGITUDE: 101 49 W
TEMPERATURE IN F: :PCPN: SNOW: WIND :SUNSHINE: SKY :PK WND
================================================================================
1 2 3 4 5 6A 6B 7 8 9 10 11 12 13 14 15 16 17 18
12Z AVG MX 2MIN
DY MAX MIN AVG DEP HDD CDD WTR SNW DPTH SPD SPD DIR MIN PSBL S-S WX SPD DR
================================================================================
1 73 33 53 8 12 0 0.00 0.0 0 5.6 13 290 M M 1 16 350
2 79 33 56 12 9 0 0.00 0.0 0 6.9 15 230 M M 2 18 240
3 80 41 61 17 4 0 0.00 0.0 0 12.3 25 250 M M 2 32 250
4 65 39 52 8 13 0 0.00 0.0 0 9.1 20 340 M M 3 24 350
5 78 40 59 15 6 0 0.00 0.0 0 13.6 32 250 M M 2 40 250
6 50 29 40 -3 25 0 0.00 0.0 0 12.4 38 40 M M 2 8 53 30
7 68 29 49 6 16 0 0.00 0.0 0 9.5 21 280 M M 7 25 290
8 71 32 52 9 13 0 0.00 0.0 0 10.3 24 230 M M 6 32 240
9 70 48 59 16 6 0 0.00 0.0 0 16.4 29 280 M M 7 38 280
10 71 41 56 14 9 0 T 0.0 0 23.3 44 240 M M 7 8 67 240
11 51 30 41 -1 24 0 0.00 0.0 0 10.2 18 200 M M 3 28 340
12 68 32 50 8 15 0 0.00 0.0 0 14.8 24 210 M M 0 30 210
13 72 33 53 11 12 0 0.00 0.0 0 10.9 21 230 M M 4 27 240
14 78 38 58 16 7 0 0.00 0.0 0 11.9 22 210 M M 6 31 210
15 77 46 62 21 3 0 0.00 0.0 0 18.8 37 230 M M 8 7 61 230
16 59 35 47 6 18 0 0.00 0.0 0 9.2 18 70 M M 4 26 60
17 66 37 52 11 13 0 0.00 0.0 0 7.8 16 40 M M 9 1 21 30
18 48 27 38 -3 27 0 0.00 0.0 0 11.6 23 20 M M 7 30 30
19 51 21 36 -5 29 0 0.00 0.0 0 9.4 20 200 M M 3 27 180
20 56 22 39 -2 26 0 0.00 0.0 0 5.5 14 240 M M 0 20 200
21 68 23 46 5 19 0 0.00 0.0 0 8.1 25 270 M M 4 31 270
22 66 24 45 4 20 0 0.00 0.0 0 5.2 12 340 M M 4 14 350
23 79 35 57 17 8 0 0.00 0.0 0 11.5 24 260 M M 6 31 260
24 81 46 64 24 1 0 T 0.0 0 19.8 41 240 M M 6 8 54 240
25 69 37 53 13 12 0 0.00 0.0 0 7.2 16 290 M M 6 22 320
26 80 53 67 27 0 2 0.00 0.0 0 19.8 43 240 M M 7 8 55 230
27 61 38 50 10 15 0 0.00 0.0 0 8.5 16 150 M M 7 21 150
28 64 48 56 16 9 0 T 0.0 0 14.5 30 260 M M 7 37 280
29 63 39 51 11 14 0 0.00 0.0 0 14.8 30 270 M M 3 38 280
30 62 33 48 8 17 0 T 0.0 0 11.7 23 260 M M 4 29 260
31 59 52 56 16 9 0 0.23 0.0 0 16.9 31 190 M M 10 1 48 190
================================================================================
SM 2083 1114 411 2 0.23 0.0 367.5 M 147
================================================================================
AV 67.2 35.9 11.9 FASTST M M 5 MAX(MPH)
MISC ----> 44 240 67 240
================================================================================
NOTES:
# LAST OF SEVERAL OCCURRENCES
COLUMN 17 PEAK WIND IN M.P.H.
PRELIMINARY LOCAL CLIMATOLOGICAL DATA (WS FORM: F-6) , PAGE 2
STATION: LUBBOCK
MONTH: DECEMBER
YEAR: 2021
LATITUDE: 33 39 N
LONGITUDE: 101 49 W
[TEMPERATURE DATA] [PRECIPITATION DATA] SYMBOLS USED IN COLUMN 16
AVERAGE MONTHLY: 51.6 TOTAL FOR MONTH: 0.23 1 = FOG OR MIST
DPTR FM NORMAL: 9.9 DPTR FM NORMAL: -0.52 2 = FOG REDUCING VISIBILITY
HIGHEST: 81 ON 24 GRTST 24HR 0.23 ON 30-31 TO 1/4 MILE OR LESS
LOWEST: 21 ON 19 3 = THUNDER
SNOW, ICE PELLETS, HAIL 4 = ICE PELLETS
TOTAL MONTH: 0.0 INCH 5 = HAIL
GRTST 24HR 0.0 6 = FREEZING RAIN OR DRIZZLE
GRTST DEPTH: 0 7 = DUSTSTORM OR SANDSTORM:
VSBY 1/2 MILE OR LESS
8 = SMOKE OR HAZE
[NO. OF DAYS WITH] [WEATHER - DAYS WITH] 9 = BLOWING SNOW
X = TORNADO
MAX 32 OR BELOW: 0 0.01 INCH OR MORE: 1
MAX 90 OR ABOVE: 0 0.10 INCH OR MORE: 1
MIN 32 OR BELOW: 10 0.50 INCH OR MORE: 0
MIN 0 OR BELOW: 0 1.00 INCH OR MORE: 0
[HDD (BASE 65) ]
TOTAL THIS MO. 411 CLEAR (SCALE 0-3) 10
DPTR FM NORMAL -311 PTCLDY (SCALE 4-7) 19
TOTAL FM JUL 1 862 CLOUDY (SCALE 8-10) 2
DPTR FM NORMAL -494
[CDD (BASE 65) ]
TOTAL THIS MO. 2
DPTR FM NORMAL 2 [PRESSURE DATA]
TOTAL FM JAN 1 1972 HIGHEST SLP 30.37 ON 6
DPTR FM NORMAL 24 LOWEST SLP 29.48 ON 31
[REMARKS]
#FINAL-12-21#