000
CXUS53 KLBF 011410
CF6LBF
PRELIMINARY LOCAL CLIMATOLOGICAL DATA (WS FORM: F-6)
STATION: NORTH PLATTE
MONTH: JUNE
YEAR: 2023
LATITUDE: 41 7 N
LONGITUDE: 100 41 W
TEMPERATURE IN F: :PCPN: SNOW: WIND :SUNSHINE: SKY :PK WND
================================================================================
1 2 3 4 5 6A 6B 7 8 9 10 11 12 13 14 15 16 17 18
12Z AVG MX 2MIN
DY MAX MIN AVG DEP HDD CDD WTR SNW DPTH SPD SPD DIR MIN PSBL S-S WX SPD DR
================================================================================
1 76 57 67 2 0 2 0.00 0.0 0 9.2 21 160 M M 3 1 30 150
2 77 58 68 3 0 3 0.00 0.0 0 9.8 25 110 M M 4 33 110
3 78 56 67 1 0 2 0.56 0.0 0 5.5 20 160 M M 7 13 35 70
4 82 56 69 3 0 4 0.00 0.0 0 7.3 18 110 M M 1 26 110
5 83 57 70 4 0 5 T 0.0 0 2.4 15 120 M M 4 13 19 130
6 84 52 68 1 0 3 0.00 0.0 0 2.2 8 150 M M 1 1 13 170
7 86 53 70 3 0 5 0.00 0.0 0 1.7 8 160 M M 0 17 250
8 89 54 72 4 0 7 0.00 0.0 0 2.9 18 80 M M 0 1 24 80
9 89 58 74 6 0 9 0.01 0.0 0 4.9 21 100 M M 1 3 32 80
10 81 59 70 2 0 5 0.01 0.0 0 7.9 22 360 M M 2 3 32 10
11 74 50 62 -6 3 0 T 0.0 0 10.0 20 50 M M 5 27 50
12 73 44 59 -10 6 0 0.00 0.0 0 3.8 12 100 M M 0 17 150
13 77 45 61 -8 4 0 0.00 0.0 0 3.0 12 130 M M 1 17 110
14 83 45 64 -5 1 0 0.00 0.0 0 3.0 9 160 M M 0 14 150
15 87 52 70 0 0 5 0.02 0.0 0 6.3 17 210 M M 2 3 24 210
16 77 57 67 -3 0 2 T 0.0 0 7.6 18 360 M M 5 26 360
17 77 56 67 -3 0 2 0.03 0.0 0 3.6 15 170 M M 4 3 22 170
18 86 48 67 -4 0 2 0.00 0.0 0 8.2 17 180 M M 0 26 170
19 91 57 74 3 0 9 0.00 0.0 0 10.5 23 130 M M 0 35 160
20 84 69 77 6 0 12 T 0.0 0 10.5 20 160 M M 6 31 160
21 81 67 74 2 0 9 0.01 0.0 0 10.1 17 120 M M 5 3 29 110
22 81 63 72 0 0 7 0.38 0.0 0 7.4 20 120 M M 5 13 28 210
23 84 61 73 1 0 8 0.28 T M 9.5 39 300 M M 3 135 53 300
24 86 56 71 -1 0 6 0.05 0.0 0 12.4 28 290 M M 2 13 36 280
25 82 51 67 -5 0 2 0.00 0.0 0 8.7 18 310 M M 0 26 330
26 84 52 68 -5 0 3 0.00 0.0 0 6.4 17 130 M M 1 24 160
27 87 63 75 2 0 10 0.05 0.0 0 14.4 43 170 M M 3 3 63 150
28 89 65 77 4 0 12 T 0.0 0 9.2 30 30 M M 1 43 20
29 85 63 74 1 0 9 0.33 0.0 0 7.6 30 170 M M 2 13 44 170
30 76 60 68 -6 0 3 0.86 0.0 0 6.9 32 240 M M 4 13 45 210
================================================================================
SM 2469 1684 14 146 2.59 T 212.9 M 72
================================================================================
AV 82.3 56.1 7.1 FASTST M M 2 MAX(MPH)
MISC ----> 43 170 63 150
================================================================================
NOTES:
# LAST OF SEVERAL OCCURRENCES
COLUMN 17 PEAK WIND IN M.P.H.
PRELIMINARY LOCAL CLIMATOLOGICAL DATA (WS FORM: F-6) , PAGE 2
STATION: NORTH PLATTE
MONTH: JUNE
YEAR: 2023
LATITUDE: 41 7 N
LONGITUDE: 100 41 W
[TEMPERATURE DATA] [PRECIPITATION DATA] SYMBOLS USED IN COLUMN 16
AVERAGE MONTHLY: 69.2 TOTAL FOR MONTH: 2.59 1 = FOG OR MIST
DPTR FM NORMAL: -0.5 DPTR FM NORMAL: -0.95 2 = FOG REDUCING VISIBILITY
HIGHEST: 91 ON 19 GRTST 24HR 0.86 ON 30-30 TO 1/4 MILE OR LESS
LOWEST: 44 ON 12 3 = THUNDER
SNOW, ICE PELLETS, HAIL 4 = ICE PELLETS
TOTAL MONTH: T 5 = HAIL
GRTST 24HR T ON 23-23 6 = FREEZING RAIN OR DRIZZLE
GRTST DEPTH: 0 7 = DUSTSTORM OR SANDSTORM:
VSBY 1/2 MILE OR LESS
8 = SMOKE OR HAZE
[NO. OF DAYS WITH] [WEATHER - DAYS WITH] 9 = BLOWING SNOW
X = TORNADO
MAX 32 OR BELOW: 0 0.01 INCH OR MORE: 12
MAX 90 OR ABOVE: 1 0.10 INCH OR MORE: 5
MIN 32 OR BELOW: 0 0.50 INCH OR MORE: 2
MIN 0 OR BELOW: 0 1.00 INCH OR MORE: 0
[HDD (BASE 65) ]
TOTAL THIS MO. 14 CLEAR (SCALE 0-3) 19
DPTR FM NORMAL -22 PTCLDY (SCALE 4-7) 11
TOTAL FM JUL 1 6536 CLOUDY (SCALE 8-10) 0
DPTR FM NORMAL 169
[CDD (BASE 65) ]
TOTAL THIS MO. 146
DPTR FM NORMAL -31 [PRESSURE DATA]
TOTAL FM JAN 1 188 HIGHEST SLP 30.09 ON 5
DPTR FM NORMAL -26 LOWEST SLP 29.60 ON 18
[REMARKS]
#FINAL-06-23#