000
CXUS55 KLBF 011410
CF6LBF
PRELIMINARY LOCAL CLIMATOLOGICAL DATA (WS FORM: F-6)
STATION: NORTH PLATTE
MONTH: MAY
YEAR: 2021
LATITUDE: 41 7 N
LONGITUDE: 100 41 W
TEMPERATURE IN F: :PCPN: SNOW: WIND :SUNSHINE: SKY :PK WND
================================================================================
1 2 3 4 5 6A 6B 7 8 9 10 11 12 13 14 15 16 17 18
12Z AVG MX 2MIN
DY MAX MIN AVG DEP HDD CDD WTR SNW DPTH SPD SPD DIR MIN PSBL S-S WX SPD DR
================================================================================
1 92 46 69 17 0 4 0.00 0.0 0 7.9 17 210 M M 0 27 220
2 80 55 68 15 0 3 0.21 0.0 0 12.4 32 20 M M 4 1 44 20
3 60 39 50 -3 15 0 0.00 0.0 0 16.5 31 350 M M 5 43 350
4 66 34 50 -4 15 0 0.00 0.0 0 5.1 13 170 M M 3 18 170
5 71 45 58 4 7 0 0.03 0.0 0 11.9 36 300 M M 5 47 300
6 70 35 53 -1 12 0 0.00 0.0 0 4.3 15 230 M M 2 1 22 220
7 76 41 59 4 6 0 0.00 0.0 0 12.4 22 110 M M 0 31 110
8 64 44 54 -1 11 0 T 0.0 0 13.8 29 120 M M 5 1 38 120
9 58 38 48 -8 17 0 0.00 0.0 0 8.9 17 10 M M 6 23 360
10 54 35 45 -11 20 0 T 0.0 0 5.9 15 110 M M 8 19 100
11 60 37 49 -7 16 0 0.00 0.0 0 5.3 13 120 M M 6 18 120
12 62 29 46 -11 19 0 0.00 0.0 0 7.3 18 160 M M 4 1 26 170
13 77 39 58 1 7 0 0.56 0.0 0 10.5 28 310 M M 3 13 42 310
14 73 49 61 3 4 0 0.00 0.0 0 6.5 16 110 M M 2 1 26 100
15 77 45 61 3 4 0 1.15 0.0 0 9.2 38 300 M M 7 123 56 330
16 72 57 65 7 0 0 0.26 0.0 0 9.3 24 130 M M 9 13 34 110
17 62 57 60 1 5 0 1.34 0.0 0 8.3 14 110 M M 10 1 20 100
18 72 58 65 6 0 0 0.12 0.0 0 7.1 14 130 M M 7 1 20 120
19 75 53 64 4 1 0 0.00 0.0 0 6.4 23 200 M M 2 32 210
20 80 59 70 10 0 5 0.00 0.0 0 13.1 26 160 M M 6 40 160
21 85 64 75 14 0 10 0.00 0.0 0 15.9 30 180 M M 6 50 160
22 83 61 72 11 0 7 0.10 0.0 0 11.1 23 170 M M 8 3 35 170
23 81 56 69 8 0 4 0.67 0.0 0 12.7 26 160 M M 8 13 40 160
24 73 53 63 1 2 0 T 0.0 0 3.9 13 190 M M 7 12 19 160
25 80 53 67 5 0 2 0.00 0.0 0 6.3 16 260 M M 2 12 22 250
26 75 49 62 -1 3 0 0.12 0.0 0 10.2 23 100 M M 2 3 36 110
27 67 43 55 -8 10 0 0.00 0.0 0 12.8 23 340 M M 3 32 330
28 64 45 55 -9 10 0 0.00 0.0 0 7.9 14 110 M M 8 21 120
29 62 47 55 -9 10 0 0.12 0.0 0 9.0 24 170 M M 9 1 38 130
30 63 54 59 -5 6 0 0.15 0.0 0 5.5 14 90 M M 8 1 19 90
31 75 45 60 -5 5 0 0.00 0.0 0 5.1 17 100 M M 4 12 25 110
================================================================================
SM 2209 1465 205 35 4.83 0.0 282.5 M 159
================================================================================
AV 71.3 47.3 9.1 FASTST M M 5 MAX(MPH)
MISC ----> 38 300 56 330
================================================================================
NOTES:
# LAST OF SEVERAL OCCURRENCES
COLUMN 17 PEAK WIND IN M.P.H.
PRELIMINARY LOCAL CLIMATOLOGICAL DATA (WS FORM: F-6) , PAGE 2
STATION: NORTH PLATTE
MONTH: MAY
YEAR: 2021
LATITUDE: 41 7 N
LONGITUDE: 100 41 W
[TEMPERATURE DATA] [PRECIPITATION DATA] SYMBOLS USED IN COLUMN 16
AVERAGE MONTHLY: 59.3 TOTAL FOR MONTH: 4.83 1 = FOG OR MIST
DPTR FM NORMAL: 0.8 DPTR FM NORMAL: 1.48 2 = FOG REDUCING VISIBILITY
HIGHEST: 92 ON 1 GRTST 24HR 1.41 ON 15-16 TO 1/4 MILE OR LESS
LOWEST: 29 ON 12 3 = THUNDER
SNOW, ICE PELLETS, HAIL 4 = ICE PELLETS
TOTAL MONTH: 0.0 INCH 5 = HAIL
GRTST 24HR 0.0 6 = FREEZING RAIN OR DRIZZLE
GRTST DEPTH: 0 7 = DUSTSTORM OR SANDSTORM:
VSBY 1/2 MILE OR LESS
8 = SMOKE OR HAZE
[NO. OF DAYS WITH] [WEATHER - DAYS WITH] 9 = BLOWING SNOW
X = TORNADO
MAX 32 OR BELOW: 0 0.01 INCH OR MORE: 12
MAX 90 OR ABOVE: 1 0.10 INCH OR MORE: 11
MIN 32 OR BELOW: 1 0.50 INCH OR MORE: 4
MIN 0 OR BELOW: 0 1.00 INCH OR MORE: 2
[HDD (BASE 65) ]
TOTAL THIS MO. 205 CLEAR (SCALE 0-3) 9
DPTR FM NORMAL -32 PTCLDY (SCALE 4-7) 18
TOTAL FM JUL 1 6206 CLOUDY (SCALE 8-10) 4
DPTR FM NORMAL -126
[CDD (BASE 65) ]
TOTAL THIS MO. 35
DPTR FM NORMAL 0 [PRESSURE DATA]
TOTAL FM JAN 1 35 HIGHEST SLP 30.40 ON 12
DPTR FM NORMAL -2 LOWEST SLP 29.40 ON 2
[REMARKS]
#FINAL-05-21#