000
CXUS55 KLBF 011510
CF6LBF
PRELIMINARY LOCAL CLIMATOLOGICAL DATA (WS FORM: F-6)
STATION: NORTH PLATTE
MONTH: FEBRUARY
YEAR: 2021
LATITUDE: 41 7 N
LONGITUDE: 100 41 W
TEMPERATURE IN F: :PCPN: SNOW: WIND :SUNSHINE: SKY :PK WND
================================================================================
1 2 3 4 5 6A 6B 7 8 9 10 11 12 13 14 15 16 17 18
12Z AVG MX 2MIN
DY MAX MIN AVG DEP HDD CDD WTR SNW DPTH SPD SPD DIR MIN PSBL S-S WX SPD DR
================================================================================
1 51 16 34 8 31 0 0.00 0.0 T 3.4 10 180 M M 0 1 13 180
2 58 22 40 14 25 0 0.00 0.0 T 4.9 13 120 M M 4 128 16 110
3 68 22 45 19 20 0 0.10 0.3 T 6.6 29 10 M M 1 1 40 350
4 45 22 34 8 31 0 T T T 15.1 26 310 M M 4 37 340
5 45 22 34 7 31 0 0.19 1.7 0 10.9 24 310 M M 4 1 32 310
6 25 8 17 -10 48 0 0.59 8.5 6 9.8 21 40 M M 10 1 29 40
7 8 -6 1 -26 64 0 0.19 3.1 12 12.5 23 120 M M 10 28 120
8 6 -20 -7 -34 72 0 T T 10 3.1 9 90 M M 3 18 11 100
9 9 -1 4 -23 61 0 T T 10 5.3 13 100 M M 9 15 100
10 12 4 8 -20 57 0 0.00 0.0 9 5.4 12 120 M M 8 14 120
11 7 -6 1 -27 64 0 T T 8 6.4 16 100 M M 9 8 19 100
12 5 -3 1 -27 64 0 0.15 2.1 7 11.3 17 20 M M 10 21 10
13 2 -18 -8 -36 73 0 0.10 1.4 9 5.9 13 30 M M 9 18 16 60
14 -1 -25 -13 -42 78 0 0.11 1.6 11 5.7 12 360 M M 7 18 14 30
15 -1 -29 -15 -44 80 0 T T 9 4.4 13 110 M M 0 18 15 110
16 7 -20 -6 -35 71 0 T T 9 10.3 15 190 M M 7 21 170
17 19 -3 8 -21 57 0 T T 8 3.8 9 290 M M 10 18 11 280
18 25 -2 12 -18 53 0 0.00 0.0 8 7.0 15 340 M M 8 18 19 340
19 29 -7 11 -19 54 0 0.00 0.0 7 2.5 9 170 M M 3 18 10 170
20 39 -1 19 -11 46 0 0.00 0.0 7 6.2 17 110 M M 4 128 20 110
21 39 16 28 -3 37 0 T 0.0 6 12.5 24 310 M M 3 29 300
22 45 14 30 -1 35 0 0.00 0.0 5 14.0 28 290 M M 0 33 290
23 56 20 38 7 27 0 0.00 0.0 2 6.9 20 340 M M 0 26 330
24 48 22 35 3 30 0 0.00 0.0 1 8.0 20 310 M M 0 26 310
25 42 19 31 -1 34 0 0.00 0.0 T 6.4 20 190 M M 5 26 180
26 55 24 40 8 25 0 0.00 0.0 T 11.1 33 290 M M 0 47 280
27 54 18 36 4 29 0 0.00 0.0 0 10.0 31 110 M M 2 42 100
28 43 21 32 -1 33 0 0.00 0.0 0 11.7 26 320 M M 3 37 310
================================================================================
SM 840 129 1330 0 1.43 18.7 221.1 M 133
================================================================================
AV 30.0 4.6 7.9 FASTST M M 5 MAX(MPH)
MISC ----> 33 290 47 280
================================================================================
NOTES:
# LAST OF SEVERAL OCCURRENCES
COLUMN 17 PEAK WIND IN M.P.H.
PRELIMINARY LOCAL CLIMATOLOGICAL DATA (WS FORM: F-6) , PAGE 2
STATION: NORTH PLATTE
MONTH: FEBRUARY
YEAR: 2021
LATITUDE: 41 7 N
LONGITUDE: 100 41 W
[TEMPERATURE DATA] [PRECIPITATION DATA] SYMBOLS USED IN COLUMN 16
AVERAGE MONTHLY: 17.3 TOTAL FOR MONTH: 1.43 1 = FOG OR MIST
DPTR FM NORMAL: -11.7 DPTR FM NORMAL: 0.93 2 = FOG REDUCING VISIBILITY
HIGHEST: 68 ON 3 GRTST 24HR 0.59 ON 5- 6 TO 1/4 MILE OR LESS
LOWEST: -29 ON 15 3 = THUNDER
SNOW, ICE PELLETS, HAIL 4 = ICE PELLETS
TOTAL MONTH: 18.7 INCHES 5 = HAIL
GRTST 24HR 8.5 ON 6- 6 6 = FREEZING RAIN OR DRIZZLE
GRTST DEPTH: 12 ON 7 7 = DUSTSTORM OR SANDSTORM:
VSBY 1/2 MILE OR LESS
8 = SMOKE OR HAZE
[NO. OF DAYS WITH] [WEATHER - DAYS WITH] 9 = BLOWING SNOW
X = TORNADO
MAX 32 OR BELOW: 14 0.01 INCH OR MORE: 7
MAX 90 OR ABOVE: 0 0.10 INCH OR MORE: 7
MIN 32 OR BELOW: 28 0.50 INCH OR MORE: 1
MIN 0 OR BELOW: 13 1.00 INCH OR MORE: 0
[HDD (BASE 65) ]
TOTAL THIS MO. 1330 CLEAR (SCALE 0-3) 10
DPTR FM NORMAL 322 PTCLDY (SCALE 4-7) 10
TOTAL FM JUL 1 4793 CLOUDY (SCALE 8-10) 8
DPTR FM NORMAL -234
[CDD (BASE 65) ]
TOTAL THIS MO. 0
DPTR FM NORMAL 0 [PRESSURE DATA]
TOTAL FM JAN 1 0 HIGHEST SLP 30.71 ON 14
DPTR FM NORMAL 0 LOWEST SLP 29.53 ON 3
[REMARKS]
#FINAL-02-21#