000
CXUS53 KLBF 010757
CLMLBF
CLIMATE REPORT
NATIONAL WEATHER SERVICE NORTH PLATTE NE
257 AM CDT MON MAY 01 2023
...................................
...THE NORTH PLATTE CLIMATE SUMMARY FOR THE MONTH OF APRIL 2023...
CLIMATE NORMAL PERIOD 1991 TO 2020
CLIMATE RECORD PERIOD 1874 TO 2023
WEATHER OBSERVED NORMAL DEPART LAST YEAR`S
VALUE DATE(S) VALUE FROM VALUE DATE(S)
NORMAL
................................................................
TEMPERATURE (F)
RECORD
HIGH 98 04/30/1992
LOW -3 04/02/1936
HIGHEST 95 04/13 85 10 97 04/22
LOWEST 13 04/06 18 -5 14 04/13
AVG. MAXIMUM 67.1 63.2 3.9 66.1
AVG. MINIMUM 28.8 33.2 -4.4 32.3
MEAN 47.9 48.2 -0.3 49.2
DAYS MAX >= 90 2 0.1 1.9 1
DAYS MAX <= 32 0 0.6 -0.6 0
DAYS MIN <= 32 20 13.8 6.2 15
DAYS MIN <= 0 0 0.0 0.0 0
PRECIPITATION (INCHES)
RECORD
MAXIMUM 7.10 1915
MINIMUM 0.04 1928
TOTALS 0.04R 2.29 -2.25 1.43
DAILY AVG. 0.00 0.08 -0.08 0.05
DAYS >= .01 2 9.0 -7.0 3
DAYS >= .10 0 5.0 -5.0 3
DAYS >= .50 0 1.3 -1.3 1
DAYS >= 1.00 0 0.5 -0.5 0
GREATEST
24 HR. TOTAL 0.03 04/15 TO 04/15 1.12 04/29 TO 04/30
04/15 TO 04/15
SNOWFALL (INCHES)
RECORDS
TOTAL 14.8 1886
TOTALS T 3.6 -3.6 T
SINCE 7/1 33.5 29.6 3.9 MM
SNOWDEPTH AVG. 0 0
DAYS >= 1.0 0 1.2 -1.2 0
GREATEST
SNOW DEPTH 0 0 MM
24 HR TOTAL T 04/04 TO 04/04
DEGREE DAYS
HEATING TOTAL 521 506 15 477
SINCE 7/1 6398 6095 303 MM
COOLING TOTAL 16 2 14 13
SINCE 1/1 16 2 14 MM
................................................................
WIND (MPH)
AVERAGE WIND SPEED 12.4
HIGHEST WIND SPEED/DIRECTION 45/200 DATE 04/13
HIGHEST GUST SPEED/DIRECTION 71/190 DATE 04/13
SKY COVER
POSSIBLE SUNSHINE (PERCENT) MM
AVERAGE SKY COVER 0.24
NUMBER OF DAYS FAIR 20
NUMBER OF DAYS PC 10
NUMBER OF DAYS CLOUDY 0
AVERAGE RH (PERCENT) 51
WEATHER CONDITIONS. NUMBER OF DAYS WITH
THUNDERSTORM 1 MIXED PRECIP 0
HEAVY RAIN 0 RAIN 0
LIGHT RAIN 5 FREEZING RAIN 0
LT FREEZING RAIN 1 HAIL 0
HEAVY SNOW 0 SNOW 0
LIGHT SNOW 0 SLEET 0
FOG 1 FOG W/VIS <= 1/4 MILE 0
HAZE 2
- INDICATES NEGATIVE NUMBERS.
R INDICATES RECORD WAS SET OR TIED.
MM INDICATES DATA IS MISSING.
T INDICATES TRACE AMOUNT.
$$