000
CXUS52 KILM 020339
CF6LBT
PRELIMINARY LOCAL CLIMATOLOGICAL DATA (WS FORM: F-6)
STATION: LUMBERTON NORTH CAROLINA
MONTH: DECEMBER
YEAR: 2021
LATITUDE: 34 35 N
LONGITUDE: 79 4 W
TEMPERATURE IN F: :PCPN: SNOW: WIND :SUNSHINE: SKY :PK WND
================================================================================
1 2 3 4 5 6A 6B 7 8 9 10 11 12 13 14 15 16 17 18
12Z AVG MX 2MIN
DY MAX MIN AVG DEP HDD CDD WTR SNW DPTH SPD SPD DIR MIN PSBL S-S WX SPD DR
================================================================================
1 70 34 52 2 13 0 0.00 M M M M M M M M M M
2 73 44 59 9 6 0 0.00 M M M M M M M M M M
3 81 44 63 13 2 0 0.00 M M M M M M M M M M
4 74 48 61 11 4 0 0.00 M M M M M M M M M M
5 66 46 56 7 9 0 0.00 M M M M M M M M M M
6 75 45 60 11 5 0 0.00 M M M M M M M M M M
7 65 50 58 9 7 0 0.00 M M M M M M M M M M
8 50 35 43 -6 22 0 1.22 M M M M M M M M M M
9 49 33 41 -8 24 0 0.00 M M M M M M M M M M
10 62 38 50 2 15 0 0.03 M M M M M M M M M M
11 78 56 67 19 0 2 0.26 M M M M M M M M M M
12 62 33 48 0 17 0 0.04 M M M M M M M M M M
13 63 30 47 -1 18 0 0.00 M M M M M M M M M M
14 66 32 49 1 16 0 0.00 M M M M M M M M M M
15 64 34 49 1 16 0 0.00 M M M M M M M M M M
16 73 36 55 8 10 0 0.00 M M M M M M M M M M
17 71 56 64 17 1 0 0.00 M M M M M M M M M M
18 77 58 68 21 0 3 0.00 M M M M M M M M M M
19 65 40 53 6 12 0 0.28 M M M M M M M M M M
20 45 32 39 -8 26 0 0.00 M M M M M M M M M M
21 42 39 41 -5 24 0 0.25 M M M M M M M M M M
22 59 37 48 2 17 0 0.06 M M M M M M M M M M
23 55 31 43 -3 22 0 0.00 M M M M M M M M M M
24 65 30 48 2 17 0 0.00 M M M M M M M M M M
25 75 52 64 18 1 0 0.00 M M M M M M M M M M
26 78 52 65 19 0 0 0.00 M M M M M M M M M M
27 74 47 61 15 4 0 0.00 M M M M M M M M M M
28 70 56 63 17 2 0 0.00 M M M M M M M M M M
29 76 60 68 22 0 3 0.00 M M M M M M M M M M
30 71 64 68 23 0 3 0.03 M M M M M M M M M M
31 75 62 69 24 0 4 0.01 M M M M M M M M M M
================================================================================
SM 2069 1354 310 15 2.18 M M M M
================================================================================
AV 66.7 43.7 M FASTST M M M MAX(MPH)
MISC ----> M M M M
================================================================================
NOTES:
# LAST OF SEVERAL OCCURRENCES
COLUMN 17 PEAK WIND IN M.P.H.
PRELIMINARY LOCAL CLIMATOLOGICAL DATA (WS FORM: F-6) , PAGE 2
STATION: LUMBERTON NORTH CAROLINA
MONTH: DECEMBER
YEAR: 2021
LATITUDE: 34 35 N
LONGITUDE: 79 4 W
[TEMPERATURE DATA] [PRECIPITATION DATA] SYMBOLS USED IN COLUMN 16
AVERAGE MONTHLY: 55.2 TOTAL FOR MONTH: 2.18 1 = FOG OR MIST
DPTR FM NORMAL: 7.7 DPTR FM NORMAL: -1.13 2 = FOG REDUCING VISIBILITY
HIGHEST: 81 ON 3 GRTST 24HR 1.22 ON 8- 8 TO 1/4 MILE OR LESS
LOWEST: 30 ON 24,13 3 = THUNDER
SNOW, ICE PELLETS, HAIL 4 = ICE PELLETS
TOTAL MONTH: M 5 = HAIL
GRTST 24HR M ON M 6 = FREEZING RAIN OR DRIZZLE
GRTST DEPTH: M ON M 7 = DUSTSTORM OR SANDSTORM:
VSBY 1/2 MILE OR LESS
8 = SMOKE OR HAZE
[NO. OF DAYS WITH] [WEATHER - DAYS WITH] 9 = BLOWING SNOW
X = TORNADO
MAX 32 OR BELOW: 0 0.01 INCH OR MORE: 9
MAX 90 OR ABOVE: 0 0.10 INCH OR MORE: 4
MIN 32 OR BELOW: 5 0.50 INCH OR MORE: 1
MIN 0 OR BELOW: 0 1.00 INCH OR MORE: 1
[HDD (BASE 65) ]
TOTAL THIS MO. 310 CLEAR (SCALE 0-3) 0
DPTR FM NORMAL -236 PTCLDY (SCALE 4-7) 0
TOTAL FM JUL 1 757 CLOUDY (SCALE 8-10) 31
DPTR FM NORMAL -246
[CDD (BASE 65) ]
TOTAL THIS MO. 15
DPTR FM NORMAL 11 [PRESSURE DATA]
TOTAL FM JAN 1 2122 HIGHEST SLP M ON M
DPTR FM NORMAL 34 LOWEST SLP M ON M
[REMARKS]
#FINAL-12-21#
CORRECTED MISSING DATA FOR DEC 25 AND 28