000
CXUS52 KMLB 011138
CF6LEE
PRELIMINARY LOCAL CLIMATOLOGICAL DATA (WS FORM: F-6)
STATION: LEESBURG
MONTH: AUGUST
YEAR: 2020
LATITUDE: 28 49 N
LONGITUDE: 81 49 W
TEMPERATURE IN F: :PCPN: SNOW: WIND :SUNSHINE: SKY :PK WND
================================================================================
1 2 3 4 5 6A 6B 7 8 9 10 11 12 13 14 15 16 17 18
12Z AVG MX 2MIN
DY MAX MIN AVG DEP HDD CDD WTR SNW DPTH SPD SPD DIR MIN PSBL S-S WX SPD DR
================================================================================
1 96 78 87 4 0 22 0.00 0.0 0 5.9 13 90 M M 0 18 90
2 88 76 82 -1 0 17 0.38 0.0 0 8.9 23 110 M M 4 138 30 100
3 93 77 85 2 0 20 0.00 0.0 0 7.2 13 280 M M 1 18 260
4 96 76 86 3 0 21 0.12 0.0 0 4.5 26 120 M M 2 13 32 130
5 93 75 84 1 0 19 0.00 0.0 0 6.5 23 130 M M 1 30 130
6 94 74 84 1 0 19 0.04 0.0 0 6.0 22 100 M M 1 138 27 350
7 94 75 85 2 0 20 0.13 0.0 0 3.2 18 290 M M 1 13 24 290
8 95 74 85 2 0 20 0.01 0.0 0 3.0 14 100 M M 2 3 18 110
9 95 75 85 2 0 20 0.03 0.0 0 4.3 28 100 M M 1 3 34 100
10 95 73 84 1 0 19 0.00 0.0 0 3.9 14 220 M M 1 3 17 220
11 94 73 84 1 0 19 0.54 0.0 0 4.0 21 360 M M 2 138 25 360
12 91 74 83 0 0 18 0.02 0.0 0 3.0 14 160 M M 1 3 20 160
13 90 75 83 0 0 18 0.18 0.0 0 3.1 20 20 M M 1 138 28 50
14 94 76 85 2 0 20 0.04 0.0 0 5.3 18 270 M M 1 138 30 230
15 91 78 85 2 0 20 T 0.0 0 4.6 12 280 M M 1 3 16 300
16 93 78 86 3 0 21 0.33 0.0 0 4.3 17 180 M M 1 138 29 250
17 91 75 83 0 0 18 0.28 0.0 0 2.4 17 330 M M 1 13 24 320
18 92 75 84 1 0 19 0.41 0.0 0 6.2 25 260 M M 1 13 46 270
19 88 74 81 -2 0 16 0.03 0.0 0 5.7 14 180 M M 2 3 18 170
20 89 74 82 -1 0 17 0.27 0.0 0 4.9 21 140 M M 2 1 26 140
21 87 74 81 -2 0 16 0.53 0.0 0 6.6 18 280 M M 2 13 27 280
22 89 73 81 -2 0 16 0.40 0.0 0 5.8 23 70 M M 3 13 31 60
23 94 71 83 0 0 18 0.08 0.0 0 9.6 22 90 M M 2 38 27 100
24 93 79 86 3 0 21 0.19 0.0 0 9.6 24 150 M M 2 13 32 160
25 95 81 88 5 0 23 0.00 0.0 0 9.0 16 90 M M 4 22 90
26 94 78 86 3 0 21 0.00 0.0 0 7.1 15 110 M M 1 3 19 100
27 93 76 85 3 0 20 0.24 0.0 0 7.2 15 170 M M 2 13 19 170
28 92 78 85 3 0 20 0.00 0.0 0 4.3 12 270 M M 0 16 280
29 90 77 84 2 0 19 0.04 0.0 0 5.7 17 280 M M 2 13 24 290
30 86 75 81 -1 0 16 0.98 0.0 0 5.5 18 210 M M 6 138 27 220
31 87 74 81 -1 0 16 0.49 0.0 0 5.8 18 320 M M 4 13 26 320
================================================================================
SM 2852 2341 0 589 5.76 0.0 173.1 M 55
================================================================================
AV 92.0 75.5 5.6 FASTST M M 2 MAX(MPH)
MISC ----> 28 100 46 270
================================================================================
NOTES:
# LAST OF SEVERAL OCCURRENCES
COLUMN 17 PEAK WIND IN M.P.H.
PRELIMINARY LOCAL CLIMATOLOGICAL DATA (WS FORM: F-6) , PAGE 2
STATION: LEESBURG
MONTH: AUGUST
YEAR: 2020
LATITUDE: 28 49 N
LONGITUDE: 81 49 W
[TEMPERATURE DATA] [PRECIPITATION DATA] SYMBOLS USED IN COLUMN 16
AVERAGE MONTHLY: 83.8 TOTAL FOR MONTH: 5.76 1 = FOG OR MIST
DPTR FM NORMAL: 0.9 DPTR FM NORMAL: -1.61 2 = FOG REDUCING VISIBILITY
HIGHEST: 96 ON 4, 1 GRTST 24HR 1.01 ON 29-30 TO 1/4 MILE OR LESS
LOWEST: 71 ON 23 3 = THUNDER
SNOW, ICE PELLETS, HAIL 4 = ICE PELLETS
TOTAL MONTH: 0.0 INCH 5 = HAIL
GRTST 24HR 0.0 6 = FREEZING RAIN OR DRIZZLE
GRTST DEPTH: 0 7 = DUSTSTORM OR SANDSTORM:
VSBY 1/2 MILE OR LESS
8 = SMOKE OR HAZE
[NO. OF DAYS WITH] [WEATHER - DAYS WITH] 9 = BLOWING SNOW
X = TORNADO
MAX 32 OR BELOW: 0 0.01 INCH OR MORE: 23
MAX 90 OR ABOVE: 24 0.10 INCH OR MORE: 15
MIN 32 OR BELOW: 0 0.50 INCH OR MORE: 3
MIN 0 OR BELOW: 0 1.00 INCH OR MORE: 0
[HDD (BASE 65) ]
TOTAL THIS MO. 0 CLEAR (SCALE 0-3) 26
DPTR FM NORMAL 0 PTCLDY (SCALE 4-7) 5
TOTAL FM JUL 1 0 CLOUDY (SCALE 8-10) 0
DPTR FM NORMAL 0
[CDD (BASE 65) ]
TOTAL THIS MO. 589
DPTR FM NORMAL 34 [PRESSURE DATA]
TOTAL FM JAN 1 2938 HIGHEST SLP 30.10 ON 28
DPTR FM NORMAL 578 LOWEST SLP 29.89 ON 30
[REMARKS]
#FINAL-08-20#
USED MIN TEMP ON 8/24 FROM LISBF1 DUE TO ASOS EQUIPMENT FAILURE.