000
CXUS53 KLMK 010810
CF6LEX
PRELIMINARY LOCAL CLIMATOLOGICAL DATA (WS FORM: F-6)
STATION: LEXINGTON KY
MONTH: FEBRUARY
YEAR: 2022
LATITUDE: 38 1 N
LONGITUDE: 84 36 W
TEMPERATURE IN F: :PCPN: SNOW: WIND :SUNSHINE: SKY :PK WND
================================================================================
1 2 3 4 5 6A 6B 7 8 9 10 11 12 13 14 15 16 17 18
12Z AVG MX 2MIN
DY MAX MIN AVG DEP HDD CDD WTR SNW DPTH SPD SPD DIR MIN PSBL S-S WX SPD DR
================================================================================
1 60 31 46 12 19 0 0.00 0.0 T 12.1 22 180 M M 0 31 180
2 50 41 46 11 19 0 0.92 0.0 0 10.5 23 160 M M 8 1 31 200
3 48 27 38 3 27 0 1.92 0.1 0 12.6 23 40 M M 10 16 30 40
4 27 21 24 -11 41 0 0.16 1.2 1 8.5 18 360 M M 10 168 25 360
5 25 13 19 -16 46 0 0.00 0.0 1 4.8 16 280 M M 3 24 280
6 44 15 30 -5 35 0 0.00 0.0 T 6.0 16 220 M M 0 20 230
7 45 22 34 -2 31 0 0.00 0.0 T 7.8 16 270 M M 0 22 250
8 49 18 34 -2 31 0 0.00 0.0 0 8.7 17 210 M M 0 23 200
9 53 35 44 8 21 0 T 0.0 0 11.1 28 280 M M 5 39 280
10 50 28 39 3 26 0 0.00 0.0 0 9.5 23 250 M M 2 31 240
11 64 26 45 9 20 0 T 0.0 0 14.5 36 230 M M 4 53 230
12 45 25 35 -2 30 0 T 0.0 0 8.6 15 320 M M 10 22 310
13 33 21 27 -10 38 0 T T 0 8.3 20 330 M M 8 1 26 340
14 37 15 26 -11 39 0 0.00 0.0 0 5.2 13 250 M M 5 17 220
15 59 19 39 1 26 0 0.00 0.0 0 7.5 14 170 M M 0 19 170
16 65 44 55 17 10 0 0.00 0.0 0 18.0 33 180 M M 1 45 190
17 61 33 47 9 18 0 2.79 T 0 17.3 39 280 M M 8 1 58 290
18 34 25 30 -8 35 0 T T 0 9.8 20 300 M M 6 1 30 310
19 37 25 31 -8 34 0 0.00 0.0 0 10.7 22 310 M M 0 29 230
20 58 22 40 1 25 0 0.00 0.0 0 11.3 23 210 M M 0 33 220
21 67 41 54 15 11 0 0.00 0.0 0 13.8 23 190 M M 2 30 190
22 62 52 57 17 8 0 0.61 0.0 0 17.5 30 210 M M 9 13 45 210
23 57 30 44 4 21 0 0.02 0.0 0 10.8 20 310 M M 10 1 27 310
24 41 29 35 -5 30 0 1.08 0.0 0 10.1 18 30 M M 10 1368 25 50
25 42 29 36 -4 29 0 0.19 T 0 10.3 21 280 M M 10 1 31 260
26 39 28 34 -7 31 0 0.00 0.0 0 3.3 9 320 M M 6 11 70
27 49 28 39 -2 26 0 0.00 0.0 0 2.9 13 300 M M 2 1 21 270
28 52 24 38 -3 27 0 0.00 0.0 0 4.5 14 210 M M 0 20 230
================================================================================
SM 1353 767 754 0 7.69 1.3 276.0 M 129
================================================================================
AV 48.3 27.4 9.9 FASTST M M 5 MAX(MPH)
MISC ----> 39 280 58 290
================================================================================
NOTES:
# LAST OF SEVERAL OCCURRENCES
COLUMN 17 PEAK WIND IN M.P.H.
PRELIMINARY LOCAL CLIMATOLOGICAL DATA (WS FORM: F-6) , PAGE 2
STATION: LEXINGTON KY
MONTH: FEBRUARY
YEAR: 2022
LATITUDE: 38 1 N
LONGITUDE: 84 36 W
[TEMPERATURE DATA] [PRECIPITATION DATA] SYMBOLS USED IN COLUMN 16
AVERAGE MONTHLY: 37.9 TOTAL FOR MONTH: 7.69 1 = FOG OR MIST
DPTR FM NORMAL: 0.4 DPTR FM NORMAL: 4.05 2 = FOG REDUCING VISIBILITY
HIGHEST: 67 ON 21 GRTST 24HR 2.79 ON 17-17 TO 1/4 MILE OR LESS
LOWEST: 13 ON 5 3 = THUNDER
SNOW, ICE PELLETS, HAIL 4 = ICE PELLETS
TOTAL MONTH: 1.3 INCHES 5 = HAIL
GRTST 24HR 1.2 ON 4- 4 6 = FREEZING RAIN OR DRIZZLE
GRTST DEPTH: 1 ON 5, 4 7 = DUSTSTORM OR SANDSTORM:
VSBY 1/2 MILE OR LESS
8 = SMOKE OR HAZE
[NO. OF DAYS WITH] [WEATHER - DAYS WITH] 9 = BLOWING SNOW
X = TORNADO
MAX 32 OR BELOW: 2 0.01 INCH OR MORE: 8
MAX 90 OR ABOVE: 0 0.10 INCH OR MORE: 7
MIN 32 OR BELOW: 22 0.50 INCH OR MORE: 5
MIN 0 OR BELOW: 0 1.00 INCH OR MORE: 3
[HDD (BASE 65) ]
TOTAL THIS MO. 754 CLEAR (SCALE 0-3) 13
DPTR FM NORMAL -15 PTCLDY (SCALE 4-7) 6
TOTAL FM JUL 1 3309 CLOUDY (SCALE 8-10) 9
DPTR FM NORMAL -138
[CDD (BASE 65) ]
TOTAL THIS MO. 0
DPTR FM NORMAL 0 [PRESSURE DATA]
TOTAL FM JAN 1 0 HIGHEST SLP 30.56 ON 26
DPTR FM NORMAL 0 LOWEST SLP 29.47 ON 17
[REMARKS]
#FINAL-02-22#