000
CXUS54 KLCH 010841
CF6LFT
PRELIMINARY LOCAL CLIMATOLOGICAL DATA (WS FORM: F-6)
STATION: LAFAYETTE
MONTH: MAY
YEAR: 2023
LATITUDE: 30 12 N
LONGITUDE: 92 0 W
TEMPERATURE IN F: :PCPN: SNOW: WIND :SUNSHINE: SKY :PK WND
================================================================================
1 2 3 4 5 6A 6B 7 8 9 10 11 12 13 14 15 16 17 18
12Z AVG MX 2MIN
DY MAX MIN AVG DEP HDD CDD WTR SNW DPTH SPD SPD DIR MIN PSBL S-S WX SPD DR
================================================================================
1 83 59 71 -2 0 6 0.00 0.0 M 4.5 12 330 M M 0 1 16 330
2 83 57 70 -3 0 5 0.00 0.0 M 1.8 8 230 M M 0 18 13 30
3 86 65 76 3 0 11 0.00 0.0 M 2.0 13 40 M M 0 15 40
4 88 62 75 1 0 10 0.00 0.0 M 3.5 13 190 M M 1 17 200
5 89 73 81 7 0 16 0.01 0.0 M 7.4 17 190 M M 8 38 23 170
6 79 68 74 0 0 9 0.60 0.0 M 5.2 29 320 M M 6 138 49 320
7 85 68 77 3 0 12 0.00 0.0 M 4.9 18 180 M M 4 18 30 180
8 84 74 79 4 0 14 0.03 0.0 M 4.7 13 200 M M 4 1 19 170
9 85 71 78 3 0 13 0.54 0.0 M 6.0 22 190 M M 5 13 35 180
10 81 69 75 0 0 10 0.02 0.0 M 4.5 15 180 M M 4 13 22 180
11 87 75 81 6 0 16 0.00 0.0 M 8.8 18 170 M M 7 3 30 170
12 89 77 83 7 0 18 0.00 0.0 M 6.9 16 170 M M 6 27 170
13 89 75 82 6 0 17 0.01 0.0 M 4.0 14 210 M M 4 13 20 160
14 90 74 82 6 0 17 0.00 0.0 M 4.9 15 210 M M 4 123 24 210
15 92 70 81 5 0 16 0.53 0.0 0 3.6 17 40 M M 3 1238 32 160
16 90 68 79 2 0 14 0.00 0.0 M 5.7 13 220 M M 1 13 22 290
17 85 73 79 2 0 14 0.00 0.0 M 6.3 17 220 M M 4 3 22 240
18 88 70 79 2 0 14 0.00 0.0 M 4.5 14 320 M M 3 21 330
19 92 70 81 4 0 16 0.00 0.0 M 2.3 10 240 M M 2 18 14 350
20 93 73 83 5 0 18 0.09 0.0 M 5.8 18 350 M M 3 13 24 340
21 82 69 76 -2 0 11 0.00 0.0 M 8.3 13 360 M M 2 18 10
22 86 68 77 -1 0 12 0.00 0.0 M 4.3 10 30 M M 4 16 30
23 90 68 79 1 0 14 0.00 0.0 M 4.0 14 360 M M 2 18 360
24 87 69 78 0 0 13 0.00 0.0 M 7.0 20 30 M M 2 25 20
25 88 66 77 -2 0 12 0.00 0.0 M 6.9 15 30 M M 2 21 40
26 89 66 78 -1 0 13 0.00 0.0 0 4.6 14 50 M M 1 1 21 350
27 89 66 78 -1 0 13 0.00 0.0 0 4.5 13 40 M M 2 19 40
28 89 71 80 1 0 15 0.00 0.0 0 3.6 14 200 M M 5 19 200
29 91 69 80 0 0 15 0.00 0.0 0 1.6 12 180 M M 3 16 190
30 91 69 80 0 0 15 0.00 0.0 M 4.4 15 190 M M 3 21 180
31 89 69 79 -1 0 14 0.09 0.0 M 2.4 13 300 M M 4 13 18 340
================================================================================
SM 2709 2141 0 413 1.92 0.0 148.9 M 99
================================================================================
AV 87.4 69.1 4.8 FASTST M M 3 MAX(MPH)
MISC ----> 29 320 49 320
================================================================================
NOTES:
# LAST OF SEVERAL OCCURRENCES
COLUMN 17 PEAK WIND IN M.P.H.
PRELIMINARY LOCAL CLIMATOLOGICAL DATA (WS FORM: F-6) , PAGE 2
STATION: LAFAYETTE
MONTH: MAY
YEAR: 2023
LATITUDE: 30 12 N
LONGITUDE: 92 0 W
[TEMPERATURE DATA] [PRECIPITATION DATA] SYMBOLS USED IN COLUMN 16
AVERAGE MONTHLY: 78.2 TOTAL FOR MONTH: 1.92 1 = FOG OR MIST
DPTR FM NORMAL: 1.7 DPTR FM NORMAL: -3.52 2 = FOG REDUCING VISIBILITY
HIGHEST: 93 ON 20 GRTST 24HR 0.60 ON 6- 6 TO 1/4 MILE OR LESS
LOWEST: 57 ON 2 3 = THUNDER
SNOW, ICE PELLETS, HAIL 4 = ICE PELLETS
TOTAL MONTH: 0.0 INCH 5 = HAIL
GRTST 24HR 0.0 6 = FREEZING RAIN OR DRIZZLE
GRTST DEPTH: 0 7 = DUSTSTORM OR SANDSTORM:
VSBY 1/2 MILE OR LESS
8 = SMOKE OR HAZE
[NO. OF DAYS WITH] [WEATHER - DAYS WITH] 9 = BLOWING SNOW
X = TORNADO
MAX 32 OR BELOW: 0 0.01 INCH OR MORE: 9
MAX 90 OR ABOVE: 8 0.10 INCH OR MORE: 3
MIN 32 OR BELOW: 0 0.50 INCH OR MORE: 3
MIN 0 OR BELOW: 0 1.00 INCH OR MORE: 0
[HDD (BASE 65) ]
TOTAL THIS MO. 0 CLEAR (SCALE 0-3) 15
DPTR FM NORMAL -2 PTCLDY (SCALE 4-7) 15
TOTAL FM JUL 1 1025 CLOUDY (SCALE 8-10) 1
DPTR FM NORMAL -350
[CDD (BASE 65) ]
TOTAL THIS MO. 413
DPTR FM NORMAL 53 [PRESSURE DATA]
TOTAL FM JAN 1 898 HIGHEST SLP 30.20 ON 15
DPTR FM NORMAL 263 LOWEST SLP 29.78 ON 17
[REMARKS]
#FINAL-05-23#