000
CXUS54 KLZK 011330
CF6LIT
PRELIMINARY LOCAL CLIMATOLOGICAL DATA (WS FORM: F-6)
STATION: LITTLE ROCK ADAMS FIELD
MONTH: FEBRUARY
YEAR: 2024
LATITUDE: 34 43 N
LONGITUDE: 92 14 W
TEMPERATURE IN F: :PCPN: SNOW: WIND :SUNSHINE: SKY :PK WND
================================================================================
1 2 3 4 5 6A 6B 7 8 9 10 11 12 13 14 15 16 17 18
12Z AVG MX 2MIN
DY MAX MIN AVG DEP HDD CDD WTR SNW DPTH SPD SPD DIR MIN PSBL S-S WX SPD DR
================================================================================
1 69 36 53 11 12 0 0.00 0.0 0 3.4 12 230 M M 5 18 16 190
2 71 41 56 14 9 0 0.00 0.0 0 3.4 13 230 M M 4 17 230
3 57 48 53 11 12 0 0.90 0.0 0 5.1 17 90 M M 7 1 24 90
4 54 50 52 10 13 0 0.36 0.0 0 8.9 22 110 M M 10 1 32 100
5 64 44 54 11 11 0 T 0.0 0 9.9 18 10 M M 3 23 20
6 66 35 51 8 14 0 0.00 0.0 0 2.3 8 150 M M 1 11 20
7 63 38 51 8 14 0 0.00 0.0 0 4.8 14 150 M M 5 17 150
8 69 54 62 19 3 0 0.00 0.0 0 10.2 21 210 M M 9 28 210
9 73 61 67 24 0 2 0.88 0.0 0 6.9 23 200 M M 8 13 31 200
10 66 47 57 13 8 0 0.55 0.0 0 5.7 18 100 M M 10 13 23 100
11 51 45 48 4 17 0 0.18 0.0 0 10.5 20 50 M M 10 26 60
12 50 39 45 1 20 0 0.01 0.0 0 11.7 23 360 M M 9 18 29 360
13 63 34 49 5 16 0 0.00 0.0 0 4.0 12 200 M M 0 14 200
14 67 35 51 7 14 0 0.00 0.0 0 5.0 15 190 M M 0 18 20 190
15 71 47 59 14 6 0 0.00 0.0 0 6.1 13 210 M M 5 19 220
16 70 39 55 10 10 0 0.03 0.0 0 10.4 29 30 M M 9 3 41 10
17 47 33 40 -5 25 0 0.00 0.0 0 10.7 22 30 M M 7 30 20
18 56 26 41 -4 24 0 0.00 0.0 0 4.6 10 280 M M 1 15 330
19 62 29 46 0 19 0 0.00 0.0 0 4.1 15 220 M M 1 21 200
20 72 36 54 8 11 0 0.00 0.0 0 3.1 13 130 M M 0 8 16 140
21 76 44 60 14 5 0 0.00 0.0 0 8.5 20 220 M M 4 26 230
22 77 59 68 22 0 3 0.06 0.0 0 9.6 20 230 M M 7 38 29 250
23 70 52 61 14 4 0 0.00 0.0 0 9.3 23 330 M M 1 30 330
24 69 45 57 10 8 0 0.00 0.0 0 6.6 18 320 M M 0 8 26 330
25 81 42 62 15 3 0 0.00 0.0 0 11.7 29 260 M M 2 8 42 250
26 79 56 68 21 0 3 0.00 0.0 0 11.3 23 220 M M 5 33 220
27 78 69 74 26 0 9 0.00 0.0 0 17.5 30 240 M M 7 44 220
28 74 44 59 11 6 0 0.00 0.0 0 13.7 32 330 M M 9 43 340
29 50 38 44 -4 21 0 0.13 T 0 7.1 15 140 M M 9 4 18 120
================================================================================
SM 1915 1266 305 17 3.10 T 226.1 M 148
================================================================================
AV 66.0 43.7 7.8 FASTST M M 5 MAX(MPH)
MISC ----> 32 330 44 220
================================================================================
NOTES:
# LAST OF SEVERAL OCCURRENCES
COLUMN 17 PEAK WIND IN M.P.H.
PRELIMINARY LOCAL CLIMATOLOGICAL DATA (WS FORM: F-6) , PAGE 2
STATION: LITTLE ROCK ADAMS FIELD
MONTH: FEBRUARY
YEAR: 2024
LATITUDE: 34 43 N
LONGITUDE: 92 14 W
[TEMPERATURE DATA] [PRECIPITATION DATA] SYMBOLS USED IN COLUMN 16
AVERAGE MONTHLY: 54.8 TOTAL FOR MONTH: 3.10 1 = FOG OR MIST
DPTR FM NORMAL: 10.1 DPTR FM NORMAL: -0.87 2 = FOG REDUCING VISIBILITY
HIGHEST: 81 ON 25 GRTST 24HR 1.08 ON 3- 4 TO 1/4 MILE OR LESS
LOWEST: 26 ON 18 3 = THUNDER
SNOW, ICE PELLETS, HAIL 4 = ICE PELLETS
TOTAL MONTH: T 5 = HAIL
GRTST 24HR T ON 29-29 6 = FREEZING RAIN OR DRIZZLE
GRTST DEPTH: 0 7 = DUSTSTORM OR SANDSTORM:
VSBY 1/2 MILE OR LESS
8 = SMOKE OR HAZE
[NO. OF DAYS WITH] [WEATHER - DAYS WITH] 9 = BLOWING SNOW
X = TORNADO
MAX 32 OR BELOW: 0 0.01 INCH OR MORE: 9
MAX 90 OR ABOVE: 0 0.10 INCH OR MORE: 6
MIN 32 OR BELOW: 2 0.50 INCH OR MORE: 3
MIN 0 OR BELOW: 0 1.00 INCH OR MORE: 0
[HDD (BASE 65) ]
TOTAL THIS MO. 305 CLEAR (SCALE 0-3) 10
DPTR FM NORMAL -264 PTCLDY (SCALE 4-7) 11
TOTAL FM JUL 1 1987 CLOUDY (SCALE 8-10) 8
DPTR FM NORMAL -636
[CDD (BASE 65) ]
TOTAL THIS MO. 17
DPTR FM NORMAL 16 [PRESSURE DATA]
TOTAL FM JAN 1 17 HIGHEST SLP 30.52 ON 29
DPTR FM NORMAL 15 LOWEST SLP 29.52 ON 27
[REMARKS]
#FINAL-02-24#