000
CXUS55 KRIW 011426
CF6LND
PRELIMINARY LOCAL CLIMATOLOGICAL DATA (WS FORM: F-6)
STATION: LANDER WY
MONTH: MARCH
YEAR: 2021
LATITUDE: 42 49 N
LONGITUDE: 108 44 W
TEMPERATURE IN F: :PCPN: SNOW: WIND :SUNSHINE: SKY :PK WND
================================================================================
1 2 3 4 5 6A 6B 7 8 9 10 11 12 13 14 15 16 17 18
12Z AVG MX 2MIN
DY MAX MIN AVG DEP HDD CDD WTR SNW DPTH SPD SPD DIR MIN PSBL S-S WX SPD DR
================================================================================
1 45 12 29 -1 36 0 0.00 0.0 0 3.8 10 250 M M 0 12 250
2 58 14 36 6 29 0 0.00 0.0 0 8.1 23 280 M M 0 31 300
3 57 28 43 12 22 0 0.00 0.0 0 4.9 14 260 M M 0 20 250
4 54 24 39 8 26 0 0.00 0.0 0 4.8 15 240 M M 0 8 17 250
5 59 25 42 10 23 0 0.00 0.0 0 3.1 15 250 M M 0 17 250
6 64 23 44 12 21 0 0.00 0.0 0 7.3 28 250 M M 1 45 250
7 59 27 43 10 22 0 0.00 0.0 0 6.9 18 230 M M 0 24 240
8 64 25 45 12 20 0 0.00 0.0 0 10.8 43 200 M M 2 59 190
9 54 30 42 9 23 0 0.12 0.5 0 9.1 30 230 M M 3 12 41 220
10 30 18 24 -10 41 0 0.89 7.2 7 4.0 14 240 M M 8 12 19 150
11 30 12 21 -13 44 0 0.00 0.0 7 3.5 14 240 M M 1 18 250
12 32 8 20 -14 45 0 0.00 0.0 4 4.0 14 240 M M 1 16 240
13 35 22 29 -6 36 0 0.21 5.4 4 9.8 17 310 M M 10 12 31 300
14 38 22 30 -5 35 0 0.54 2.4 10 9.5 22 310 M M 10 1 30 300
15 43 19 31 -5 34 0 T 0.0 8 5.0 18 260 M M 6 23 260
16 37 31 34 -2 31 0 0.11 0.2 7 2.6 15 240 M M 10 12 17 240
17 41 22 32 -4 33 0 0.00 0.0 6 3.0 12 240 M M 0 1 13 240
18 44 23 34 -2 31 0 0.00 0.0 4 2.4 8 340 M M 0 11 190
19 56 28 42 5 23 0 0.00 0.0 4 3.2 10 130 M M 0 17 330
20 56 34 45 8 20 0 0.02 T 3 9.7 29 230 M M 3 1 50 230
21 41 27 34 -3 31 0 0.06 0.2 2 5.5 15 180 M M 8 1 18 180
22 42 20 31 -7 34 0 0.00 0.0 2 5.1 14 330 M M 3 18 350
23 34 26 30 -8 35 0 0.53 4.4 2 7.8 18 300 M M 10 12 24 300
24 40 16 28 -10 37 0 0.00 0.0 2 5.5 13 250 M M 1 14 250
25 42 24 33 -5 32 0 0.00 0.0 1 5.5 15 300 M M 6 19 290
26 42 28 35 -4 30 0 0.23 1.0 1 4.6 13 240 M M 6 1 16 320
27 53 24 39 0 26 0 0.00 0.0 0 5.4 14 340 M M 0 19 330
28 62 31 47 8 18 0 0.00 0.0 0 9.8 33 220 M M 0 59 210
29 52 20 36 -3 29 0 0.00 0.0 0 22.2 46 280 M M 2 64 280
30 39 16 28 -12 37 0 0.00 0.0 0 6.7 21 340 M M 2 32 330
31 51 19 35 -5 30 0 0.00 0.0 0 4.8 16 240 M M 0 18 240
================================================================================
SM 1454 698 934 0 2.71 21.3 198.4 M 93
================================================================================
AV 46.9 22.5 6.4 FASTST M M 3 MAX(MPH)
MISC ----> 46 280 64 280
================================================================================
NOTES:
# LAST OF SEVERAL OCCURRENCES
COLUMN 17 PEAK WIND IN M.P.H.
PRELIMINARY LOCAL CLIMATOLOGICAL DATA (WS FORM: F-6) , PAGE 2
STATION: LANDER WY
MONTH: MARCH
YEAR: 2021
LATITUDE: 42 49 N
LONGITUDE: 108 44 W
[TEMPERATURE DATA] [PRECIPITATION DATA] SYMBOLS USED IN COLUMN 16
AVERAGE MONTHLY: 34.7 TOTAL FOR MONTH: 2.71 1 = FOG OR MIST
DPTR FM NORMAL: -0.8 DPTR FM NORMAL: 1.55 2 = FOG REDUCING VISIBILITY
HIGHEST: 64 ON 8, 6 GRTST 24HR 1.01 ON 9-10 TO 1/4 MILE OR LESS
LOWEST: 8 ON 12 3 = THUNDER
SNOW, ICE PELLETS, HAIL 4 = ICE PELLETS
TOTAL MONTH: 21.3 INCHES 5 = HAIL
GRTST 24HR 7.2 ON 10-10 6 = FREEZING RAIN OR DRIZZLE
GRTST DEPTH: 10 ON 14 7 = DUSTSTORM OR SANDSTORM:
VSBY 1/2 MILE OR LESS
8 = SMOKE OR HAZE
[NO. OF DAYS WITH] [WEATHER - DAYS WITH] 9 = BLOWING SNOW
X = TORNADO
MAX 32 OR BELOW: 3 0.01 INCH OR MORE: 9
MAX 90 OR ABOVE: 0 0.10 INCH OR MORE: 7
MIN 32 OR BELOW: 30 0.50 INCH OR MORE: 3
MIN 0 OR BELOW: 0 1.00 INCH OR MORE: 0
[HDD (BASE 65) ]
TOTAL THIS MO. 934 CLEAR (SCALE 0-3) 20
DPTR FM NORMAL 19 PTCLDY (SCALE 4-7) 7
TOTAL FM JUL 1 6373 CLOUDY (SCALE 8-10) 4
DPTR FM NORMAL -246
[CDD (BASE 65) ]
TOTAL THIS MO. 0
DPTR FM NORMAL 0 [PRESSURE DATA]
TOTAL FM JAN 1 0 HIGHEST SLP 30.44 ON 31
DPTR FM NORMAL 0 LOWEST SLP 29.36 ON 29
[REMARKS]
#FINAL-03-21#