000
CXUS55 KRIW 251838
CF6LND
PRELIMINARY LOCAL CLIMATOLOGICAL DATA (WS FORM: F-6)
STATION: LANDER WY
MONTH: DECEMBER
YEAR: 2023
LATITUDE: 42 49 N
LONGITUDE: 108 44 W
TEMPERATURE IN F: :PCPN: SNOW: WIND :SUNSHINE: SKY :PK WND
================================================================================
1 2 3 4 5 6A 6B 7 8 9 10 11 12 13 14 15 16 17 18
12Z AVG MX 2MIN
DY MAX MIN AVG DEP HDD CDD WTR SNW DPTH SPD SPD DIR MIN PSBL S-S WX SPD DR
================================================================================
1 18 5 12 -13 53 0 0.00 0.0 0 1.9 17 340 M M 1 20 340
2 37 11 24 -1 41 0 0.00 0.0 11 6.0 22 250 M M 0 30 310
3 34 19 27 3 38 0 0.00 0.0 10 7.3 21 240 M M 1 24 330
4 46 21 34 10 31 0 0.00 0.0 10 5.0 16 240 M M 0 19 90
5 50 28 39 15 26 0 0.00 0.0 10 4.3 13 180 M M 0 16 180
6 47 27 37 14 28 0 0.00 0.0 8 3.8 13 220 M M 0 18 210
7 47 24 36 13 29 0 T 0.0 6 9.2 37 310 M M 1 49 310
8 32 17 25 2 40 0 0.03 0.1 4 4.8 12 10 M M 5 1 15 20
9 31 15 23 1 42 0 0.00 0.0 3 4.9 15 240 M M 4 17 240
10 42 13 28 6 37 0 0.00 0.0 3 5.9 14 240 M M 1 16 270
11 35 16 26 4 39 0 0.00 0.0 2 4.0 13 250 M M 3 14 260
12 32 18 25 3 40 0 T T 2 3.2 10 270 M M 7 1 12 250
13 27 12 20 -1 45 0 0.00 0.0 2 1.1 6 300 M M 3 128 12 220
14 25 7 16 -5 49 0 0.00 0.0 2 1.0 10 250 M M 4 128 13 250
15 33 8 21 0 44 0 0.00 0.0 2 2.6 10 320 M M 0 16 340
16 33 14 24 3 41 0 0.00 0.0 0 2.6 10 260 M M 0 12 260
17 49 24 37 16 28 0 0.00 0.0 2 5.8 16 240 M M 0 18 230
18 33 17 25 4 40 0 0.00 0.0 2 2.8 10 240 M M 0 15 250
19 39 19 29 9 36 0 0.00 0.0 1 3.2 13 250 M M 1 14 250
20 42 25 34 14 31 0 0.00 0.0 1 3.1 9 260 M M 2 11 260
21 47 24 36 16 29 0 0.00 0.0 1 4.4 15 250 M M 0 16 250
22 43 26 35 15 30 0 0.00 0.0 1 3.1 10 310 M M 0 11 240
23 36 24 30 10 35 0 0.59 6.0 1 5.1 17 20 M M 5 128 22 10
24 24 6 15 -5 50 0 0.09 2.0 8 3.8 15 310 M M 5 1 18 300
25 17 -1 8 -12 57 0 0.00 0.0 8 0.6 8 230 M M 0 9 230
26 23 2 13 -7 52 0 0.00 0.0 8 2.3 8 130 M M 0 10 120
27 26 2 14 -6 51 0 0.00 0.0 8 3.4 12 270 M M 0 14 270
28 23 4 14 -6 51 0 0.00 0.0 8 1.6 12 240 M M 1 13 250
29 25 4 15 -5 50 0 0.00 0.0 8 2.3 13 250 M M 0 14 240
30 29 9 19 -1 46 0 0.00 0.0 8 1.2 7 260 M M 0 9 260
31 32 16 24 4 41 0 0.00 0.0 6 1.8 7 290 M M 2 8 290
================================================================================
SM 1057 456 1250 0 0.71 8.1 112.1 M 46
================================================================================
AV 34.1 14.7 3.6 FASTST M M 1 MAX(MPH)
MISC ----> 37 310 49 310
================================================================================
NOTES:
# LAST OF SEVERAL OCCURRENCES
COLUMN 17 PEAK WIND IN M.P.H.
PRELIMINARY LOCAL CLIMATOLOGICAL DATA (WS FORM: F-6) , PAGE 2
STATION: LANDER WY
MONTH: DECEMBER
YEAR: 2023
LATITUDE: 42 49 N
LONGITUDE: 108 44 W
[TEMPERATURE DATA] [PRECIPITATION DATA] SYMBOLS USED IN COLUMN 16
AVERAGE MONTHLY: 24.4 TOTAL FOR MONTH: 0.71 1 = FOG OR MIST
DPTR FM NORMAL: 2.8 DPTR FM NORMAL: 0.08 2 = FOG REDUCING VISIBILITY
HIGHEST: 50 ON 5 GRTST 24HR 0.68 ON 23-24 TO 1/4 MILE OR LESS
LOWEST: -1 ON 25 3 = THUNDER
SNOW, ICE PELLETS, HAIL 4 = ICE PELLETS
TOTAL MONTH: 8.1 INCHES 5 = HAIL
GRTST 24HR 6.0 ON 23-23 6 = FREEZING RAIN OR DRIZZLE
GRTST DEPTH: 12 ON M 7 = DUSTSTORM OR SANDSTORM:
VSBY 1/2 MILE OR LESS
8 = SMOKE OR HAZE
[NO. OF DAYS WITH] [WEATHER - DAYS WITH] 9 = BLOWING SNOW
X = TORNADO
MAX 32 OR BELOW: 14 0.01 INCH OR MORE: 3
MAX 90 OR ABOVE: 0 0.10 INCH OR MORE: 1
MIN 32 OR BELOW: 31 0.50 INCH OR MORE: 1
MIN 0 OR BELOW: 1 1.00 INCH OR MORE: 0
[HDD (BASE 65) ]
TOTAL THIS MO. 1250 CLEAR (SCALE 0-3) 24
DPTR FM NORMAL -97 PTCLDY (SCALE 4-7) 7
TOTAL FM JUL 1 2858 CLOUDY (SCALE 8-10) 0
DPTR FM NORMAL -319
[CDD (BASE 65) ]
TOTAL THIS MO. 0
DPTR FM NORMAL 0 [PRESSURE DATA]
TOTAL FM JAN 1 361 HIGHEST SLP 30.62 ON 15
DPTR FM NORMAL -124 LOWEST SLP 29.60 ON 7
[REMARKS]
#FINAL-12-23#