000
CXUS53 KJKL 251310
CF6LOZ
PRELIMINARY LOCAL CLIMATOLOGICAL DATA (WS FORM: F-6)
STATION: LONDON KY
MONTH: APRIL
YEAR: 2024
LATITUDE: 37 4 N
LONGITUDE: 84 5 W
TEMPERATURE IN F: :PCPN: SNOW: WIND :SUNSHINE: SKY :PK WND
================================================================================
1 2 3 4 5 6A 6B 7 8 9 10 11 12 13 14 15 16 17 18
12Z AVG MX 2MIN
DY MAX MIN AVG DEP HDD CDD WTR SNW DPTH SPD SPD DIR MIN PSBL S-S WX SPD DR
================================================================================
1 79 66 73 21 0 8 T M M 8.1 15 230 M M 7 22 230
2 76 60 68 15 0 3 0.65 M M 11.7 28 190 M M 8 13 47 180
3 60 40 50 -3 15 0 0.16 M M 12.7 26 240 M M 9 1 37 240
4 48 37 43 -10 22 0 0.05 M M 11.9 21 280 M M 9 30 280
5 46 35 41 -13 24 0 T M M 8.1 14 300 M M 10 1 22 310
6 58 30 44 -10 21 0 0.00 M M 3.7 13 350 M M 0 19 10
7 71 32 52 -2 13 0 0.00 M M 2.7 12 190 M M 2 22 130
8 71 54 63 8 2 0 T M M 6.6 21 210 M M 7 29 200
9 64 56 60 5 5 0 0.10 M M 5.9 20 210 M M 9 1 28 220
10 70 54 62 7 3 0 0.09 M M 4.2 15 200 M M 8 1 23 200
11 71 51 61 5 4 0 0.50 M M 6.9 29 290 M M 9 13 47 280
12 59 45 52 -4 13 0 0.14 M M 12.7 35 290 M M 7 13 46 290
13 70 39 55 -1 10 0 0.00 M M 6.5 20 270 M M 0 28 250
14 84 45 65 8 0 0 0.00 M M 9.0 28 250 M M 0 42 260
15 85 59 72 15 0 7 0.00 M M 6.5 15 240 M M 2 23 240
16 82 58 70 13 0 5 T M M 4.5 15 190 M M 2 21 180
17 74 63 69 11 0 4 T M M 11.2 24 220 M M 4 35 220
18 84 55 70 12 0 5 0.00 M M 2.9 9 200 M M 3 12 14 200
19 72 56 64 6 1 0 0.34 M M 4.7 16 280 M M 9 13 22 280
20 65 50 58 -1 7 0 0.00 M M 7.9 15 290 M M 4 24 290
21 56 41 49 -10 16 0 0.00 M M 7.6 16 340 M M 4 24 360
22 64 32 48 -11 17 0 0.00 M M 2.1 10 280 M M 0 16 230
23 75 36 56 -4 9 0 0.00 M M 6.3 20 210 M M 2 29 210
24 71 52 62 2 3 0 0.02 M M 7.8 22 290 M M 5 31 270
================================================================================
SM 1655 1146 185 32 2.05 M 172.2 M 120
================================================================================
AV 69.0 47.8 7.2 FASTST M M 5 MAX(MPH)
MISC ----> 35 290 # 47 180
================================================================================
NOTES:
# LAST OF SEVERAL OCCURRENCES
COLUMN 17 PEAK WIND IN M.P.H.
PRELIMINARY LOCAL CLIMATOLOGICAL DATA (WS FORM: F-6) , PAGE 2
STATION: LONDON KY
MONTH: APRIL
YEAR: 2024
LATITUDE: 37 4 N
LONGITUDE: 84 5 W
[TEMPERATURE DATA] [PRECIPITATION DATA] SYMBOLS USED IN COLUMN 16
AVERAGE MONTHLY: 58.4 TOTAL FOR MONTH: 2.05 1 = FOG OR MIST
DPTR FM NORMAL: 2.2 DPTR FM NORMAL: -1.62 2 = FOG REDUCING VISIBILITY
HIGHEST: 85 ON 15 GRTST 24HR 0.67 ON 2- 3 TO 1/4 MILE OR LESS
LOWEST: 30 ON 6 3 = THUNDER
SNOW, ICE PELLETS, HAIL 4 = ICE PELLETS
TOTAL MONTH: M 5 = HAIL
GRTST 24HR M ON M 6 = FREEZING RAIN OR DRIZZLE
GRTST DEPTH: M ON M 7 = DUSTSTORM OR SANDSTORM:
VSBY 1/2 MILE OR LESS
8 = SMOKE OR HAZE
[NO. OF DAYS WITH] [WEATHER - DAYS WITH] 9 = BLOWING SNOW
X = TORNADO
MAX 32 OR BELOW: 0 0.01 INCH OR MORE: 9
MAX 90 OR ABOVE: 0 0.10 INCH OR MORE: 6
MIN 32 OR BELOW: 3 0.50 INCH OR MORE: 2
MIN 0 OR BELOW: 0 1.00 INCH OR MORE: 0
[HDD (BASE 65) ]
TOTAL THIS MO. 185 CLEAR (SCALE 0-3) 8
DPTR FM NORMAL -42 PTCLDY (SCALE 4-7) 8
TOTAL FM JUL 1 3551 CLOUDY (SCALE 8-10) 8
DPTR FM NORMAL -478
[CDD (BASE 65) ]
TOTAL THIS MO. 32
DPTR FM NORMAL 19 [PRESSURE DATA]
TOTAL FM JAN 1 35 HIGHEST SLP M ON M
DPTR FM NORMAL 19 LOWEST SLP 29.33 ON 11
[REMARKS]