000
CXUS54 KLZK 011230
CF6LRF
PRELIMINARY LOCAL CLIMATOLOGICAL DATA (WS FORM: F-6)
STATION: JACKSONVILLE/LITTLE ROCK AFB
MONTH: MARCH
YEAR: 2024
LATITUDE: 34 55 N
LONGITUDE: 92 9 W
TEMPERATURE IN F: :PCPN: SNOW: WIND :SUNSHINE: SKY :PK WND
================================================================================
1 2 3 4 5 6A 6B 7 8 9 10 11 12 13 14 15 16 17 18
12Z AVG MX 2MIN
DY MAX MIN AVG DEP HDD CDD WTR SNW DPTH SPD SPD DIR MIN PSBL S-S WX SPD DR
================================================================================
1 54 33 44 -5 21 0 T 0.0 0 2.0 7 70 M M 7 M M
2 67 33 50 0 15 0 0.00 0.0 0 3.8 12 140 M M 3 12 M M
3 74 53 64 14 1 0 0.00 0.0 0 5.8 16 190 M M 5 1 23 220
4 80 59 70 20 0 5 0.03 0.0 0 5.6 16 130 M M 7 13 25 120
5 78 58 68 18 0 3 T 0.0 0 4.3 9 150 M M 3 18 340
6 68 52 60 9 5 0 0.00 0.0 0 5.0 12 360 M M 5 M M
7 64 47 56 5 9 0 0.02 0.0 0 2.8 12 90 M M 7 1 M M
8 64 51 58 7 7 0 0.11 0.0 0 2.4 8 10 M M 7 13 M M
9 61 37 49 -2 16 0 0.08 0.0 0 7.0 12 310 M M 6 1 20 330
10 63 32 48 -4 17 0 0.00 0.0 0 2.4 9 10 M M 0 M M
11 68 33 51 -1 14 0 0.00 0.0 0 4.1 13 220 M M 0 M M
12 76 39 58 6 7 0 0.00 0.0 0 5.3 18 220 M M 1 25 190
13 80 55 68 15 0 3 T 0.0 0 6.9 15 240 M M 5 18 230
14 78 60 69 16 0 4 3.40 T 0 7.3 23 20 M M 7 135 33 30
15 64 43 54 1 11 0 0.28 0.0 0 4.4 12 360 M M 7 13 M M
16 72 41 57 4 8 0 0.00 0.0 0 2.5 7 230 M M 0 1 M M
17 64 56 60 6 5 0 T 0.0 0 7.0 13 40 M M 9 M M
18 53 33 43 -11 22 0 0.00 0.0 0 6.4 15 310 M M 1 23 310
19 67 27 47 -7 18 0 0.00 0.0 0 6.8 15 230 M M 0 M M
20 76 42 59 4 6 0 0.00 0.0 0 5.3 12 190 M M 0 M M
21 65 43 54 -1 11 0 T 0.0 0 4.8 9 90 M M 4 M M
22 67 43 55 0 10 0 T 0.0 0 5.3 12 120 M M 9 M M
23 60 38 49 -6 16 0 0.00 0.0 0 8.2 17 10 M M 3 24 10
24 64 33 49 -7 16 0 T 0.0 0 9.8 17 140 M M 6 23 140
25 69 52 61 5 4 0 0.90 0.0 0 13.0 29 140 M M 8 40 140
26 57 36 47 -9 18 0 0.00 0.0 0 7.8 14 260 M M 0 23 270
27 61 30 46 -11 19 0 0.00 0.0 0 3.0 9 70 M M 0 M M
28 67 35 51 -6 14 0 0.00 0.0 0 3.6 12 180 M M 2 M M
29 78 40 59 2 6 0 0.00 0.0 0 7.2 22 220 M M 0 25 220
30 79 58 69 12 0 4 T 0.0 0 10.4 18 230 M M 1 8 22 220
31 77 58 68 10 0 3 T 0.0 0 7.0 14 210 M M 7 17 210
================================================================================
SM 2115 1350 296 22 4.82 T 177.2 M 120
================================================================================
AV 68.2 43.5 5.7 FASTST M M 4 MAX(MPH)
MISC ----> 29 140 40 140
================================================================================
NOTES:
# LAST OF SEVERAL OCCURRENCES
COLUMN 17 PEAK WIND IN M.P.H.
PRELIMINARY LOCAL CLIMATOLOGICAL DATA (WS FORM: F-6) , PAGE 2
STATION: JACKSONVILLE/LITTLE ROCK AFB
MONTH: MARCH
YEAR: 2024
LATITUDE: 34 55 N
LONGITUDE: 92 9 W
[TEMPERATURE DATA] [PRECIPITATION DATA] SYMBOLS USED IN COLUMN 16
AVERAGE MONTHLY: 55.9 TOTAL FOR MONTH: 4.82 1 = FOG OR MIST
DPTR FM NORMAL: 2.4 DPTR FM NORMAL: M 2 = FOG REDUCING VISIBILITY
HIGHEST: 80 ON 4,13 GRTST 24HR 3.40 ON 14-14 TO 1/4 MILE OR LESS
LOWEST: 27 ON 19 3 = THUNDER
SNOW, ICE PELLETS, HAIL 4 = ICE PELLETS
TOTAL MONTH: T 5 = HAIL
GRTST 24HR T ON 14-14 6 = FREEZING RAIN OR DRIZZLE
GRTST DEPTH: 0 7 = DUSTSTORM OR SANDSTORM:
VSBY 1/2 MILE OR LESS
8 = SMOKE OR HAZE
[NO. OF DAYS WITH] [WEATHER - DAYS WITH] 9 = BLOWING SNOW
X = TORNADO
MAX 32 OR BELOW: 0 0.01 INCH OR MORE: 7
MAX 90 OR ABOVE: 0 0.10 INCH OR MORE: 4
MIN 32 OR BELOW: 3 0.50 INCH OR MORE: 2
MIN 0 OR BELOW: 0 1.00 INCH OR MORE: 1
[HDD (BASE 65) ]
TOTAL THIS MO. 296 CLEAR (SCALE 0-3) 13
DPTR FM NORMAL -76 PTCLDY (SCALE 4-7) 15
TOTAL FM JUL 1 2668 CLOUDY (SCALE 8-10) 3
DPTR FM NORMAL -313
[CDD (BASE 65) ]
TOTAL THIS MO. 22
DPTR FM NORMAL 7 [PRESSURE DATA]
TOTAL FM JAN 1 31 HIGHEST SLP M ON M
DPTR FM NORMAL 15 LOWEST SLP M ON M
[REMARKS]
#FINAL-03-24#