000
CXUS54 KLZK 202148
CF6LRF
PRELIMINARY LOCAL CLIMATOLOGICAL DATA (WS FORM: F-6)
STATION: JACKSONVILLE/LITTLE ROCK AFB
MONTH: JANUARY
YEAR: 2022
LATITUDE: 34 55 N
LONGITUDE: 92 9 W
TEMPERATURE IN F: :PCPN: SNOW: WIND :SUNSHINE: SKY :PK WND
================================================================================
1 2 3 4 5 6A 6B 7 8 9 10 11 12 13 14 15 16 17 18
12Z AVG MX 2MIN
DY MAX MIN AVG DEP HDD CDD WTR SNW DPTH SPD SPD DIR MIN PSBL S-S WX SPD DR
================================================================================
1 70 42 56 16 9 0 1.34 0.0 0 6.8 31 280 M M 8 13 40 270
2 43 25 34 -6 31 0 T T 0 9.5 15 330 M M 8 4 23 340
3 41 18 30 -10 35 0 0.00 0.0 0 2.1 7 350 M M 0 M M
4 47 20 34 -6 31 0 0.00 0.0 0 4.5 13 200 M M 0 18 200
5 58 30 44 4 21 0 0.00 0.0 0 3.1 9 10 M M 1 M M
6 42 25 34 -6 31 0 0.06 T 0 8.2 14 40 M M 8 46 20 20
7 35 20 28 -12 37 0 0.00 0.0 0 6.6 10 80 M M 1 M M
8 58 28 43 3 22 0 1.24 0.0 0 4.8 12 140 M M 10 13 20 260
9 61 37 49 9 16 0 1.62 0.0 0 7.7 15 20 M M 8 3 25 20
10 50 24 37 -3 28 0 0.00 0.0 0 4.1 9 290 M M 0 M M
11 55 25 40 0 25 0 0.00 0.0 0 M 8 120 M M M M M
12 62 27 45 5 20 0 0.00 0.0 0 7.9 12 210 M M 0 M M
13 68 33 51 11 14 0 0.00 0.0 0 5.7 14 310 M M 0 17 280
14 56 33 45 5 20 0 0.00 0.0 0 4.7 10 90 M M 5 1 M M
15 49 33 41 1 24 0 0.99 0.3 0 8.0 15 280 M M 10 21 360
16 47 32 40 0 25 0 0.10 T T 10.7 14 280 M M 3 21 300
17 52 26 39 -1 26 0 0.00 0.0 0 5.6 14 280 M M 0 18 310
18 64 26 45 5 20 0 0.00 0.0 0 4.8 13 190 M M 2 22 190
19 54 32 43 3 22 0 0.03 0.0 0 5.3 16 20 M M 9 1 30 360
20 33 19 26 -14 39 0 0.00 0.0 0 9.9 16 10 M M 4 25 10
21 33 15 24 -16 41 0 0.00 0.0 0 5.6 10 30 M M 1 M M
22 44 11 28 -12 37 0 0.00 0.0 0 1.3 5 280 M M 0 M M
23 61 20 41 1 24 0 0.00 0.0 0 4.2 14 290 M M 0 20 280
24 66 26 46 6 19 0 0.00 0.0 0 5.1 13 240 M M 1 18 270
25 46 27 37 -4 28 0 0.00 0.0 0 8.3 15 50 M M 2 21 50
26 38 23 31 -10 34 0 0.00 0.0 0 6.5 13 50 M M 1 M M
27 46 25 36 -5 29 0 0.00 0.0 0 3.3 9 310 M M 9 M M
28 49 23 36 -5 29 0 0.00 0.0 0 7.8 18 340 M M 3 33 330
29 51 15 33 -8 32 0 0.00 0.0 0 4.3 13 240 M M 0 M M
30 64 22 43 1 22 0 0.00 0.0 0 2.1 8 280 M M 0 M M
31 67 23 45 3 20 0 0.00 0.0 0 4.2 14 130 M M 2 M M
================================================================================
SM 1610 785 811 0 5.38 0.3 172.7 M 96
================================================================================
AV 51.9 25.3 5.8 FASTST M M 3 MAX(MPH)
MISC ----> 31 280 40 270
================================================================================
NOTES:
# LAST OF SEVERAL OCCURRENCES
COLUMN 17 PEAK WIND IN M.P.H.
PRELIMINARY LOCAL CLIMATOLOGICAL DATA (WS FORM: F-6) , PAGE 2
STATION: JACKSONVILLE/LITTLE ROCK AFB
MONTH: JANUARY
YEAR: 2022
LATITUDE: 34 55 N
LONGITUDE: 92 9 W
[TEMPERATURE DATA] [PRECIPITATION DATA] SYMBOLS USED IN COLUMN 16
AVERAGE MONTHLY: 38.6 TOTAL FOR MONTH: 5.38 1 = FOG OR MIST
DPTR FM NORMAL: -1.7 DPTR FM NORMAL: M 2 = FOG REDUCING VISIBILITY
HIGHEST: 70 ON 1 GRTST 24HR 1.62 ON 9- 9 TO 1/4 MILE OR LESS
LOWEST: 11 ON 22 3 = THUNDER
SNOW, ICE PELLETS, HAIL 4 = ICE PELLETS
TOTAL MONTH: 0.3 INCH 5 = HAIL
GRTST 24HR 0.3 ON 15-15 6 = FREEZING RAIN OR DRIZZLE
GRTST DEPTH: T 7 = DUSTSTORM OR SANDSTORM:
VSBY 1/2 MILE OR LESS
8 = SMOKE OR HAZE
[NO. OF DAYS WITH] [WEATHER - DAYS WITH] 9 = BLOWING SNOW
X = TORNADO
MAX 32 OR BELOW: 0 0.01 INCH OR MORE: 7
MAX 90 OR ABOVE: 0 0.10 INCH OR MORE: 5
MIN 32 OR BELOW: 26 0.50 INCH OR MORE: 4
MIN 0 OR BELOW: 0 1.00 INCH OR MORE: 3
[HDD (BASE 65) ]
TOTAL THIS MO. 811 CLEAR (SCALE 0-3) 20
DPTR FM NORMAL 25 PTCLDY (SCALE 4-7) 4
TOTAL FM JUL 1 1752 CLOUDY (SCALE 8-10) 7
DPTR FM NORMAL -295
[CDD (BASE 65) ]
TOTAL THIS MO. 0
DPTR FM NORMAL 0 [PRESSURE DATA]
TOTAL FM JAN 1 0 HIGHEST SLP M ON M
DPTR FM NORMAL 0 LOWEST SLP M ON M
[REMARKS]
#FINAL-01-22#