000
CXUS54 KEPZ 011130
CF6LRU
PRELIMINARY LOCAL CLIMATOLOGICAL DATA (WS FORM: F-6)
STATION: LAS CRUCES
MONTH: FEBRUARY
YEAR: 2023
LATITUDE: 32 17 N
LONGITUDE: 106 46 W
TEMPERATURE IN F: :PCPN: SNOW: WIND :SUNSHINE: SKY :PK WND
================================================================================
1 2 3 4 5 6A 6B 7 8 9 10 11 12 13 14 15 16 17 18
12Z AVG MX 2MIN
DY MAX MIN AVG DEP HDD CDD WTR SNW DPTH SPD SPD DIR MIN PSBL S-S WX SPD DR
================================================================================
1 58 30 44 M 21 0 0.00 M M 5.5 17 40 M M 1 16 350
2 61 32 47 M 18 0 0.00 M M 4.8 12 330 M M 0 18 350
3 63 26 45 M 20 0 0.00 M M 3.2 12 130 M M 0 16 150
4 69 30 50 M 15 0 0.00 M M 3.5 10 270 M M 0 M M
5 76 32 54 M 11 0 0.00 M M 5.2 14 260 M M 0 20 260
6 69 39 54 M 11 0 0.00 M M 12.4 23 280 M M 0 32 280
7 58 28 43 M 22 0 0.00 M M 6.9 14 260 M M 4 21 0
8 59 28 44 M 21 0 0.00 M M 9.1 16 260 M M 1 21 240
9 56 29 43 M 22 0 0.00 M M 12.8 25 20 M M 0 33 20
10 50 21 36 M 29 0 0.00 M M 3.6 7 230 M M 0 M M
11 61 21 41 M 24 0 0.00 M M 5.1 13 120 M M 0 16 120
12 68 34 51 M 14 0 0.00 M M 4.2 10 110 M M 4 16 80
13 66 39 53 M 12 0 0.00 M M 13.2 31 260 M M 4 38 250
14 58 37 48 M 17 0 0.00 M M 20.4 32 250 M M 2 41 250
15 46 36 41 M 24 0 T M M 17.6 33 280 M M 8 45 280
16 48 24 36 M 29 0 0.00 M M 7.8 13 340 M M 2 17 340
17 53 21 37 M 28 0 0.00 M M 5.8 13 120 M M 0 20 120
18 64 36 50 M 15 0 0.00 M M 4.4 12 250 M M 3 16 270
19 56 41 49 M 16 0 M M M 6.8 17 230 M M 7 23 230
20 67 50 59 M 6 0 T M M 10.7 17 230 M M 6 24 230
21 64 47 56 M 9 0 0.01 M M 13.7 28 270 M M 6 40 230
22 63 37 50 M 15 0 0.00 M M 22.0 41 240 M M 6 8 56 240
23 66 30 48 M 17 0 0.00 M M 8.4 24 220 M M 1 30 230
24 71 35 53 M 12 0 0.00 M M 5.7 13 230 M M 0 22 230
25 74 46 60 M 5 0 0.00 M M 3.7 7 150 M M 1 M M
26 70 40 55 M 10 0 0.00 M M 17.3 43 270 M M 2 8 63 270
27 65 27 46 M 19 0 0.00 M M 11.0 25 240 M M 0 29 250
28 72 36 54 M 11 0 0.00 M M 13.2 26 250 M M 0 35 250
================================================================================
SM 1751 932 473 0 0.01 M 258.1 M 58
================================================================================
AV 62.5 33.3 9.2 FASTST M M 2 MAX(MPH)
MISC ----> 43 270 63 270
================================================================================
NOTES:
# LAST OF SEVERAL OCCURRENCES
COLUMN 17 PEAK WIND IN M.P.H.
PRELIMINARY LOCAL CLIMATOLOGICAL DATA (WS FORM: F-6) , PAGE 2
STATION: LAS CRUCES
MONTH: FEBRUARY
YEAR: 2023
LATITUDE: 32 17 N
LONGITUDE: 106 46 W
[TEMPERATURE DATA] [PRECIPITATION DATA] SYMBOLS USED IN COLUMN 16
AVERAGE MONTHLY: 47.9 TOTAL FOR MONTH: 0.01 1 = FOG OR MIST
DPTR FM NORMAL: 0.0 DPTR FM NORMAL: 0.01 2 = FOG REDUCING VISIBILITY
HIGHEST: 76 ON 5 GRTST 24HR 0.01 ON 21-21 TO 1/4 MILE OR LESS
LOWEST: 21 ON 17,11 3 = THUNDER
SNOW, ICE PELLETS, HAIL 4 = ICE PELLETS
TOTAL MONTH: M 5 = HAIL
GRTST 24HR M ON M 6 = FREEZING RAIN OR DRIZZLE
GRTST DEPTH: M ON M 7 = DUSTSTORM OR SANDSTORM:
VSBY 1/2 MILE OR LESS
8 = SMOKE OR HAZE
[NO. OF DAYS WITH] [WEATHER - DAYS WITH] 9 = BLOWING SNOW
X = TORNADO
MAX 32 OR BELOW: 0 0.01 INCH OR MORE: 1
MAX 90 OR ABOVE: 0 0.10 INCH OR MORE: 0
MIN 32 OR BELOW: 14 0.50 INCH OR MORE: 0
MIN 0 OR BELOW: 0 1.00 INCH OR MORE: 0
[HDD (BASE 65) ]
TOTAL THIS MO. 473 CLEAR (SCALE 0-3) 19
DPTR FM NORMAL M PTCLDY (SCALE 4-7) 9
TOTAL FM JUL 1 2332 CLOUDY (SCALE 8-10) 0
DPTR FM NORMAL M
[CDD (BASE 65) ]
TOTAL THIS MO. 0
DPTR FM NORMAL M [PRESSURE DATA]
TOTAL FM JAN 1 0 HIGHEST SLP M ON M
DPTR FM NORMAL M LOWEST SLP M ON M
[REMARKS]
#FINAL-02-23#