000
CXUS53 KARX 020032
CLSLSE
MKECLMLSE 000
TTAA00 KARX 020017
CLIMATE REPORT
NATIONAL WEATHER SERVICE LA CROSSE WI
711 PM CDT TUE SEP 1 2020
...................................
...THE LA CROSSE WI CLIMATE SUMMARY FOR THE SEASON, FROM
6/1/2020 TO 8/31/2020...
CLIMATE NORMAL PERIOD 1981 TO 2010
CLIMATE RECORD PERIOD 1873 TO 2020
WEATHER OBSERVED NORMAL DEPART
VALUE DATE(S) VALUE FROM
NORMAL
................................................
TEMPERATURE (F)
RECORD
HIGH 108 07/13/1995
07/14/1936
LOW 33 06/01/1897
HIGHEST 97 08/26 MM MM
LOWEST 50 08/04 MM MM
06/14
AVG. MAXIMUM 85.9 81.9 4.0
AVG. MINIMUM 63.5 61.0 2.5
MEAN 74.7 71.5 3.2
DAYS MAX >= 90 28 11.9 16.1
DAYS MAX <= 32 0 0.0 0.0
DAYS MIN <= 32 0 0.0 0.0
DAYS MIN <= 0 0 0.0 0.0
PRECIPITATION (INCHES)
RECORD
MAXIMUM 20.93 2010
MINIMUM 7.45 2012
TOTALS 12.93 12.89 0.04
DAILY AVG. 0.14 0.14 0.00
DAYS >= .01 30 31.7 -1.7
DAYS >= .10 16 21.2 -5.2
DAYS >= .50 10 8.6 1.4
DAYS >= 1.00 3 3.2 -0.2
GREATEST
24 HR. TOTAL 1.98 MM
STORM TOTAL MM
(MM/DD(HH)) MM
SNOWFALL (INCHES)
RECORDS
TOTAL MM 5
24 HR TOTAL MM
TOTALS 0.0 0.0 0.0
LIQUID EQUIV 0.00 0.00 0.00
SINCE 7/1 0.0 0.0 0.0
LIQUID 7/1 0.00
DAYS >= TRACE 0 0.0 0.0
DAYS >= 1.0 0 0.0 0.0
GREATEST
SNOW DEPTH 0 MM
24 HR TOTAL 0.0 MM
STORM TOTAL MM
(MM/DD(HH)) MM
DEGREE_DAYS
HEATING TOTAL 5 57 -52
SINCE 7/1 2 20 -18
COOLING TOTAL 923 651 272
SINCE 1/1 977 700 277
FREEZE DATES
RECORD
EARLIEST MM
LATEST MM
EARLIEST MM
LATEST MM
.................................................
WIND (MPH)
AVERAGE WIND SPEED 7.6
HIGHEST WIND SPEED/DIRECTION 41/150 DATE 07/18
HIGHEST GUST SPEED/DIRECTION 58/290 DATE 08/14
SKY COVER
POSSIBLE SUNSHINE (PERCENT) MM
AVERAGE SKY COVER 0.20
NUMBER OF DAYS FAIR 67
NUMBER OF DAYS PC 23
NUMBER OF DAYS CLOUDY 2
AVERAGE RH (PERCENT) 65
WEATHER CONDITIONS. NUMBER OF DAYS WITH
THUNDERSTORM 27 MIXED PRECIP 0
HEAVY RAIN 16 RAIN 16
LIGHT RAIN 39 FREEZING RAIN 0
LT FREEZING RAIN 0 HAIL 0
HEAVY SNOW 0 SNOW 0
LIGHT SNOW 0 SLEET 0
FOG 25 FOG W/VIS <= 1/4 MILE 7
HAZE 3
- INDICATES NEGATIVE NUMBERS.
R INDICATES RECORD WAS SET OR TIED.
MM INDICATES DATA IS MISSING.
T INDICATES TRACE AMOUNT.
$$
BOYNE