000
CXUS54 KFWD 010730
CF6LUD
PRELIMINARY LOCAL CLIMATOLOGICAL DATA (WS FORM: F-6)
STATION: DECATUR
MONTH: SEPTEMBER
YEAR: 2020
LATITUDE: 33 15 N
LONGITUDE: 97 30 W
TEMPERATURE IN F: :PCPN: SNOW: WIND :SUNSHINE: SKY :PK WND
================================================================================
1 2 3 4 5 6A 6B 7 8 9 10 11 12 13 14 15 16 17 18
12Z AVG MX 2MIN
DY MAX MIN AVG DEP HDD CDD WTR SNW DPTH SPD SPD DIR MIN PSBL S-S WX SPD DR
================================================================================
1 84 71 78 -2 0 13 1.18 0.0 0 9.9 16 170 M M 6 1 20 170
2 81 71 76 -3 0 11 0.34 0.0 0 M M M M M 4 M M
3 86 71 79 0 0 14 0.00 0.0 0 M M M M M 4 M M
4 87 70 79 0 0 14 0.00 0.0 0 M M M M M 5 1 M M
5 90 70 80 2 0 15 0.00 0.0 0 M M M M M 1 1 M M
6 90 69 80 2 0 15 0.00 0.0 0 M M M M M 2 M M
7 93 74 84 6 0 19 0.00 0.0 0 M M M M M 0 M M
8 89 75 82 5 0 17 0.00 0.0 0 M M M M M 0 M M
9 75 52 64 -13 1 0 1.30 0.0 0 M M M M M 9 1 M M
10 66 52 59 -18 6 0 0.00 0.0 0 M M M M M 10 1 M M
11 74 59 67 -9 0 2 0.00 0.0 0 M M M M M 7 M M
12 82 64 73 -3 0 8 0.00 0.0 0 M M M M M 1 M M
13 83 68 76 0 0 11 0.00 0.0 0 M M M M M 1 M M
14 84 65 75 0 0 10 0.00 0.0 0 M M M M M 2 M M
15 84 69 77 2 0 12 0.00 0.0 0 M M M M M 4 M M
16 86 69 78 4 0 13 0.00 0.0 0 M M M M M 4 M M
17 86 69 78 4 0 13 0.00 0.0 0 M M M M M 2 M M
18 83 65 74 0 0 9 0.00 0.0 0 M M M M M 1 8 M M
19 78 60 69 -4 0 4 0.00 0.0 0 M M M M M 0 18 M M
20 79 56 68 -5 0 3 0.00 0.0 0 M M M M M 0 1 M M
21 81 62 72 0 0 7 0.00 0.0 0 M M M M M 4 1 M M
22 70 64 67 -5 0 2 0.04 0.0 0 M M M M M 10 1 M M
23 71 64 68 -4 0 3 0.00 0.0 0 M M M M M 10 1 M M
24 81 64 73 2 0 8 0.00 0.0 0 M M M M M 5 M M
25 83 60 72 1 0 7 0.00 0.0 0 M M M M M 0 M M
26 88 63 76 6 0 11 0.00 0.0 0 M M M M M 0 M M
27 90 62 76 6 0 11 0.00 0.0 0 M M M M M 6 M M
28 75 57 66 -4 0 1 0.00 0.0 0 M M M M M 2 M M
29 80 48 64 -5 1 0 0.00 0.0 0 M M M M M 0 M M
30 91 60 76 7 0 11 0.00 0.0 0 M M M M M 0 M M
================================================================================
SM 2470 1923 8 264 2.86 0.0 9.9 M 100
================================================================================
AV 82.3 64.1 9.9 FASTST M M 3 MAX(MPH)
MISC ----> # 16 170 # 20 170
================================================================================
NOTES:
# LAST OF SEVERAL OCCURRENCES
COLUMN 17 PEAK WIND IN M.P.H.
PRELIMINARY LOCAL CLIMATOLOGICAL DATA (WS FORM: F-6) , PAGE 2
STATION: DECATUR
MONTH: SEPTEMBER
YEAR: 2020
LATITUDE: 33 15 N
LONGITUDE: 97 30 W
[TEMPERATURE DATA] [PRECIPITATION DATA] SYMBOLS USED IN COLUMN 16
AVERAGE MONTHLY: 73.2 TOTAL FOR MONTH: 2.86 1 = FOG OR MIST
DPTR FM NORMAL: -1.3 DPTR FM NORMAL: -0.78 2 = FOG REDUCING VISIBILITY
HIGHEST: 93 ON 7 GRTST 24HR 1.30 ON 9- 9 TO 1/4 MILE OR LESS
LOWEST: 48 ON 29 3 = THUNDER
SNOW, ICE PELLETS, HAIL 4 = ICE PELLETS
TOTAL MONTH: 0.0 INCH 5 = HAIL
GRTST 24HR 0.0 6 = FREEZING RAIN OR DRIZZLE
GRTST DEPTH: 0 7 = DUSTSTORM OR SANDSTORM:
VSBY 1/2 MILE OR LESS
8 = SMOKE OR HAZE
[NO. OF DAYS WITH] [WEATHER - DAYS WITH] 9 = BLOWING SNOW
X = TORNADO
MAX 32 OR BELOW: 0 0.01 INCH OR MORE: 4
MAX 90 OR ABOVE: 5 0.10 INCH OR MORE: 3
MIN 32 OR BELOW: 0 0.50 INCH OR MORE: 2
MIN 0 OR BELOW: 0 1.00 INCH OR MORE: 2
[HDD (BASE 65) ]
TOTAL THIS MO. 8 CLEAR (SCALE 0-3) 16
DPTR FM NORMAL -4 PTCLDY (SCALE 4-7) 10
TOTAL FM JUL 1 8 CLOUDY (SCALE 8-10) 4
DPTR FM NORMAL -4
[CDD (BASE 65) ]
TOTAL THIS MO. 264
DPTR FM NORMAL -32 [PRESSURE DATA]
TOTAL FM JAN 1 2326 HIGHEST SLP M ON M
DPTR FM NORMAL 320 LOWEST SLP M ON M
[REMARKS]
#FINAL-09-20#