000
CXUS54 KHGX 011535
CF6LVJ
PRELIMINARY LOCAL CLIMATOLOGICAL DATA (WS FORM: F-6)
STATION: HOUSTON/CLOVER_FIELD
MONTH: FEBRUARY
YEAR: 2022
LATITUDE: 29 31 N
LONGITUDE: 95 14 W
TEMPERATURE IN F: :PCPN: SNOW: WIND :SUNSHINE: SKY :PK WND
================================================================================
1 2 3 4 5 6A 6B 7 8 9 10 11 12 13 14 15 16 17 18
12Z AVG MX 2MIN
DY MAX MIN AVG DEP HDD CDD WTR SNW DPTH SPD SPD DIR MIN PSBL S-S WX SPD DR
================================================================================
1 68 56 62 5 3 0 0.02 0.0 0 5.9 17 110 M M 9 18 26 120
2 69 51 60 3 5 0 T 0.0 0 5.5 18 300 M M 10 12 26 280
3 54 32 43 -14 22 0 0.55 0.0 0 15.0 22 340 M M 10 13 39 350
4 36 28 32 -25 33 0 0.00 0.0 0 14.1 22 330 M M 10 38 350
5 52 28 40 -18 25 0 0.00 0.0 0 4.6 15 360 M M 1 21 350
6 57 29 43 -15 22 0 0.00 0.0 0 3.3 12 90 M M 4 20 60
7 64 45 55 -3 10 0 0.00 0.0 0 6.2 16 360 M M 0 18 22 350
8 64 34 49 -9 16 0 0.00 0.0 0 2.2 12 160 M M 0 16 30
9 70 36 53 -5 12 0 0.00 0.0 0 2.6 12 300 M M 0 8 18 270
10 72 38 55 -3 10 0 0.00 0.0 0 2.7 13 170 M M 1 18 17 140
11 73 40 57 -1 8 0 0.00 0.0 0 4.2 17 150 M M 2 12 23 150
12 66 41 54 -5 11 0 0.00 0.0 0 10.9 29 360 M M 8 128 55 350
13 M M M M M M 0.00 0.0 0 6.4 15 350 M M 0 21 360
14 M M M M M M 0.00 0.0 0 4.3 13 140 M M 0 8 19 170
15 M 61 M M M M T 0.0 0 9.4 21 140 M M 6 8 29 140
16 77 62 70 10 0 5 0.01 0.0 0 13.2 29 170 M M 8 1 39 160
17 81 44 63 3 2 0 0.14 0.0 0 13.1 24 340 M M 5 1 38 350
18 58 37 48 -12 17 0 0.00 0.0 0 9.7 22 340 M M 0 35 350
19 65 41 53 -7 12 0 0.00 0.0 0 5.1 14 80 M M 0 19 110
20 66 44 55 -5 10 0 T 0.0 0 5.0 14 120 M M 9 1 17 140
21 81 61 71 11 0 6 T 0.0 0 13.8 24 180 M M 8 1 37 180
22 79 67 73 12 0 8 T 0.0 0 8.6 20 190 M M 10 18 32 160
23 70 40 55 -6 10 0 0.01 0.0 0 9.7 17 360 M M 10 18 23 340
24 53 40 47 -14 18 0 T 0.0 0 9.2 17 360 M M 10 18 26 330
25 45 39 42 -19 23 0 0.05 0.0 0 12.0 20 20 M M 10 1 30 350
26 43 41 42 -19 23 0 0.01 0.0 0 9.3 16 20 M M 10 1 21 20
27 60 40 50 -12 15 0 0.00 0.0 0 10.8 18 330 M M 6 1 31 360
28 66 32 49 -13 16 0 0.00 0.0 0 3.1 13 20 M M 0 18 20
================================================================================
SM 1589 1107 323 19 0.79 0.0 219.9 M 147
================================================================================
AV 63.6 42.6 7.9 FASTST M M 5 MAX(MPH)
MISC ----> # 29 360 55 350
================================================================================
NOTES:
# LAST OF SEVERAL OCCURRENCES
COLUMN 17 PEAK WIND IN M.P.H.
PRELIMINARY LOCAL CLIMATOLOGICAL DATA (WS FORM: F-6) , PAGE 2
STATION: HOUSTON/CLOVER_FIELD
MONTH: FEBRUARY
YEAR: 2022
LATITUDE: 29 31 N
LONGITUDE: 95 14 W
[TEMPERATURE DATA] [PRECIPITATION DATA] SYMBOLS USED IN COLUMN 16
AVERAGE MONTHLY: 53.1 TOTAL FOR MONTH: 0.79 1 = FOG OR MIST
DPTR FM NORMAL: -6.1 DPTR FM NORMAL: -2.15 2 = FOG REDUCING VISIBILITY
HIGHEST: 81 ON 21,17 GRTST 24HR 0.85 ON 31- 1 TO 1/4 MILE OR LESS
LOWEST: 28 ON 5, 4 3 = THUNDER
SNOW, ICE PELLETS, HAIL 4 = ICE PELLETS
TOTAL MONTH: 0.0 INCH 5 = HAIL
GRTST 24HR 0.0 6 = FREEZING RAIN OR DRIZZLE
GRTST DEPTH: 0 7 = DUSTSTORM OR SANDSTORM:
VSBY 1/2 MILE OR LESS
8 = SMOKE OR HAZE
[NO. OF DAYS WITH] [WEATHER - DAYS WITH] 9 = BLOWING SNOW
X = TORNADO
MAX 32 OR BELOW: 0 0.01 INCH OR MORE: 7
MAX 90 OR ABOVE: 0 0.10 INCH OR MORE: 2
MIN 32 OR BELOW: 5 0.50 INCH OR MORE: 1
MIN 0 OR BELOW: 0 1.00 INCH OR MORE: 0
[HDD (BASE 65) ]
TOTAL THIS MO. 323 CLEAR (SCALE 0-3) 11
DPTR FM NORMAL 122 PTCLDY (SCALE 4-7) 7
TOTAL FM JUL 1 855 CLOUDY (SCALE 8-10) 10
DPTR FM NORMAL -89
[CDD (BASE 65) ]
TOTAL THIS MO. 19
DPTR FM NORMAL -20 [PRESSURE DATA]
TOTAL FM JAN 1 37 HIGHEST SLP 30.64 ON 4
DPTR FM NORMAL -21 LOWEST SLP 29.78 ON 2
[REMARKS]
#FINAL-02-22#