000
CXUS53 KTOP 010910
CF6LWC
PRELIMINARY LOCAL CLIMATOLOGICAL DATA (WS FORM: F-6)
STATION: LAWRENCE KS
MONTH: FEBRUARY
YEAR: 2023
LATITUDE: 39 0 N
LONGITUDE: 95 13 W
TEMPERATURE IN F: :PCPN: SNOW: WIND :SUNSHINE: SKY :PK WND
================================================================================
1 2 3 4 5 6A 6B 7 8 9 10 11 12 13 14 15 16 17 18
12Z AVG MX 2MIN
DY MAX MIN AVG DEP HDD CDD WTR SNW DPTH SPD SPD DIR MIN PSBL S-S WX SPD DR
================================================================================
1 42 5 24 -6 41 0 0.00 M M 5.2 15 200 M M 0 8 20 200
2 54 12 33 2 32 0 0.00 M M 8.5 24 340 M M 0 8 33 340
3 37 8 23 -8 42 0 0.00 M M 6.9 16 160 M M 0 22 150
4 55 28 42 11 23 0 0.00 M M 9.8 24 210 M M 0 34 220
5 65 24 45 14 20 0 0.00 M M 5.4 13 310 M M 0 16 290
6 70 26 48 16 17 0 0.00 M M 14.3 35 190 M M 0 49 180
7 55 20 38 6 27 0 0.00 M M 6.5 14 330 M M 0 19 330
8 46 15 31 -1 34 0 0.31 M M 5.9 18 360 M M 5 1 25 350
9 45 33 39 7 26 0 0.77 M M 13.4 25 340 M M 9 1 31 330
10 41 17 29 -4 36 0 0.00 M M 7.8 20 330 M M 2 26 340
11 50 12 31 -2 34 0 0.00 M M 3.4 10 160 M M 0 15 150
12 63 22 43 10 22 0 0.00 M M 8.5 18 200 M M 0 24 220
13 61 23 42 8 23 0 0.00 M M 6.8 14 160 M M 0 18 180
14 57 43 50 16 15 0 0.41 M M 13.3 33 220 M M 7 3 47 200
15 43 32 38 4 27 0 T M M 12.5 24 290 M M 10 34 250
16 32 14 23 -12 42 0 0.03 M M 12.7 23 330 M M 8 136 29 350
17 48 10 29 -6 36 0 0.00 M M 7.4 16 220 M M 0 23 250
18 57 30 44 9 21 0 0.00 M M 13.8 31 210 M M 1 42 210
19 59 27 43 7 22 0 0.02 M M 4.6 20 200 M M 1 29 200
20 65 23 44 8 21 0 0.00 M M 4.4 16 310 M M 1 12 23 280
21 63 26 45 9 20 0 0.00 M M 10.2 22 140 M M 0 30 140
22 65 30 48 11 17 0 0.10 M M 13.9 31 160 M M 6 1 41 160
23 31 15 23 -14 42 0 0.00 M M 13.5 25 290 M M 2 34 280
24 31 12 22 -16 43 0 0.02 M M 6.9 15 80 M M 5 16 20 70
25 50 15 33 -5 32 0 0.00 M M 4.7 14 160 M M 1 17 210
26 62 26 44 6 21 0 0.22 M M 9.3 21 170 M M 8 1238 28 160
27 69 41 55 16 10 0 0.12 M M 17.6 35 220 M M 4 13 56 220
28 68 30 49 10 16 0 0.00 M M 7.6 18 100 M M 0 8 26 90
================================================================================
SM 1484 619 762 0 2.00 M 254.8 M 70
================================================================================
AV 53.0 22.1 9.1 FASTST M M 3 MAX(MPH)
MISC ----> # 35 190 56 220
================================================================================
NOTES:
# LAST OF SEVERAL OCCURRENCES
COLUMN 17 PEAK WIND IN M.P.H.
PRELIMINARY LOCAL CLIMATOLOGICAL DATA (WS FORM: F-6) , PAGE 2
STATION: LAWRENCE KS
MONTH: FEBRUARY
YEAR: 2023
LATITUDE: 39 0 N
LONGITUDE: 95 13 W
[TEMPERATURE DATA] [PRECIPITATION DATA] SYMBOLS USED IN COLUMN 16
AVERAGE MONTHLY: 37.6 TOTAL FOR MONTH: 2.00 1 = FOG OR MIST
DPTR FM NORMAL: 3.3 DPTR FM NORMAL: 0.70 2 = FOG REDUCING VISIBILITY
HIGHEST: 70 ON 6 GRTST 24HR 0.77 ON 9- 9 TO 1/4 MILE OR LESS
LOWEST: 5 ON 1 3 = THUNDER
SNOW, ICE PELLETS, HAIL 4 = ICE PELLETS
TOTAL MONTH: M 5 = HAIL
GRTST 24HR M ON M 6 = FREEZING RAIN OR DRIZZLE
GRTST DEPTH: M ON M 7 = DUSTSTORM OR SANDSTORM:
VSBY 1/2 MILE OR LESS
8 = SMOKE OR HAZE
[NO. OF DAYS WITH] [WEATHER - DAYS WITH] 9 = BLOWING SNOW
X = TORNADO
MAX 32 OR BELOW: 3 0.01 INCH OR MORE: 9
MAX 90 OR ABOVE: 0 0.10 INCH OR MORE: 6
MIN 32 OR BELOW: 25 0.50 INCH OR MORE: 1
MIN 0 OR BELOW: 0 1.00 INCH OR MORE: 0
[HDD (BASE 65) ]
TOTAL THIS MO. 762 CLEAR (SCALE 0-3) 19
DPTR FM NORMAL -96 PTCLDY (SCALE 4-7) 6
TOTAL FM JUL 1 3789 CLOUDY (SCALE 8-10) 3
DPTR FM NORMAL -155
[CDD (BASE 65) ]
TOTAL THIS MO. 0
DPTR FM NORMAL 0 [PRESSURE DATA]
TOTAL FM JAN 1 0 HIGHEST SLP 30.68 ON 3
DPTR FM NORMAL 0 LOWEST SLP 29.00 ON 27
[REMARKS]
#FINAL-02-23#