000
CXUS53 KDMX 010810
CF6LWD
PRELIMINARY LOCAL CLIMATOLOGICAL DATA (WS FORM: F-6)
STATION: LAMONI IA
MONTH: AUGUST
YEAR: 2023
LATITUDE: 40 37 N
LONGITUDE: 93 56 W
TEMPERATURE IN F: :PCPN: SNOW: WIND :SUNSHINE: SKY :PK WND
================================================================================
1 2 3 4 5 6A 6B 7 8 9 10 11 12 13 14 15 16 17 18
12Z AVG MX 2MIN
DY MAX MIN AVG DEP HDD CDD WTR SNW DPTH SPD SPD DIR MIN PSBL S-S WX SPD DR
================================================================================
1 83 68 76 0 0 11 0.14 0.0 0 6.0 12 140 M M 7 13 18 150
2 78 69 74 -2 0 9 2.06 0.0 0 7.1 22 180 M M 8 13 32 50
3 79 70 75 -1 0 10 T 0.0 0 3.5 12 40 M M 7 12 17 40
4 79 68 74 -2 0 9 1.92 0.0 0 5.7 16 80 M M 8 13 24 100
5 83 69 76 1 0 11 0.00 0.0 0 5.3 9 20 M M 4 1 14 30
6 74 66 70 -5 0 5 0.77 0.0 0 10.2 26 350 M M 7 13 36 340
7 79 63 71 -4 0 6 0.02 0.0 0 8.4 16 300 M M 6 1 23 30
8 82 64 73 -2 0 8 0.02 0.0 0 3.8 14 220 M M 3 1 18 220
9 77 67 72 -3 0 7 0.15 0.0 0 6.6 16 250 M M 3 13 27 150
10 83 61 72 -3 0 7 0.00 0.0 0 6.1 10 190 M M 0 15 180
11 88 70 79 4 0 14 0.06 0.0 0 6.4 22 190 M M 3 13 31 180
12 86 68 77 2 0 12 0.00 0.0 0 4.3 15 360 M M 0 3 21 1
13 73 64 69 -6 0 4 0.44 0.0 0 5.2 17 140 M M M 26 140
14 70 60 65 -9 0 0 0.01 0.0 0 12.7 24 300 M M 7 1 35 310
15 77 57 67 -7 0 2 0.00 0.0 0 6.8 14 10 M M 3 21 360
16 81 57 69 -5 0 4 0.00 0.0 0 11.1 17 180 M M 0 27 190
17 78 59 69 -5 0 4 0.00 0.0 0 9.8 22 320 M M 0 30 330
18 79 55 67 -7 0 2 0.00 0.0 0 6.9 14 150 M M 0 21 170
19 92 64 78 4 0 13 0.00 0.0 0 8.1 16 190 M M 0 25 170
20 94 73 84 11 0 19 0.00 0.0 0 4.8 13 10 M M 4 12 19 20
21 92 74 83 10 0 18 0.00 0.0 0 3.3 9 150 M M 4 12 15 130
22 92 74 83 10 0 18 0.00 0.0 0 6.0 10 180 M M 2 12 17 170
23 93 78 86 13 0 21 0.00 0.0 0 9.9 17 220 M M 0 1 24 230
24 94 77 86 13 0 21 0.00 0.0 0 9.8 17 230 M M 0 22 220
25 97 74 86 14 0 21 T 0.0 0 5.0 13 20 M M 1 13 19 10
26 84 65 75 3 0 10 0.22 0.0 0 9.0 16 10 M M 5 13 26 250
27 79 60 70 -2 0 5 0.00 0.0 0 4.8 13 350 M M 3 1 17 60
28 81 57 69 -3 0 4 0.00 0.0 0 3.2 9 190 M M 1 13 190
29 85 63 74 2 0 9 0.00 0.0 0 8.5 16 340 M M 1 24 360
30 82 58 70 -1 0 5 0.00 0.0 0 3.5 8 120 M M 1 18 14 80
31 78 58 68 -3 0 3 0.00 0.0 0 6.9 13 140 M M M 19 150
================================================================================
SM 2572 2030 0 292 5.81 0.0 208.7 M 88
================================================================================
AV 83.0 65.5 6.7 FASTST M M 3 MAX(MPH)
MISC ----> 26 350 36 340
================================================================================
NOTES:
# LAST OF SEVERAL OCCURRENCES
COLUMN 17 PEAK WIND IN M.P.H.
PRELIMINARY LOCAL CLIMATOLOGICAL DATA (WS FORM: F-6) , PAGE 2
STATION: LAMONI IA
MONTH: AUGUST
YEAR: 2023
LATITUDE: 40 37 N
LONGITUDE: 93 56 W
[TEMPERATURE DATA] [PRECIPITATION DATA] SYMBOLS USED IN COLUMN 16
AVERAGE MONTHLY: 74.2 TOTAL FOR MONTH: 5.81 1 = FOG OR MIST
DPTR FM NORMAL: 0.3 DPTR FM NORMAL: 1.43 2 = FOG REDUCING VISIBILITY
HIGHEST: 97 ON 25 GRTST 24HR 2.20 ON 1- 2 TO 1/4 MILE OR LESS
LOWEST: 55 ON 18 3 = THUNDER
SNOW, ICE PELLETS, HAIL 4 = ICE PELLETS
TOTAL MONTH: 0.0 INCH 5 = HAIL
GRTST 24HR 0.0 6 = FREEZING RAIN OR DRIZZLE
GRTST DEPTH: 0 7 = DUSTSTORM OR SANDSTORM:
VSBY 1/2 MILE OR LESS
8 = SMOKE OR HAZE
[NO. OF DAYS WITH] [WEATHER - DAYS WITH] 9 = BLOWING SNOW
X = TORNADO
MAX 32 OR BELOW: 0 0.01 INCH OR MORE: 11
MAX 90 OR ABOVE: 7 0.10 INCH OR MORE: 7
MIN 32 OR BELOW: 0 0.50 INCH OR MORE: 3
MIN 0 OR BELOW: 0 1.00 INCH OR MORE: 2
[HDD (BASE 65) ]
TOTAL THIS MO. 0 CLEAR (SCALE 0-3) 16
DPTR FM NORMAL -4 PTCLDY (SCALE 4-7) 12
TOTAL FM JUL 1 1 CLOUDY (SCALE 8-10) 3
DPTR FM NORMAL -1
[CDD (BASE 65) ]
TOTAL THIS MO. 292
DPTR FM NORMAL 13 [PRESSURE DATA]
TOTAL FM JAN 1 948 HIGHEST SLP M ON M
DPTR FM NORMAL 38 LOWEST SLP 29.71 ON 11
[REMARKS]
#FINAL-08-23#