375
CXUS51 KRNK 010720
CF6LYH
PRELIMINARY LOCAL CLIMATOLOGICAL DATA (WS FORM: F-6)
STATION: LYNCHBURG VA
MONTH: SEPTEMBER
YEAR: 2020
LATITUDE: 37 19 N
LONGITUDE: 79 12 W
TEMPERATURE IN F: :PCPN: SNOW: WIND :SUNSHINE: SKY :PK WND
================================================================================
1 2 3 4 5 6A 6B 7 8 9 10 11 12 13 14 15 16 17 18
12Z AVG MX 2MIN
DY MAX MIN AVG DEP HDD CDD WTR SNW DPTH SPD SPD DIR MIN PSBL S-S WX SPD DR
================================================================================
1 80 66 73 1 0 8 T 0.0 0 3.2 12 20 M M 10 1 15 30
2 90 72 81 9 0 16 0.59 0.0 0 4.6 17 180 M M 6 123 22 310
3 92 71 82 11 0 17 0.00 0.0 0 4.8 14 200 M M 4 12 19 210
4 89 70 80 9 0 15 T 0.0 0 4.9 12 200 M M 1 17 260
5 80 59 70 -1 0 5 0.00 0.0 0 2.5 10 50 M M 0 16 40
6 84 54 69 -1 0 4 0.00 0.0 0 1.1 7 170 M M 0 1 11 210
7 84 57 71 1 0 6 0.00 0.0 0 1.3 8 140 M M 0 1 11 200
8 84 57 71 1 0 6 0.00 0.0 0 3.2 10 100 M M 0 1 15 50
9 79 71 75 5 0 10 0.12 0.0 0 7.9 16 50 M M 9 1 20 50
10 88 72 80 11 0 15 T 0.0 0 3.2 10 40 M M 7 14 30
11 86 70 78 9 0 13 0.00 0.0 0 5.9 17 40 M M 4 1 23 40
12 77 69 73 5 0 8 T 0.0 0 6.4 13 40 M M 10 1 16 40
13 83 62 73 5 0 8 0.00 0.0 0 1.5 9 190 M M 2 13 200
14 83 64 74 6 0 9 0.00 0.0 0 4.2 15 40 M M 4 1 18 40
15 70 49 60 -7 5 0 0.00 0.0 0 5.8 16 40 M M 3 21 40
16 72 48 60 -7 5 0 0.00 0.0 0 1.2 7 200 M M 4 1 9 80
17 67 61 64 -3 1 0 3.37 0.0 0 6.2 14 30 M M 10 1 20 20
18 77 63 70 4 0 5 T 0.0 0 8.5 16 30 M M 8 1 25 80
19 63 45 54 -12 11 0 0.00 0.0 0 8.1 22 40 M M 2 29 40
20 67 43 55 -10 10 0 0.00 0.0 0 6.2 18 50 M M 0 27 50
21 72 44 58 -7 7 0 0.00 0.0 0 5.6 17 50 M M 0 22 50
22 72 39 56 -9 9 0 0.00 0.0 0 1.6 8 200 M M 0 1 11 220
23 76 48 62 -2 3 0 0.00 0.0 0 0.9 8 200 M M 0 13 240
24 70 56 63 -1 2 0 T 0.0 0 2.3 12 200 M M 6 15 220
25 64 58 61 -2 4 0 1.60 0.0 0 4.0 18 100 M M 9 1 26 100
26 74 57 66 3 0 1 0.10 0.0 0 2.0 9 20 M M 8 12 12 30
27 79 54 67 4 0 2 0.00 0.0 0 2.9 10 180 M M 4 12 13 180
28 82 61 72 10 0 7 0.01 0.0 0 7.8 18 190 M M 6 12 22 190
29 79 57 68 6 0 3 0.69 0.0 0 6.3 16 190 M M 10 1 20 280
30 71 49 60 -2 5 0 0.00 0.0 0 4.9 13 200 M M 1 19 220
================================================================================
SM 2334 1746 62 158 6.48 0.0 129.0 M 128
================================================================================
AV 77.8 58.2 4.3 FASTST M M 4 MAX(MPH)
MISC ----> 22 40 29 40
================================================================================
NOTES:
# LAST OF SEVERAL OCCURRENCES
COLUMN 17 PEAK WIND IN M.P.H.
PRELIMINARY LOCAL CLIMATOLOGICAL DATA (WS FORM: F-6) , PAGE 2
STATION: LYNCHBURG VA
MONTH: SEPTEMBER
YEAR: 2020
LATITUDE: 37 19 N
LONGITUDE: 79 12 W
[TEMPERATURE DATA] [PRECIPITATION DATA] SYMBOLS USED IN COLUMN 16
AVERAGE MONTHLY: 68.0 TOTAL FOR MONTH: 6.48 1 = FOG OR MIST
DPTR FM NORMAL: 1.0 DPTR FM NORMAL: 2.60 2 = FOG REDUCING VISIBILITY
HIGHEST: 92 ON 3 GRTST 24HR 3.37 ON 17-17 TO 1/4 MILE OR LESS
LOWEST: 39 ON 22 3 = THUNDER
SNOW, ICE PELLETS, HAIL 4 = ICE PELLETS
TOTAL MONTH: 0.0 INCH 5 = HAIL
GRTST 24HR 0.0 6 = FREEZING RAIN OR DRIZZLE
GRTST DEPTH: 0 7 = DUSTSTORM OR SANDSTORM:
VSBY 1/2 MILE OR LESS
8 = SMOKE OR HAZE
[NO. OF DAYS WITH] [WEATHER - DAYS WITH] 9 = BLOWING SNOW
X = TORNADO
MAX 32 OR BELOW: 0 0.01 INCH OR MORE: 7
MAX 90 OR ABOVE: 2 0.10 INCH OR MORE: 6
MIN 32 OR BELOW: 0 0.50 INCH OR MORE: 4
MIN 0 OR BELOW: 0 1.00 INCH OR MORE: 2
[HDD (BASE 65) ]
TOTAL THIS MO. 62 CLEAR (SCALE 0-3) 13
DPTR FM NORMAL 4 PTCLDY (SCALE 4-7) 10
TOTAL FM JUL 1 62 CLOUDY (SCALE 8-10) 7
DPTR FM NORMAL 4
[CDD (BASE 65) ]
TOTAL THIS MO. 158
DPTR FM NORMAL 40 [PRESSURE DATA]
TOTAL FM JAN 1 1467 HIGHEST SLP 30.55 ON 21
DPTR FM NORMAL 451 LOWEST SLP 29.66 ON 29
[REMARKS]
#FINAL-09-20#